{"id":1743,"date":"2025-06-28T11:51:47","date_gmt":"2025-06-28T09:51:47","guid":{"rendered":"https:\/\/uj.adatbank.ro\/lexikon\/termek\/albisi-wass-gabor-albisi-vass-gabor-albisi-wass-gabriel\/"},"modified":"2025-06-28T11:51:47","modified_gmt":"2025-06-28T09:51:47","slug":"albisi-wass-gabor-albisi-vass-gabor-albisi-wass-gabriel","status":"publish","type":"product","link":"https:\/\/uj.adatbank.ro\/lexikon\/termek\/albisi-wass-gabor-albisi-vass-gabor-albisi-wass-gabriel\/","title":{"rendered":"ALBISI WASS G\u00e1bor, albisi, Vass G\u00e1bor, Albisi Wass Gabriel"},"content":{"rendered":"<p>K\u00e9zdialbis, 1700 k., \u2020\u00a01765 ut\u00e1n: ref. lelk\u00e9sz, esperes. \u2013 Nagyenyedi tanul\u00e1s\u00e1nak befejezt\u00e9vel (1723. \u00e1pr.) rektor lett Nagyb\u00e1ny\u00e1n, ahonnan k\u00e9t \u00e9v m\u00falva k\u00fclf\u00f6ldre ment s a franekeri (1725. okt.), majd pedig az oderafrankfurti (1726. aug.) egyetemre iratkozott be. Haz\u00e1j\u00e1ba visszat\u00e9rve Mv.-en seg\u00e9dlelk\u00e9sz Bonyhai Simon Gy\u00f6rgy k\u00e1pl\u00e1nja (1730). Azut\u00e1n berekereszt\u00fari (1731) a k\u00f6vetkez\u0151 \u00e9vt\u0151l kezdve pedig zabolai, d\u00e1lnoki, k\u00e9zdiv\u00e1s\u00e1rhelyi, m\u00e1rkosfalvi paps\u00e1got viselt s huzamosabb id\u0151n kereszt\u00fcl esperese volt a k\u00e9zdi egyh\u00e1zmegy\u00e9nek. \u2013 <strong>F. m.:<\/strong> De non confundendis fossione aurium divinitus facta cum perforatione auris herili. (Francofurti ad Viadrum, 1727.); Cs\u00fazi Cseh J\u00e1nos, Huszti Andr\u00e1s \u00e9s Gy\u00f6ngy\u00f6si P\u00e1l \u00fcdv\u00f6zl\u0151 vers\u00e9vel. \u00dcdv\u00f6zl\u0151 verseket \u00edrt M\u00e1di J\u00e1noshoz (1728. \u00e9s 1729). <br \/><strong>Irod.:<\/strong> Farcz\u00e1dy; Id\u0151t\u00e1r 1; Marossz\u00e9ki kr\u00f3nik\u00e1k 1.; RMK III\/18.sz.; Zov\u00e1nyi<\/br><\/p>\n","protected":false},"excerpt":{"rendered":"<p>K\u00e9zdialbis, 1700 k., \u2020\u00a01765 ut\u00e1n: ref. lelk\u00e9sz, esperes. \u2013 Nagyenyedi tanul\u00e1s\u00e1nak befejezt\u00e9vel (1723. \u00e1pr.) rektor lett Nagyb\u00e1ny\u00e1n, ahonnan k\u00e9t \u00e9v m\u00falva k\u00fclf\u00f6ldre ment s a franekeri (1725. okt.), majd pedig az oderafrankfurti (1726. aug.) egyetemre iratkozott be. Haz\u00e1j\u00e1ba visszat\u00e9rve Mv.-en seg\u00e9dlelk\u00e9sz Bonyhai Simon Gy\u00f6rgy k\u00e1pl\u00e1nja (1730). Azut\u00e1n berekereszt\u00fari (1731) a k\u00f6vetkez\u0151 \u00e9vt\u0151l kezdve pedig zabolai, [&hellip;]<\/p>\n","protected":false},"featured_media":0,"comment_status":"open","ping_status":"closed","template":"","meta":[],"product_brand":[],"product_cat":[137],"product_tag":[],"class_list":{"0":"post-1743","1":"product","2":"type-product","3":"status-publish","5":"product_cat-maros-megyei-eletrajzi-lexikon","7":"first","8":"instock","9":"shipping-taxable","10":"product-type-simple"},"_links":{"self":[{"href":"https:\/\/uj.adatbank.ro\/lexikon\/wp-json\/wp\/v2\/product\/1743","targetHints":{"allow":["GET"]}}],"collection":[{"href":"https:\/\/uj.adatbank.ro\/lexikon\/wp-json\/wp\/v2\/product"}],"about":[{"href":"https:\/\/uj.adatbank.ro\/lexikon\/wp-json\/wp\/v2\/types\/product"}],"replies":[{"embeddable":true,"href":"https:\/\/uj.adatbank.ro\/lexikon\/wp-json\/wp\/v2\/comments?post=1743"}],"wp:attachment":[{"href":"https:\/\/uj.adatbank.ro\/lexikon\/wp-json\/wp\/v2\/media?parent=1743"}],"wp:term":[{"taxonomy":"product_brand","embeddable":true,"href":"https:\/\/uj.adatbank.ro\/lexikon\/wp-json\/wp\/v2\/product_brand?post=1743"},{"taxonomy":"product_cat","embeddable":true,"href":"https:\/\/uj.adatbank.ro\/lexikon\/wp-json\/wp\/v2\/product_cat?post=1743"},{"taxonomy":"product_tag","embeddable":true,"href":"https:\/\/uj.adatbank.ro\/lexikon\/wp-json\/wp\/v2\/product_tag?post=1743"}],"curies":[{"name":"wp","href":"https:\/\/api.w.org\/{rel}","templated":true}]}}

ALBISI WASS Gábor, albisi, Vass Gábor, Albisi Wass Gabriel

<p>Kézdialbis, 1700 k., † 1765 után: ref. lelkész, esperes. – Nagyenyedi tanulásának befejeztével (1723. ápr.) rektor lett Nagybányán, ahonnan két év múlva külföldre ment s a franekeri (1725. okt.), majd pedig az oderafrankfurti (1726. aug.) egyetemre iratkozott be. Hazájába visszatérve Mv.-en segédlelkész Bonyhai Simon György káplánja (1730). Azután berekeresztúri (1731) a következő évtől kezdve pedig zabolai, dálnoki, kézdivásárhelyi, márkosfalvi papságot viselt s huzamosabb időn keresztül esperese volt a kézdi egyházmegyének. – <strong>F. m.:</strong> De non confundendis fossione aurium divinitus facta cum perforatione auris herili. (Francofurti ad Viadrum, 1727.); Csúzi Cseh János, Huszti András és Gyöngyösi Pál üdvözlő versével. Üdvözlő verseket írt Mádi Jánoshoz (1728. és 1729). <br /><strong>Irod.:</strong> Farczády; Időtár 1; Marosszéki krónikák 1.; RMK III/18.sz.; Zoványi</br></p>

<p>Kézdialbis, 1700 k., † 1765 után: ref. lelkész, esperes. – Nagyenyedi tanulásának befejeztével (1723. ápr.) rektor lett Nagybányán, ahonnan két év múlva külföldre ment s a franekeri (1725. okt.), majd pedig az oderafrankfurti (1726. aug.) egyetemre iratkozott be. Hazájába visszatérve Mv.-en segédlelkész Bonyhai Simon György káplánja (1730). Azután berekeresztúri (1731) a következő évtől kezdve pedig zabolai, [&hellip;]</p>
