{"id":1744,"date":"2025-06-28T11:51:48","date_gmt":"2025-06-28T09:51:48","guid":{"rendered":"https:\/\/uj.adatbank.ro\/lexikon\/termek\/albon-tibor-%c2%a7\/"},"modified":"2025-06-28T11:51:48","modified_gmt":"2025-06-28T09:51:48","slug":"albon-tibor-%c2%a7","status":"publish","type":"product","link":"https:\/\/uj.adatbank.ro\/lexikon\/termek\/albon-tibor-%c2%a7\/","title":{"rendered":"ALBON Tibor, \u00a7"},"content":{"rendered":"<p>Kv., 1927. m\u00e1rc. 2., \u2020 Mv., 1992. \u00e1pr. 18.: orvos. \u2013 Feles\u00e9ge: Horv\u00e1th Albon Olga (1930\u20132012). \u2013 Kv.-on a Ref. Koll.-ban \u00e9retts\u00e9gizett (1946). MOGYI \u00e1ltal\u00e1nosorvosi szak\u00e1n v\u00e9gzett (1952). Egyetemi tan\u00e1rseg\u00e9d a MOGYI Anat\u00f3mia katedr\u00e1j\u00e1n, majd k\u00f6rzeti orvos Marosbog\u00e1ton; ism\u00e9t Mv. m\u0171k\u00f6d\u00f6tt az Anat\u00f3mia tansz\u00e9ken (1952\u201359). \u00dczemiorvos a mv.-i b\u00fatorgy\u00e1rban (1959\u201375). \u2013 <strong>F. m.:<\/strong> <strong>t\u00e1rssz.:<\/strong> Seb\u00e9szeti m\u0171t\u00e9ttan (Mv., 1958). <br \/><strong>Irod.:<\/strong> Barab\u00e1s-P\u00e9ter M.-P\u00e9ter H.M.; Kiss-P.- P; Todea\u2013F\u00fcl\u00f6p\u2013Avram<\/br><\/p>\n","protected":false},"excerpt":{"rendered":"<p>Kv., 1927. m\u00e1rc. 2., \u2020 Mv., 1992. \u00e1pr. 18.: orvos. \u2013 Feles\u00e9ge: Horv\u00e1th Albon Olga (1930\u20132012). \u2013 Kv.-on a Ref. Koll.-ban \u00e9retts\u00e9gizett (1946). MOGYI \u00e1ltal\u00e1nosorvosi szak\u00e1n v\u00e9gzett (1952). Egyetemi tan\u00e1rseg\u00e9d a MOGYI Anat\u00f3mia katedr\u00e1j\u00e1n, majd k\u00f6rzeti orvos Marosbog\u00e1ton; ism\u00e9t Mv. m\u0171k\u00f6d\u00f6tt az Anat\u00f3mia tansz\u00e9ken (1952\u201359). \u00dczemiorvos a mv.-i b\u00fatorgy\u00e1rban (1959\u201375). \u2013 F. m.: t\u00e1rssz.: Seb\u00e9szeti [&hellip;]<\/p>\n","protected":false},"featured_media":0,"comment_status":"open","ping_status":"closed","template":"","meta":[],"product_brand":[],"product_cat":[137],"product_tag":[],"class_list":{"0":"post-1744","1":"product","2":"type-product","3":"status-publish","5":"product_cat-maros-megyei-eletrajzi-lexikon","7":"first","8":"instock","9":"shipping-taxable","10":"product-type-simple"},"_links":{"self":[{"href":"https:\/\/uj.adatbank.ro\/lexikon\/wp-json\/wp\/v2\/product\/1744","targetHints":{"allow":["GET"]}}],"collection":[{"href":"https:\/\/uj.adatbank.ro\/lexikon\/wp-json\/wp\/v2\/product"}],"about":[{"href":"https:\/\/uj.adatbank.ro\/lexikon\/wp-json\/wp\/v2\/types\/product"}],"replies":[{"embeddable":true,"href":"https:\/\/uj.adatbank.ro\/lexikon\/wp-json\/wp\/v2\/comments?post=1744"}],"wp:attachment":[{"href":"https:\/\/uj.adatbank.ro\/lexikon\/wp-json\/wp\/v2\/media?parent=1744"}],"wp:term":[{"taxonomy":"product_brand","embeddable":true,"href":"https:\/\/uj.adatbank.ro\/lexikon\/wp-json\/wp\/v2\/product_brand?post=1744"},{"taxonomy":"product_cat","embeddable":true,"href":"https:\/\/uj.adatbank.ro\/lexikon\/wp-json\/wp\/v2\/product_cat?post=1744"},{"taxonomy":"product_tag","embeddable":true,"href":"https:\/\/uj.adatbank.ro\/lexikon\/wp-json\/wp\/v2\/product_tag?post=1744"}],"curies":[{"name":"wp","href":"https:\/\/api.w.org\/{rel}","templated":true}]}}

<p>Kv., 1927. márc. 2., † Mv., 1992. ápr. 18.: orvos. – Felesége: Horváth Albon Olga (1930–2012). – Kv.-on a Ref. Koll.-ban érettségizett (1946). MOGYI általánosorvosi szakán végzett (1952). Egyetemi tanársegéd a MOGYI Anatómia katedráján, majd körzeti orvos Marosbogáton; ismét Mv. működött az Anatómia tanszéken (1952–59). Üzemiorvos a mv.-i bútorgyárban (1959–75). – <strong>F. m.:</strong> <strong>társsz.:</strong> Sebészeti műtéttan (Mv., 1958). <br /><strong>Irod.:</strong> Barabás-Péter M.-Péter H.M.; Kiss-P.- P; Todea–Fülöp–Avram</br></p>

<p>Kv., 1927. márc. 2., † Mv., 1992. ápr. 18.: orvos. – Felesége: Horváth Albon Olga (1930–2012). – Kv.-on a Ref. Koll.-ban érettségizett (1946). MOGYI általánosorvosi szakán végzett (1952). Egyetemi tanársegéd a MOGYI Anatómia katedráján, majd körzeti orvos Marosbogáton; ismét Mv. működött az Anatómia tanszéken (1952–59). Üzemiorvos a mv.-i bútorgyárban (1959–75). – F. m.: társsz.: Sebészeti [&hellip;]</p>
