{"id":17446,"date":"2025-07-16T10:15:04","date_gmt":"2025-07-16T08:15:04","guid":{"rendered":"https:\/\/uj.adatbank.ro\/lexikon\/termek\/pall-geza\/"},"modified":"2025-07-16T10:15:04","modified_gmt":"2025-07-16T08:15:04","slug":"pall-geza","status":"publish","type":"product","link":"https:\/\/uj.adatbank.ro\/lexikon\/termek\/pall-geza\/","title":{"rendered":"P\u00c1LL G\u00e9za"},"content":{"rendered":"<p>Gyergy\u00f3\u00fajfalu, 1928. j\u00fan. 25., \u2020\u00a0?: tan\u00e1r. \u2013 Tanult Kv.-on a BTE k\u00f6zgazdas\u00e1gi kar\u00e1n (\u20131952). Tan\u00e1rseg\u00e9d Kv.-on, majd Mv.-en az \u00c9p\u00edt\u00e9szeti Liceum tan\u00e1ra (1953\u201388), igazgat\u00f3ja (1965\u201370); a bp-i G\u00e1bor D\u00e9nes M\u0171szaki F\u0151iskola kihelyezett tagozat\u00e1n konzult\u00e1ns tan\u00e1r (1995\u2013). <br \/><strong>Irod.:<\/strong> RMKK<\/br><\/p>\n","protected":false},"excerpt":{"rendered":"<p>Gyergy\u00f3\u00fajfalu, 1928. j\u00fan. 25., \u2020\u00a0?: tan\u00e1r. \u2013 Tanult Kv.-on a BTE k\u00f6zgazdas\u00e1gi kar\u00e1n (\u20131952). Tan\u00e1rseg\u00e9d Kv.-on, majd Mv.-en az \u00c9p\u00edt\u00e9szeti Liceum tan\u00e1ra (1953\u201388), igazgat\u00f3ja (1965\u201370); a bp-i G\u00e1bor D\u00e9nes M\u0171szaki F\u0151iskola kihelyezett tagozat\u00e1n konzult\u00e1ns tan\u00e1r (1995\u2013). Irod.: RMKK<\/p>\n","protected":false},"featured_media":0,"comment_status":"open","ping_status":"closed","template":"","meta":[],"product_brand":[],"product_cat":[137],"product_tag":[],"class_list":{"0":"post-17446","1":"product","2":"type-product","3":"status-publish","5":"product_cat-maros-megyei-eletrajzi-lexikon","7":"first","8":"instock","9":"shipping-taxable","10":"product-type-simple"},"_links":{"self":[{"href":"https:\/\/uj.adatbank.ro\/lexikon\/wp-json\/wp\/v2\/product\/17446","targetHints":{"allow":["GET"]}}],"collection":[{"href":"https:\/\/uj.adatbank.ro\/lexikon\/wp-json\/wp\/v2\/product"}],"about":[{"href":"https:\/\/uj.adatbank.ro\/lexikon\/wp-json\/wp\/v2\/types\/product"}],"replies":[{"embeddable":true,"href":"https:\/\/uj.adatbank.ro\/lexikon\/wp-json\/wp\/v2\/comments?post=17446"}],"wp:attachment":[{"href":"https:\/\/uj.adatbank.ro\/lexikon\/wp-json\/wp\/v2\/media?parent=17446"}],"wp:term":[{"taxonomy":"product_brand","embeddable":true,"href":"https:\/\/uj.adatbank.ro\/lexikon\/wp-json\/wp\/v2\/product_brand?post=17446"},{"taxonomy":"product_cat","embeddable":true,"href":"https:\/\/uj.adatbank.ro\/lexikon\/wp-json\/wp\/v2\/product_cat?post=17446"},{"taxonomy":"product_tag","embeddable":true,"href":"https:\/\/uj.adatbank.ro\/lexikon\/wp-json\/wp\/v2\/product_tag?post=17446"}],"curies":[{"name":"wp","href":"https:\/\/api.w.org\/{rel}","templated":true}]}}