{"id":1745,"date":"2025-06-28T11:51:49","date_gmt":"2025-06-28T09:51:49","guid":{"rendered":"https:\/\/uj.adatbank.ro\/lexikon\/termek\/albu-constantin-%c2%a7\/"},"modified":"2025-06-28T11:51:49","modified_gmt":"2025-06-28T09:51:49","slug":"albu-constantin-%c2%a7","status":"publish","type":"product","link":"https:\/\/uj.adatbank.ro\/lexikon\/termek\/albu-constantin-%c2%a7\/","title":{"rendered":"ALBU Constantin, \u00a7"},"content":{"rendered":"<p>Orodel,1926. aug. 23., \u2020 Mv., 2005. jan. 5.: tan\u00edt\u00f3, tan\u00e1r, \u00fajs\u00e1g\u00edr\u00f3. \u2013 Tanulm\u00e1nyait sz\u00fcl\u0151hely\u00e9n v\u00e9gezte (1951\u201353). Pagocs\u00e1n (1953\u201354), Mez\u0151s\u00e1msondon (1964\u201362), Marossztgy\u00f6rgy\u00f6n (1962\u201366), Mv.-en a 2-es sz. \u00c1lt. Iskol\u00e1ban (1966\u201386), a 4-es sz. \u00c1ltal\u00e1nos Isk.-ban tan\u00edtott, ahonnan nyugalomba vonult. Az AS Fulgerul nev\u0171 sportegyes\u00fcletnek volt titk\u00e1ra. Mv. sport\u00e9let\u00e9r\u0151l tud\u00f3s\u00edtotta 40 \u00e9ven kereszt\u00fcl a Sportul, St. R., C.L, a N\u00fa.c. lapokat. <br \/><strong>Irod.:<\/strong> Dasc\u0103li mure\u015feni, 1.; Opri\u015f-Moldovan, Szucher<\/br><\/p>\n","protected":false},"excerpt":{"rendered":"<p>Orodel,1926. aug. 23., \u2020 Mv., 2005. jan. 5.: tan\u00edt\u00f3, tan\u00e1r, \u00fajs\u00e1g\u00edr\u00f3. \u2013 Tanulm\u00e1nyait sz\u00fcl\u0151hely\u00e9n v\u00e9gezte (1951\u201353). Pagocs\u00e1n (1953\u201354), Mez\u0151s\u00e1msondon (1964\u201362), Marossztgy\u00f6rgy\u00f6n (1962\u201366), Mv.-en a 2-es sz. \u00c1lt. Iskol\u00e1ban (1966\u201386), a 4-es sz. \u00c1ltal\u00e1nos Isk.-ban tan\u00edtott, ahonnan nyugalomba vonult. Az AS Fulgerul nev\u0171 sportegyes\u00fcletnek volt titk\u00e1ra. Mv. sport\u00e9let\u00e9r\u0151l tud\u00f3s\u00edtotta 40 \u00e9ven kereszt\u00fcl a Sportul, St. R., [&hellip;]<\/p>\n","protected":false},"featured_media":0,"comment_status":"open","ping_status":"closed","template":"","meta":[],"product_brand":[],"product_cat":[137],"product_tag":[],"class_list":{"0":"post-1745","1":"product","2":"type-product","3":"status-publish","5":"product_cat-maros-megyei-eletrajzi-lexikon","7":"first","8":"instock","9":"shipping-taxable","10":"product-type-simple"},"_links":{"self":[{"href":"https:\/\/uj.adatbank.ro\/lexikon\/wp-json\/wp\/v2\/product\/1745","targetHints":{"allow":["GET"]}}],"collection":[{"href":"https:\/\/uj.adatbank.ro\/lexikon\/wp-json\/wp\/v2\/product"}],"about":[{"href":"https:\/\/uj.adatbank.ro\/lexikon\/wp-json\/wp\/v2\/types\/product"}],"replies":[{"embeddable":true,"href":"https:\/\/uj.adatbank.ro\/lexikon\/wp-json\/wp\/v2\/comments?post=1745"}],"wp:attachment":[{"href":"https:\/\/uj.adatbank.ro\/lexikon\/wp-json\/wp\/v2\/media?parent=1745"}],"wp:term":[{"taxonomy":"product_brand","embeddable":true,"href":"https:\/\/uj.adatbank.ro\/lexikon\/wp-json\/wp\/v2\/product_brand?post=1745"},{"taxonomy":"product_cat","embeddable":true,"href":"https:\/\/uj.adatbank.ro\/lexikon\/wp-json\/wp\/v2\/product_cat?post=1745"},{"taxonomy":"product_tag","embeddable":true,"href":"https:\/\/uj.adatbank.ro\/lexikon\/wp-json\/wp\/v2\/product_tag?post=1745"}],"curies":[{"name":"wp","href":"https:\/\/api.w.org\/{rel}","templated":true}]}}

<p>Orodel,1926. aug. 23., † Mv., 2005. jan. 5.: tanító, tanár, újságíró. – Tanulmányait szülőhelyén végezte (1951–53). Pagocsán (1953–54), Mezősámsondon (1964–62), Marossztgyörgyön (1962–66), Mv.-en a 2-es sz. Ált. Iskolában (1966–86), a 4-es sz. Általános Isk.-ban tanított, ahonnan nyugalomba vonult. Az AS Fulgerul nevű sportegyesületnek volt titkára. Mv. sportéletéről tudósította 40 éven keresztül a Sportul, St. R., C.L, a Nú.c. lapokat. <br /><strong>Irod.:</strong> Dascăli mureşeni, 1.; Opriş-Moldovan, Szucher</br></p>

<p>Orodel,1926. aug. 23., † Mv., 2005. jan. 5.: tanító, tanár, újságíró. – Tanulmányait szülőhelyén végezte (1951–53). Pagocsán (1953–54), Mezősámsondon (1964–62), Marossztgyörgyön (1962–66), Mv.-en a 2-es sz. Ált. Iskolában (1966–86), a 4-es sz. Általános Isk.-ban tanított, ahonnan nyugalomba vonult. Az AS Fulgerul nevű sportegyesületnek volt titkára. Mv. sportéletéről tudósította 40 éven keresztül a Sportul, St. R., [&hellip;]</p>
