{"id":17455,"date":"2025-07-16T10:15:26","date_gmt":"2025-07-16T08:15:26","guid":{"rendered":"https:\/\/uj.adatbank.ro\/lexikon\/termek\/pall-karoly-felsoboldogasszonyfalvi\/"},"modified":"2025-07-16T10:15:26","modified_gmt":"2025-07-16T08:15:26","slug":"pall-karoly-felsoboldogasszonyfalvi","status":"publish","type":"product","link":"https:\/\/uj.adatbank.ro\/lexikon\/termek\/pall-karoly-felsoboldogasszonyfalvi\/","title":{"rendered":"P\u00c1LL K\u00e1roly, fels\u0151boldogasszonyfalvi"},"content":{"rendered":"<p>1806., ? \u2020 Mv., 1875. m\u00e1rc. 20.: ?. \u2013 Feles\u00e9ge: G\u00f6r\u00f6g Anna. Le\u00e1nyuk: M\u00e1ria zar\u00e1ndi Kn\u00f6pfler Vilmosn\u00e9. <br \/><strong>Irod.:<\/strong> Gy\u00e1szjelent\u0151<\/br><\/p>\n","protected":false},"excerpt":{"rendered":"<p>1806., ? \u2020 Mv., 1875. m\u00e1rc. 20.: ?. \u2013 Feles\u00e9ge: G\u00f6r\u00f6g Anna. Le\u00e1nyuk: M\u00e1ria zar\u00e1ndi Kn\u00f6pfler Vilmosn\u00e9. Irod.: Gy\u00e1szjelent\u0151<\/p>\n","protected":false},"featured_media":0,"comment_status":"open","ping_status":"closed","template":"","meta":[],"product_brand":[],"product_cat":[137],"product_tag":[],"class_list":{"0":"post-17455","1":"product","2":"type-product","3":"status-publish","5":"product_cat-maros-megyei-eletrajzi-lexikon","7":"first","8":"instock","9":"shipping-taxable","10":"product-type-simple"},"_links":{"self":[{"href":"https:\/\/uj.adatbank.ro\/lexikon\/wp-json\/wp\/v2\/product\/17455","targetHints":{"allow":["GET"]}}],"collection":[{"href":"https:\/\/uj.adatbank.ro\/lexikon\/wp-json\/wp\/v2\/product"}],"about":[{"href":"https:\/\/uj.adatbank.ro\/lexikon\/wp-json\/wp\/v2\/types\/product"}],"replies":[{"embeddable":true,"href":"https:\/\/uj.adatbank.ro\/lexikon\/wp-json\/wp\/v2\/comments?post=17455"}],"wp:attachment":[{"href":"https:\/\/uj.adatbank.ro\/lexikon\/wp-json\/wp\/v2\/media?parent=17455"}],"wp:term":[{"taxonomy":"product_brand","embeddable":true,"href":"https:\/\/uj.adatbank.ro\/lexikon\/wp-json\/wp\/v2\/product_brand?post=17455"},{"taxonomy":"product_cat","embeddable":true,"href":"https:\/\/uj.adatbank.ro\/lexikon\/wp-json\/wp\/v2\/product_cat?post=17455"},{"taxonomy":"product_tag","embeddable":true,"href":"https:\/\/uj.adatbank.ro\/lexikon\/wp-json\/wp\/v2\/product_tag?post=17455"}],"curies":[{"name":"wp","href":"https:\/\/api.w.org\/{rel}","templated":true}]}}