{"id":17458,"date":"2025-07-16T10:15:32","date_gmt":"2025-07-16T08:15:32","guid":{"rendered":"https:\/\/uj.adatbank.ro\/lexikon\/termek\/pall-lajos-2\/"},"modified":"2025-07-16T10:15:32","modified_gmt":"2025-07-16T08:15:32","slug":"pall-lajos-2","status":"publish","type":"product","link":"https:\/\/uj.adatbank.ro\/lexikon\/termek\/pall-lajos-2\/","title":{"rendered":"P\u00c1LL Lajos"},"content":{"rendered":"<p>Mez\u0151cs\u00e1v\u00e1s, 1902., \u2020\u00a0?: gazd\u00e1lkod\u00f3, g\u00e9p\u00e9sz. \u2013 Mez\u0151cs\u00e1v\u00e1son \u00e9s Mv.-en v\u00e9gezte tanulm\u00e1nyait, a stabil- \u00e9s mobol g\u00e9pekb\u0151l szakvizsg\u00e1t tett \u00e9s \u00f6n\u00e1ll\u00f3 lett (1935). A ref. egyh\u00e1z p\u00e9nzt\u00e1rosa, a Gazdak\u00f6r, a Dalossz\u00f6vets\u00e9g, a MP tagja volt. <br \/><strong>Irod.:<\/strong> Sz\u00e9kelyf\u00f6ld \u00ed.k.<\/br><\/p>\n","protected":false},"excerpt":{"rendered":"<p>Mez\u0151cs\u00e1v\u00e1s, 1902., \u2020\u00a0?: gazd\u00e1lkod\u00f3, g\u00e9p\u00e9sz. \u2013 Mez\u0151cs\u00e1v\u00e1son \u00e9s Mv.-en v\u00e9gezte tanulm\u00e1nyait, a stabil- \u00e9s mobol g\u00e9pekb\u0151l szakvizsg\u00e1t tett \u00e9s \u00f6n\u00e1ll\u00f3 lett (1935). A ref. egyh\u00e1z p\u00e9nzt\u00e1rosa, a Gazdak\u00f6r, a Dalossz\u00f6vets\u00e9g, a MP tagja volt. Irod.: Sz\u00e9kelyf\u00f6ld \u00ed.k.<\/p>\n","protected":false},"featured_media":0,"comment_status":"open","ping_status":"closed","template":"","meta":[],"product_brand":[],"product_cat":[137],"product_tag":[],"class_list":{"0":"post-17458","1":"product","2":"type-product","3":"status-publish","5":"product_cat-maros-megyei-eletrajzi-lexikon","7":"first","8":"instock","9":"shipping-taxable","10":"product-type-simple"},"_links":{"self":[{"href":"https:\/\/uj.adatbank.ro\/lexikon\/wp-json\/wp\/v2\/product\/17458","targetHints":{"allow":["GET"]}}],"collection":[{"href":"https:\/\/uj.adatbank.ro\/lexikon\/wp-json\/wp\/v2\/product"}],"about":[{"href":"https:\/\/uj.adatbank.ro\/lexikon\/wp-json\/wp\/v2\/types\/product"}],"replies":[{"embeddable":true,"href":"https:\/\/uj.adatbank.ro\/lexikon\/wp-json\/wp\/v2\/comments?post=17458"}],"wp:attachment":[{"href":"https:\/\/uj.adatbank.ro\/lexikon\/wp-json\/wp\/v2\/media?parent=17458"}],"wp:term":[{"taxonomy":"product_brand","embeddable":true,"href":"https:\/\/uj.adatbank.ro\/lexikon\/wp-json\/wp\/v2\/product_brand?post=17458"},{"taxonomy":"product_cat","embeddable":true,"href":"https:\/\/uj.adatbank.ro\/lexikon\/wp-json\/wp\/v2\/product_cat?post=17458"},{"taxonomy":"product_tag","embeddable":true,"href":"https:\/\/uj.adatbank.ro\/lexikon\/wp-json\/wp\/v2\/product_tag?post=17458"}],"curies":[{"name":"wp","href":"https:\/\/api.w.org\/{rel}","templated":true}]}}