{"id":17459,"date":"2025-07-16T10:15:34","date_gmt":"2025-07-16T08:15:34","guid":{"rendered":"https:\/\/uj.adatbank.ro\/lexikon\/termek\/pall-rozsa\/"},"modified":"2025-07-16T10:15:34","modified_gmt":"2025-07-16T08:15:34","slug":"pall-rozsa","status":"publish","type":"product","link":"https:\/\/uj.adatbank.ro\/lexikon\/termek\/pall-rozsa\/","title":{"rendered":"P\u00c1LL R\u00f3zsa"},"content":{"rendered":"<p>? \u2020\u00a0?: k\u00f6lt\u0151. \u2013 Marosbog\u00e1tr\u00f3l val\u00f3 \u00f6rm\u00e9ny sz\u00e9kely csal\u00e1db\u00f3l kiv\u00e1ndorolt Amerik\u00e1ba, \u00e9s ott \u2013 Tam\u00e1si \u00e1ltal is \u00e9rt\u00e9kelt \u2013 sz\u00edvhez sz\u00f3l\u00f3 verseket \u00edrt. P\u00e1ll R\u00f3zsa marosbog\u00e1ti kort\u00e1rsai kihaltak, rokonai elk\u00f6lt\u00f6ztek. Sz\u00e9gyen, de senki sem ismeri egyetlen verssor\u00e1t sem. Nem tal\u00e1ltam r\u00f3la semmif\u00e9le adatokat a lexikonokban. <br \/><strong>Irod.:<\/strong> B\u00f6l\u00f6ni Domokos: Ki volt P\u00e1ll R\u00f3zsa (N\u00fa 2000. okt 17)<\/br><\/p>\n","protected":false},"excerpt":{"rendered":"<p>? \u2020\u00a0?: k\u00f6lt\u0151. \u2013 Marosbog\u00e1tr\u00f3l val\u00f3 \u00f6rm\u00e9ny sz\u00e9kely csal\u00e1db\u00f3l kiv\u00e1ndorolt Amerik\u00e1ba, \u00e9s ott \u2013 Tam\u00e1si \u00e1ltal is \u00e9rt\u00e9kelt \u2013 sz\u00edvhez sz\u00f3l\u00f3 verseket \u00edrt. P\u00e1ll R\u00f3zsa marosbog\u00e1ti kort\u00e1rsai kihaltak, rokonai elk\u00f6lt\u00f6ztek. Sz\u00e9gyen, de senki sem ismeri egyetlen verssor\u00e1t sem. Nem tal\u00e1ltam r\u00f3la semmif\u00e9le adatokat a lexikonokban. Irod.: B\u00f6l\u00f6ni Domokos: Ki volt P\u00e1ll R\u00f3zsa (N\u00fa 2000. okt [&hellip;]<\/p>\n","protected":false},"featured_media":0,"comment_status":"open","ping_status":"closed","template":"","meta":[],"product_brand":[],"product_cat":[137],"product_tag":[],"class_list":{"0":"post-17459","1":"product","2":"type-product","3":"status-publish","5":"product_cat-maros-megyei-eletrajzi-lexikon","7":"first","8":"instock","9":"shipping-taxable","10":"product-type-simple"},"_links":{"self":[{"href":"https:\/\/uj.adatbank.ro\/lexikon\/wp-json\/wp\/v2\/product\/17459","targetHints":{"allow":["GET"]}}],"collection":[{"href":"https:\/\/uj.adatbank.ro\/lexikon\/wp-json\/wp\/v2\/product"}],"about":[{"href":"https:\/\/uj.adatbank.ro\/lexikon\/wp-json\/wp\/v2\/types\/product"}],"replies":[{"embeddable":true,"href":"https:\/\/uj.adatbank.ro\/lexikon\/wp-json\/wp\/v2\/comments?post=17459"}],"wp:attachment":[{"href":"https:\/\/uj.adatbank.ro\/lexikon\/wp-json\/wp\/v2\/media?parent=17459"}],"wp:term":[{"taxonomy":"product_brand","embeddable":true,"href":"https:\/\/uj.adatbank.ro\/lexikon\/wp-json\/wp\/v2\/product_brand?post=17459"},{"taxonomy":"product_cat","embeddable":true,"href":"https:\/\/uj.adatbank.ro\/lexikon\/wp-json\/wp\/v2\/product_cat?post=17459"},{"taxonomy":"product_tag","embeddable":true,"href":"https:\/\/uj.adatbank.ro\/lexikon\/wp-json\/wp\/v2\/product_tag?post=17459"}],"curies":[{"name":"wp","href":"https:\/\/api.w.org\/{rel}","templated":true}]}}