{"id":1746,"date":"2025-06-28T11:51:50","date_gmt":"2025-06-28T09:51:50","guid":{"rendered":"https:\/\/uj.adatbank.ro\/lexikon\/termek\/albu-corneliu\/"},"modified":"2025-06-28T11:51:50","modified_gmt":"2025-06-28T09:51:50","slug":"albu-corneliu","status":"publish","type":"product","link":"https:\/\/uj.adatbank.ro\/lexikon\/termek\/albu-corneliu\/","title":{"rendered":"ALBU Corneliu"},"content":{"rendered":"<p>? \u2020 ? : \u00fcgyv\u00e9d, polg\u00e1rmester, prefektus. \u2013 Mv. f\u0151\u00fcgy\u00e9sze. A megyei k\u00f6zigazgat\u00e1si bizotts\u00e1g tagja (1919); a v\u00e1ros f\u0151\u00fcgy\u00e9sze. Mv. polg\u00e1rmestere (\u20131920. okt. 22.-ig). Lemond\u00e1sa ut\u00e1n \u00fcgyv\u00e9di irod\u00e1t nyitott \u00e9s a v\u00e1ros tisztif\u0151\u00fcgy\u00e9sze lett. A Banca Rom\u00e2neasc\u0103 \u00fcgy\u00e9sze (1920); MT megye \u00e9s Mv. v\u00e1ros f\u0151isp\u00e1nja (1922. jan. 30.-aug. 10.). Lemond\u00e1sa ut\u00e1n Sz\u00e1szr\u00e9genben k\u00f6zjegyz\u0151 (1922. m\u00e1j.19. \u2013). \u2013 <strong>F. m.:<\/strong> t\u00e1rssz: Mv. sz. k. v\u00e1ros lak\u00e1s\u00fcgyi szab\u00e1lyzata (Mv., 1920). <br \/><strong>Irod.:<\/strong> 24 ore Mure\u015fene (1997. j\u00fal.12); Fodor\u2013Bal\u00e1s; Id\u0151t\u00e1r 3; MO (nr. 1, 9 apr. 1920); \u00d6kr\u00f6s; Popa, Traian: Tg.M.<\/br><\/p>\n","protected":false},"excerpt":{"rendered":"<p>? \u2020 ? : \u00fcgyv\u00e9d, polg\u00e1rmester, prefektus. \u2013 Mv. f\u0151\u00fcgy\u00e9sze. A megyei k\u00f6zigazgat\u00e1si bizotts\u00e1g tagja (1919); a v\u00e1ros f\u0151\u00fcgy\u00e9sze. Mv. polg\u00e1rmestere (\u20131920. okt. 22.-ig). Lemond\u00e1sa ut\u00e1n \u00fcgyv\u00e9di irod\u00e1t nyitott \u00e9s a v\u00e1ros tisztif\u0151\u00fcgy\u00e9sze lett. A Banca Rom\u00e2neasc\u0103 \u00fcgy\u00e9sze (1920); MT megye \u00e9s Mv. v\u00e1ros f\u0151isp\u00e1nja (1922. jan. 30.-aug. 10.). Lemond\u00e1sa ut\u00e1n Sz\u00e1szr\u00e9genben k\u00f6zjegyz\u0151 (1922. m\u00e1j.19. [&hellip;]<\/p>\n","protected":false},"featured_media":0,"comment_status":"open","ping_status":"closed","template":"","meta":[],"product_brand":[],"product_cat":[137],"product_tag":[],"class_list":{"0":"post-1746","1":"product","2":"type-product","3":"status-publish","5":"product_cat-maros-megyei-eletrajzi-lexikon","7":"first","8":"instock","9":"shipping-taxable","10":"product-type-simple"},"_links":{"self":[{"href":"https:\/\/uj.adatbank.ro\/lexikon\/wp-json\/wp\/v2\/product\/1746","targetHints":{"allow":["GET"]}}],"collection":[{"href":"https:\/\/uj.adatbank.ro\/lexikon\/wp-json\/wp\/v2\/product"}],"about":[{"href":"https:\/\/uj.adatbank.ro\/lexikon\/wp-json\/wp\/v2\/types\/product"}],"replies":[{"embeddable":true,"href":"https:\/\/uj.adatbank.ro\/lexikon\/wp-json\/wp\/v2\/comments?post=1746"}],"wp:attachment":[{"href":"https:\/\/uj.adatbank.ro\/lexikon\/wp-json\/wp\/v2\/media?parent=1746"}],"wp:term":[{"taxonomy":"product_brand","embeddable":true,"href":"https:\/\/uj.adatbank.ro\/lexikon\/wp-json\/wp\/v2\/product_brand?post=1746"},{"taxonomy":"product_cat","embeddable":true,"href":"https:\/\/uj.adatbank.ro\/lexikon\/wp-json\/wp\/v2\/product_cat?post=1746"},{"taxonomy":"product_tag","embeddable":true,"href":"https:\/\/uj.adatbank.ro\/lexikon\/wp-json\/wp\/v2\/product_tag?post=1746"}],"curies":[{"name":"wp","href":"https:\/\/api.w.org\/{rel}","templated":true}]}}

<p>? † ? : ügyvéd, polgármester, prefektus. – Mv. főügyésze. A megyei közigazgatási bizottság tagja (1919); a város főügyésze. Mv. polgármestere (–1920. okt. 22.-ig). Lemondása után ügyvédi irodát nyitott és a város tisztifőügyésze lett. A Banca Românească ügyésze (1920); MT megye és Mv. város főispánja (1922. jan. 30.-aug. 10.). Lemondása után Szászrégenben közjegyző (1922. máj.19. –). – <strong>F. m.:</strong> társsz: Mv. sz. k. város lakásügyi szabályzata (Mv., 1920). <br /><strong>Irod.:</strong> 24 ore Mureşene (1997. júl.12); Fodor–Balás; Időtár 3; MO (nr. 1, 9 apr. 1920); Ökrös; Popa, Traian: Tg.M.</br></p>

<p>? † ? : ügyvéd, polgármester, prefektus. – Mv. főügyésze. A megyei közigazgatási bizottság tagja (1919); a város főügyésze. Mv. polgármestere (–1920. okt. 22.-ig). Lemondása után ügyvédi irodát nyitott és a város tisztifőügyésze lett. A Banca Românească ügyésze (1920); MT megye és Mv. város főispánja (1922. jan. 30.-aug. 10.). Lemondása után Szászrégenben közjegyző (1922. máj.19. [&hellip;]</p>
