{"id":17462,"date":"2025-07-16T10:15:40","date_gmt":"2025-07-16T08:15:40","guid":{"rendered":"https:\/\/uj.adatbank.ro\/lexikon\/termek\/pallocska-lajos-korosi\/"},"modified":"2025-07-16T10:15:40","modified_gmt":"2025-07-16T08:15:40","slug":"pallocska-lajos-korosi","status":"publish","type":"product","link":"https:\/\/uj.adatbank.ro\/lexikon\/termek\/pallocska-lajos-korosi\/","title":{"rendered":"PALLOCSKA Lajos, k\u00f6r\u00f6si"},"content":{"rendered":"<p>1798.\u00a0? \u2020 Mv., 1867. aug. 16.: \u00fcgyv\u00e9d. \u2013 Feles\u00e9ge: 1.? Gyermekeik: P. \u00c1gnes Horv\u00e1t \u00c1d\u00e1mn\u00e9; P. Eszter Benk\u0151 Mikl\u00f3sn\u00e9; 2. Borosnyai Luk\u00e1cs Polix\u00e9na. \u2013 A mv.-i kir. t\u00e1blai hites \u00fcgyv\u00e9d, v\u00e1rosi iktat\u00f3, ref. egyh\u00e1zi tan\u00e1cstag. <br \/><strong>Irod.:<\/strong> Gy\u00e1szjelent\u0151<\/br><\/p>\n","protected":false},"excerpt":{"rendered":"<p>1798.\u00a0? \u2020 Mv., 1867. aug. 16.: \u00fcgyv\u00e9d. \u2013 Feles\u00e9ge: 1.? Gyermekeik: P. \u00c1gnes Horv\u00e1t \u00c1d\u00e1mn\u00e9; P. Eszter Benk\u0151 Mikl\u00f3sn\u00e9; 2. Borosnyai Luk\u00e1cs Polix\u00e9na. \u2013 A mv.-i kir. t\u00e1blai hites \u00fcgyv\u00e9d, v\u00e1rosi iktat\u00f3, ref. egyh\u00e1zi tan\u00e1cstag. Irod.: Gy\u00e1szjelent\u0151<\/p>\n","protected":false},"featured_media":0,"comment_status":"open","ping_status":"closed","template":"","meta":[],"product_brand":[],"product_cat":[137],"product_tag":[],"class_list":{"0":"post-17462","1":"product","2":"type-product","3":"status-publish","5":"product_cat-maros-megyei-eletrajzi-lexikon","7":"first","8":"instock","9":"shipping-taxable","10":"product-type-simple"},"_links":{"self":[{"href":"https:\/\/uj.adatbank.ro\/lexikon\/wp-json\/wp\/v2\/product\/17462","targetHints":{"allow":["GET"]}}],"collection":[{"href":"https:\/\/uj.adatbank.ro\/lexikon\/wp-json\/wp\/v2\/product"}],"about":[{"href":"https:\/\/uj.adatbank.ro\/lexikon\/wp-json\/wp\/v2\/types\/product"}],"replies":[{"embeddable":true,"href":"https:\/\/uj.adatbank.ro\/lexikon\/wp-json\/wp\/v2\/comments?post=17462"}],"wp:attachment":[{"href":"https:\/\/uj.adatbank.ro\/lexikon\/wp-json\/wp\/v2\/media?parent=17462"}],"wp:term":[{"taxonomy":"product_brand","embeddable":true,"href":"https:\/\/uj.adatbank.ro\/lexikon\/wp-json\/wp\/v2\/product_brand?post=17462"},{"taxonomy":"product_cat","embeddable":true,"href":"https:\/\/uj.adatbank.ro\/lexikon\/wp-json\/wp\/v2\/product_cat?post=17462"},{"taxonomy":"product_tag","embeddable":true,"href":"https:\/\/uj.adatbank.ro\/lexikon\/wp-json\/wp\/v2\/product_tag?post=17462"}],"curies":[{"name":"wp","href":"https:\/\/api.w.org\/{rel}","templated":true}]}}