{"id":17463,"date":"2025-07-16T10:15:42","date_gmt":"2025-07-16T08:15:42","guid":{"rendered":"https:\/\/uj.adatbank.ro\/lexikon\/termek\/pallos-albert-pallos-albert\/"},"modified":"2025-07-16T10:15:42","modified_gmt":"2025-07-16T08:15:42","slug":"pallos-albert-pallos-albert","status":"publish","type":"product","link":"https:\/\/uj.adatbank.ro\/lexikon\/termek\/pallos-albert-pallos-albert\/","title":{"rendered":"PALL\u00d3S Albert, Pallos Albert"},"content":{"rendered":"<p>Asszonyn\u00e9pe, 1855. \u00e1pr. 30., \u2020 1922: tan\u00e1r, le\u00e1nyiskolai igazgat\u00f3. \u2013 Feles\u00e9ge:Hineck Berta (esk. 1876) A hat gimn. oszt.-t a nagyenyedi Bethlen-f\u0151iskol\u00e1ban, a VII. \u00e9s VIII-at a mv.-i ev. ref. f\u0151iskol\u00e1ban v\u00e9gezte (1875). M\u00e9g ugyanazon \u00e9vben a mv.-i ev. ref. egyh\u00e1z h\u00edvta meg le\u00e1nyiskol\u00e1j\u00e1ba tan\u00edt\u00f3nak. A kv-i \u00e1llami tan\u00edt\u00f3k\u00e9pz\u0151ben elemi tan\u00edt\u00f3i oklevelet szerzett (1876) \u00e9s g\u00f6rg\u00e9nyszentimrei \u00e1llami tan\u00edt\u00f3v\u00e1 nevezt\u00e9k ki (1876. szept.\u201391). Oda\u00e9rkez\u00e9se \u00e9v\u00e9ben \u00e9p\u00edtettek \u00faj \u00e1llami iskol\u00e1t \u00e9s tan\u00edt\u00f3i lak\u00e1st. Megval\u00f3st\u00e1sai: polg\u00e1ri iskol\u00e1kra k\u00e9pes\u00edt\u0151 tan\u00e1ri oklevelet szerzett. Olvas\u00f3-egyletet, k\u00f6nyvt\u00e1rat l\u00e9tes\u00edtett \u00e9s megalaktotta a G\u00f6rg\u00e9nyi Tan\u00edt\u00f3i K\u00f6rt (1881).A mv.-i ev. ref. egyh\u00e1z ism\u00e9t megh\u00edvta le\u00e1nyiskol\u00e1j\u00e1hoz (1891), melynek igazgat\u00f3ja lett. A meglev\u0151 elemi le\u00e1nyiskola mell\u00e9 polg\u00e1ri le\u00e1nyiskol\u00e1t \u00e9s n\u0151ipariskol\u00e1t szervezett \u00e9s mindah\u00e1rom iskol\u00e1t \u00f6t \u00e9vig igazgatta. MT vm. \u00e9s Mv. tanfel\u00fcgyel\u0151je. A MT megyei \u00c1ltal\u00e1nos Tan\u00edt\u00f3test\u00fclet tev\u00e9keny tagja. Meg\u00edrta a mv.-i \u00e9s MT vm. oktat\u00e1s\u00e1nak t\u00f6rt\u00e9net\u00e9t (1896). Pontos statisztikai adatai ma is haszn\u00e1lhat\u00f3ak, j\u00f3llehet sokszor k\u00fcl\u00f6nb\u00f6znek az Amicul \u015fcoalei korabeli tan\u00fcgyi lap adatait\u00f3l (Chiorean). A kv.-i \u00fajonnan szervezett \u00e1llami polg\u00e1ri le\u00e1nyiskola igazgat\u00f3j\u00e1v\u00e1 nevezt\u00e9k ki (1896, a kolozsmegyei tantest\u00fclet eln\u00f6ke volt. R\u00e9szt vett az EMKE alakul\u00f3 \u00fcl\u00e9sen Kv.-on (1885).A Mv.-i Kaszin\u00f3 m\u00e1sodtitk\u00e1ra (1892). Pedagogiai cikkeit k\u00f6z\u00f6lte a Csal\u00e1d \u00e9s Iskol\u00e1b (melynek belmunkat\u00e1rsa), a N\u00e9ptan\u00edt\u00f3k Lapja, A kisdednevel\u00e9s, A n\u00e9piskola k\u00f6zeg\u00e9szs\u00e9g\u00fcgye, Kolozsv\u00e1r. (A rajztan\u00edt\u00e1s m\u00f3dszere a n\u00e9piskol\u00e1kban, N\u00e9p- \u00e9s Ifjus\u00e1gi k\u00f6nyvt\u00e1rak, Tank\u00f6nyvirodalmunk \u00e9s az aj\u00e1nlott tank\u00f6nyvek, A n\u0151nevel\u00e9sr\u0151l, A mv.-i ev. ref. egyh\u00e1z iskol\u00e1inak t\u00f6rt\u00e9nete, M\u00e1ria Ter\u00e9zia \u00e9s II. J\u00f3zsef tan\u00fcgyi rendeleteinek hat\u00e1sa az erd\u00e9lyr\u00e9szi oktat\u00e1s\u00fcgyre, Az erd\u00e9lyr\u00e9szi oktat\u00e1s\u00fcgy a nemzeti \u00e9bred\u00e9s kor\u00e1ban 1790\u20131820., Visszapillant\u00e1s n\u00e9poktat\u00e1s \u00fcgy\u00fcnkre). A Maros-Vid\u00e9knek k\u00e9t \u00e9vig t\u00e1rsszerkeszt\u0151je volt Mv.-t. \u2013 <strong>F. m.:<\/strong> Marostordav\u00e1rmegye \u00e9s Marosv\u00e1s\u00e1rhely n\u00e9poktat\u00e1si int\u00e9zeteinek t\u00f6rt\u00e9nete (Mv., 1896); <strong>antol\u00f3g.:<\/strong> Par\u00e1di K\u00e1lm\u00e1n: Az evang\u00e9lium szerint reform\u00e1lt erd\u00e9lyr\u00e9szi egyh\u00e1zker\u00fclet f\u0151- k\u00f6z\u00e9p- \u00e9s elemi oskol\u00e1inak \u00e1llapotrajza (Kv., 1896); Eml\u00e9klapok De\u00e1k Lajos kir. tan\u00e1csos, tanfel\u00fcgyel\u0151 huszon\u00f6t\u00e9ves jubileuma alkalm\u00e1b\u00f3l (Mv., 1908). <br \/><strong>Irod.:<\/strong> B\u00edr\u00f3 Don\u00e1t: Sz\u00e1szr\u00e9gen \u00e9s vid\u00e9ke; Chiorean 2008; Eml\u00e9kk\u00f6nyv, H\u00e1zsong\u00e1rd; Id\u0151t\u00e1r 2; Illy\u00e9s Endre: Egyh\u00e1zfegyelem a magyar ref. egyh\u00e1zban (Debrecen, 1941); A mv.-i Casino J\u00f3kai \u00fcnnep\u00e9lye 1894. jan. 6. (Mv., 1894); S\u00e1ndor; Szinnyei; Vaday<\/br><\/p>\n","protected":false},"excerpt":{"rendered":"<p>Asszonyn\u00e9pe, 1855. \u00e1pr. 30., \u2020 1922: tan\u00e1r, le\u00e1nyiskolai igazgat\u00f3. \u2013 Feles\u00e9ge:Hineck Berta (esk. 1876) A hat gimn. oszt.-t a nagyenyedi Bethlen-f\u0151iskol\u00e1ban, a VII. \u00e9s VIII-at a mv.-i ev. ref. f\u0151iskol\u00e1ban v\u00e9gezte (1875). M\u00e9g ugyanazon \u00e9vben a mv.-i ev. ref. egyh\u00e1z h\u00edvta meg le\u00e1nyiskol\u00e1j\u00e1ba tan\u00edt\u00f3nak. A kv-i \u00e1llami tan\u00edt\u00f3k\u00e9pz\u0151ben elemi tan\u00edt\u00f3i oklevelet szerzett (1876) \u00e9s g\u00f6rg\u00e9nyszentimrei [&hellip;]<\/p>\n","protected":false},"featured_media":0,"comment_status":"open","ping_status":"closed","template":"","meta":[],"product_brand":[],"product_cat":[137],"product_tag":[],"class_list":{"0":"post-17463","1":"product","2":"type-product","3":"status-publish","5":"product_cat-maros-megyei-eletrajzi-lexikon","7":"first","8":"instock","9":"shipping-taxable","10":"product-type-simple"},"_links":{"self":[{"href":"https:\/\/uj.adatbank.ro\/lexikon\/wp-json\/wp\/v2\/product\/17463","targetHints":{"allow":["GET"]}}],"collection":[{"href":"https:\/\/uj.adatbank.ro\/lexikon\/wp-json\/wp\/v2\/product"}],"about":[{"href":"https:\/\/uj.adatbank.ro\/lexikon\/wp-json\/wp\/v2\/types\/product"}],"replies":[{"embeddable":true,"href":"https:\/\/uj.adatbank.ro\/lexikon\/wp-json\/wp\/v2\/comments?post=17463"}],"wp:attachment":[{"href":"https:\/\/uj.adatbank.ro\/lexikon\/wp-json\/wp\/v2\/media?parent=17463"}],"wp:term":[{"taxonomy":"product_brand","embeddable":true,"href":"https:\/\/uj.adatbank.ro\/lexikon\/wp-json\/wp\/v2\/product_brand?post=17463"},{"taxonomy":"product_cat","embeddable":true,"href":"https:\/\/uj.adatbank.ro\/lexikon\/wp-json\/wp\/v2\/product_cat?post=17463"},{"taxonomy":"product_tag","embeddable":true,"href":"https:\/\/uj.adatbank.ro\/lexikon\/wp-json\/wp\/v2\/product_tag?post=17463"}],"curies":[{"name":"wp","href":"https:\/\/api.w.org\/{rel}","templated":true}]}}

PALLÓS Albert, Pallos Albert

<p>Asszonynépe, 1855. ápr. 30., † 1922: tanár, leányiskolai igazgató. – Felesége:Hineck Berta (esk. 1876) A hat gimn. oszt.-t a nagyenyedi Bethlen-főiskolában, a VII. és VIII-at a mv.-i ev. ref. főiskolában végezte (1875). Még ugyanazon évben a mv.-i ev. ref. egyház hívta meg leányiskolájába tanítónak. A kv-i állami tanítóképzőben elemi tanítói oklevelet szerzett (1876) és görgényszentimrei állami tanítóvá nevezték ki (1876. szept.–91). Odaérkezése évében építettek új állami iskolát és tanítói lakást. Megvalóstásai: polgári iskolákra képesítő tanári oklevelet szerzett. Olvasó-egyletet, könyvtárat létesített és megalaktotta a Görgényi Tanítói Kört (1881).A mv.-i ev. ref. egyház ismét meghívta leányiskolájához (1891), melynek igazgatója lett. A meglevő elemi leányiskola mellé polgári leányiskolát és nőipariskolát szervezett és mindahárom iskolát öt évig igazgatta. MT vm. és Mv. tanfelügyelője. A MT megyei Általános Tanítótestület tevékeny tagja. Megírta a mv.-i és MT vm. oktatásának történetét (1896). Pontos statisztikai adatai ma is használhatóak, jóllehet sokszor különböznek az Amicul şcoalei korabeli tanügyi lap adataitól (Chiorean). A kv.-i újonnan szervezett állami polgári leányiskola igazgatójává nevezték ki (1896, a kolozsmegyei tantestület elnöke volt. Részt vett az EMKE alakuló ülésen Kv.-on (1885).A Mv.-i Kaszinó másodtitkára (1892). Pedagogiai cikkeit közölte a Család és Iskoláb (melynek belmunkatársa), a Néptanítók Lapja, A kisdednevelés, A népiskola közegészségügye, Kolozsvár. (A rajztanítás módszere a népiskolákban, Nép- és Ifjusági könyvtárak, Tankönyvirodalmunk és az ajánlott tankönyvek, A nőnevelésről, A mv.-i ev. ref. egyház iskoláinak története, Mária Terézia és II. József tanügyi rendeleteinek hatása az erdélyrészi oktatásügyre, Az erdélyrészi oktatásügy a nemzeti ébredés korában 1790–1820., Visszapillantás népoktatás ügyünkre). A Maros-Vidéknek két évig társszerkesztője volt Mv.-t. – <strong>F. m.:</strong> Marostordavármegye és Marosvásárhely népoktatási intézeteinek története (Mv., 1896); <strong>antológ.:</strong> Parádi Kálmán: Az evangélium szerint reformált erdélyrészi egyházkerület fő- közép- és elemi oskoláinak állapotrajza (Kv., 1896); Emléklapok Deák Lajos kir. tanácsos, tanfelügyelő huszonötéves jubileuma alkalmából (Mv., 1908). <br /><strong>Irod.:</strong> Bíró Donát: Szászrégen és vidéke; Chiorean 2008; Emlékkönyv, Házsongárd; Időtár 2; Illyés Endre: Egyházfegyelem a magyar ref. egyházban (Debrecen, 1941); A mv.-i Casino Jókai ünnepélye 1894. jan. 6. (Mv., 1894); Sándor; Szinnyei; Vaday</br></p>

<p>Asszonynépe, 1855. ápr. 30., † 1922: tanár, leányiskolai igazgató. – Felesége:Hineck Berta (esk. 1876) A hat gimn. oszt.-t a nagyenyedi Bethlen-főiskolában, a VII. és VIII-at a mv.-i ev. ref. főiskolában végezte (1875). Még ugyanazon évben a mv.-i ev. ref. egyház hívta meg leányiskolájába tanítónak. A kv-i állami tanítóképzőben elemi tanítói oklevelet szerzett (1876) és görgényszentimrei [&hellip;]</p>
