{"id":17468,"date":"2025-07-16T10:15:57","date_gmt":"2025-07-16T08:15:57","guid":{"rendered":"https:\/\/uj.adatbank.ro\/lexikon\/termek\/palmay-jozsef-szoblahoi-alneve-ven-gothos\/"},"modified":"2025-07-16T10:15:57","modified_gmt":"2025-07-16T08:15:57","slug":"palmay-jozsef-szoblahoi-alneve-ven-gothos","status":"publish","type":"product","link":"https:\/\/uj.adatbank.ro\/lexikon\/termek\/palmay-jozsef-szoblahoi-alneve-ven-gothos\/","title":{"rendered":"P\u00c1LMAY J\u00f3zsef, szoblah\u00f3i; \u00e1lneve: V\u00e9n G\u00f6th\u00f6s"},"content":{"rendered":"<p>Eperjes, 1863. m\u00e1rc. 16., \u2020\u00a0?: katonatiszt, lev\u00e9lt\u00e1ros, csal\u00e1dt\u00f6rt\u00e9net\u00edr\u00f3. \u2013 K\u00f6z\u00e9piskol\u00e1it L\u00e9v\u00e1n, B\u00e9csben v\u00e9gezte, majd a k\u00e1rolyv\u00e1rosi (1879\u201380) \u00e9s Bp.-en (1880\u201383) a gyalogs\u00e1gi hadapr\u00f3diskol\u00e1ban tanult. Hadapr\u00f3d \u00e9s hadapr\u00f3d tiszthelyettes Mv.-en (1884\u201386), Szegeden, Prepolj\u00e9n (1887) szolg\u00e1lt, tartal\u00e9kos \u00e1llom\u00e1nyba ker\u00fclt. K\u00f6zjegyz\u0151 Boly\u00e1n, a berethalmi j\u00e1r\u00e1sban, sz\u0151kefalvi k\u00f6rjegyz\u0151 (1892), lev\u00e9lt\u00e1rnok Sz\u00e9kelyudvarhelyen (1897\u2013). Okm\u00e1nyokat adom\u00e1nyozott a Sz\u00e9kely Nemzeti M\u00fazeumnak (1901\u201302). Csal\u00e1dt\u00f6rt\u00e9neti kutat\u00e1sai miatt feladta \u00e1ll\u00e1s\u00e1t, Mv.-re k\u00f6lt\u00f6z\u00f6tt, ezut\u00e1n kiz\u00e1r\u00f3lag a sz\u00e9kely csal\u00e1dok geneal\u00f3gi\u00e1j\u00e1val foglalkozott. Mo.-ra telep\u00fclt (1920). A Magyarorsz\u00e1g C\u00edmeres K\u00f6nyve helyi \u00fcgyvezet\u0151 szerkeszt\u0151je. Cikkeit, tanulm\u00e1nyait k\u00f6zli a Kolozsv\u00e1r, Sz\u00e9kely Nemzet, Erd\u00e9lyi M\u00fazeum, Turul. A Magyar T\u00f6rt\u00e9nelmi T\u00e1rsulat r. tagja, a Magyar Heraldikai \u00e9s Genealogiai T\u00e1rsas\u00e1g tagja. Feles\u00e9ge S\u00e1rdi Sim\u00e9n Janka. \u2013 <strong>F. m.:<\/strong> Udvarhely v\u00e1rmegye nemes csal\u00e1djai (Sz\u00e9kelyudvarhely, 1900); H\u00e1romsz\u00e9k v\u00e1rmegye nemes csal\u00e1djai (Sepsiszentgy\u00f6rgy, 1902); Marostorda v\u00e1rmegye nemes csal\u00e1djai (Mv., 1904); A sz\u00e9kely v\u00e9rtanuk \u00e9s a marosv\u00e1s\u00e1rhelyi ref. temet\u0151 s\u00edreml\u00e9kei (Bp., 1913); t\u00e1rssz. ifj. Bi\u00e1s Istv\u00e1nnal A r\u00f3mai szent birodalmi Sz\u00e9ki gr\u00f3f Teleki-nemzets\u00e9g maros-v\u00e1s\u00e1rhelyi lev\u00e1lt\u00e1r\u00e1ban \u00f6rz\u00f6tt, eredeti okiratokon lev\u0151 c\u00edmeres pecs\u00e9tek bet\u0171soros jegyz\u00e9ke (Mv., 1909); Mo. c\u00edmeres k\u00f6nyve (Bp., 1913). <br \/><strong>Irod.:<\/strong> Id\u0151t\u00e1r 2; Id\u0151t\u00e1r 3; Id\u0151t\u00e1r 3; K\u00f6bl\u00f6s Zolt\u00e1n: Magyar csal\u00e1dt\u00f6rt\u00e9neti k\u00f6nyv\u00e9szet (Kv., 1909); MMA; P\u00e1lmay S\u00e1ndor: Szoblah\u00f3i P.J. csal\u00e1dt\u00f6rt\u00e9net\u00edr\u00f3 mag\u00e1nlev\u00e9lt\u00e1r\u00e1nak anyaga, 1526\u20131849 (Mv., 1911); S\u00e1ndor; Szinnyei<\/br><\/p>\n","protected":false},"excerpt":{"rendered":"<p>Eperjes, 1863. m\u00e1rc. 16., \u2020\u00a0?: katonatiszt, lev\u00e9lt\u00e1ros, csal\u00e1dt\u00f6rt\u00e9net\u00edr\u00f3. \u2013 K\u00f6z\u00e9piskol\u00e1it L\u00e9v\u00e1n, B\u00e9csben v\u00e9gezte, majd a k\u00e1rolyv\u00e1rosi (1879\u201380) \u00e9s Bp.-en (1880\u201383) a gyalogs\u00e1gi hadapr\u00f3diskol\u00e1ban tanult. Hadapr\u00f3d \u00e9s hadapr\u00f3d tiszthelyettes Mv.-en (1884\u201386), Szegeden, Prepolj\u00e9n (1887) szolg\u00e1lt, tartal\u00e9kos \u00e1llom\u00e1nyba ker\u00fclt. K\u00f6zjegyz\u0151 Boly\u00e1n, a berethalmi j\u00e1r\u00e1sban, sz\u0151kefalvi k\u00f6rjegyz\u0151 (1892), lev\u00e9lt\u00e1rnok Sz\u00e9kelyudvarhelyen (1897\u2013). Okm\u00e1nyokat adom\u00e1nyozott a Sz\u00e9kely Nemzeti M\u00fazeumnak (1901\u201302). [&hellip;]<\/p>\n","protected":false},"featured_media":0,"comment_status":"open","ping_status":"closed","template":"","meta":[],"product_brand":[],"product_cat":[137],"product_tag":[],"class_list":{"0":"post-17468","1":"product","2":"type-product","3":"status-publish","5":"product_cat-maros-megyei-eletrajzi-lexikon","7":"first","8":"instock","9":"shipping-taxable","10":"product-type-simple"},"_links":{"self":[{"href":"https:\/\/uj.adatbank.ro\/lexikon\/wp-json\/wp\/v2\/product\/17468","targetHints":{"allow":["GET"]}}],"collection":[{"href":"https:\/\/uj.adatbank.ro\/lexikon\/wp-json\/wp\/v2\/product"}],"about":[{"href":"https:\/\/uj.adatbank.ro\/lexikon\/wp-json\/wp\/v2\/types\/product"}],"replies":[{"embeddable":true,"href":"https:\/\/uj.adatbank.ro\/lexikon\/wp-json\/wp\/v2\/comments?post=17468"}],"wp:attachment":[{"href":"https:\/\/uj.adatbank.ro\/lexikon\/wp-json\/wp\/v2\/media?parent=17468"}],"wp:term":[{"taxonomy":"product_brand","embeddable":true,"href":"https:\/\/uj.adatbank.ro\/lexikon\/wp-json\/wp\/v2\/product_brand?post=17468"},{"taxonomy":"product_cat","embeddable":true,"href":"https:\/\/uj.adatbank.ro\/lexikon\/wp-json\/wp\/v2\/product_cat?post=17468"},{"taxonomy":"product_tag","embeddable":true,"href":"https:\/\/uj.adatbank.ro\/lexikon\/wp-json\/wp\/v2\/product_tag?post=17468"}],"curies":[{"name":"wp","href":"https:\/\/api.w.org\/{rel}","templated":true}]}}

PÁLMAY József, szoblahói; álneve: Vén Göthös

<p>Eperjes, 1863. márc. 16., † ?: katonatiszt, levéltáros, családtörténetíró. – Középiskoláit Léván, Bécsben végezte, majd a károlyvárosi (1879–80) és Bp.-en (1880–83) a gyalogsági hadapródiskolában tanult. Hadapród és hadapród tiszthelyettes Mv.-en (1884–86), Szegeden, Prepoljén (1887) szolgált, tartalékos állományba került. Közjegyző Bolyán, a berethalmi járásban, szőkefalvi körjegyző (1892), levéltárnok Székelyudvarhelyen (1897–). Okmányokat adományozott a Székely Nemzeti Múzeumnak (1901–02). Családtörténeti kutatásai miatt feladta állását, Mv.-re költözött, ezután kizárólag a székely családok genealógiájával foglalkozott. Mo.-ra települt (1920). A Magyarország Címeres Könyve helyi ügyvezető szerkesztője. Cikkeit, tanulmányait közli a Kolozsvár, Székely Nemzet, Erdélyi Múzeum, Turul. A Magyar Történelmi Társulat r. tagja, a Magyar Heraldikai és Genealogiai Társaság tagja. Felesége Sárdi Simén Janka. – <strong>F. m.:</strong> Udvarhely vármegye nemes családjai (Székelyudvarhely, 1900); Háromszék vármegye nemes családjai (Sepsiszentgyörgy, 1902); Marostorda vármegye nemes családjai (Mv., 1904); A székely vértanuk és a marosvásárhelyi ref. temető síremlékei (Bp., 1913); társsz. ifj. Biás Istvánnal A római szent birodalmi Széki gróf Teleki-nemzetség maros-vásárhelyi leváltárában örzött, eredeti okiratokon levő címeres pecsétek betűsoros jegyzéke (Mv., 1909); Mo. címeres könyve (Bp., 1913). <br /><strong>Irod.:</strong> Időtár 2; Időtár 3; Időtár 3; Köblös Zoltán: Magyar családtörténeti könyvészet (Kv., 1909); MMA; Pálmay Sándor: Szoblahói P.J. családtörténetíró magánlevéltárának anyaga, 1526–1849 (Mv., 1911); Sándor; Szinnyei</br></p>

<p>Eperjes, 1863. márc. 16., † ?: katonatiszt, levéltáros, családtörténetíró. – Középiskoláit Léván, Bécsben végezte, majd a károlyvárosi (1879–80) és Bp.-en (1880–83) a gyalogsági hadapródiskolában tanult. Hadapród és hadapród tiszthelyettes Mv.-en (1884–86), Szegeden, Prepoljén (1887) szolgált, tartalékos állományba került. Közjegyző Bolyán, a berethalmi járásban, szőkefalvi körjegyző (1892), levéltárnok Székelyudvarhelyen (1897–). Okmányokat adományozott a Székely Nemzeti Múzeumnak (1901–02). [&hellip;]</p>
