{"id":17470,"date":"2025-07-16T10:16:01","date_gmt":"2025-07-16T08:16:01","guid":{"rendered":"https:\/\/uj.adatbank.ro\/lexikon\/termek\/paloczi-horvath-csalad\/"},"modified":"2025-07-16T10:16:01","modified_gmt":"2025-07-16T08:16:01","slug":"paloczi-horvath-csalad","status":"publish","type":"product","link":"https:\/\/uj.adatbank.ro\/lexikon\/termek\/paloczi-horvath-csalad\/","title":{"rendered":"P\u00c1L\u00d3CZI HORV\u00c1TH csal\u00e1d"},"content":{"rendered":"<p>K\u00fck\u00fcll\u0151sz\u00e9plakon kast\u00e9lyuk volt, az unit. egyh\u00e1z patr\u00f3nusai voltak. <br \/><strong>Irod.:<\/strong> Erd\u00e9lyi unit. 1848\u201349<\/br><\/p>\n","protected":false},"excerpt":{"rendered":"<p>K\u00fck\u00fcll\u0151sz\u00e9plakon kast\u00e9lyuk volt, az unit. egyh\u00e1z patr\u00f3nusai voltak. Irod.: Erd\u00e9lyi unit. 1848\u201349<\/p>\n","protected":false},"featured_media":0,"comment_status":"open","ping_status":"closed","template":"","meta":[],"product_brand":[],"product_cat":[137],"product_tag":[],"class_list":{"0":"post-17470","1":"product","2":"type-product","3":"status-publish","5":"product_cat-maros-megyei-eletrajzi-lexikon","7":"first","8":"instock","9":"shipping-taxable","10":"product-type-simple"},"_links":{"self":[{"href":"https:\/\/uj.adatbank.ro\/lexikon\/wp-json\/wp\/v2\/product\/17470","targetHints":{"allow":["GET"]}}],"collection":[{"href":"https:\/\/uj.adatbank.ro\/lexikon\/wp-json\/wp\/v2\/product"}],"about":[{"href":"https:\/\/uj.adatbank.ro\/lexikon\/wp-json\/wp\/v2\/types\/product"}],"replies":[{"embeddable":true,"href":"https:\/\/uj.adatbank.ro\/lexikon\/wp-json\/wp\/v2\/comments?post=17470"}],"wp:attachment":[{"href":"https:\/\/uj.adatbank.ro\/lexikon\/wp-json\/wp\/v2\/media?parent=17470"}],"wp:term":[{"taxonomy":"product_brand","embeddable":true,"href":"https:\/\/uj.adatbank.ro\/lexikon\/wp-json\/wp\/v2\/product_brand?post=17470"},{"taxonomy":"product_cat","embeddable":true,"href":"https:\/\/uj.adatbank.ro\/lexikon\/wp-json\/wp\/v2\/product_cat?post=17470"},{"taxonomy":"product_tag","embeddable":true,"href":"https:\/\/uj.adatbank.ro\/lexikon\/wp-json\/wp\/v2\/product_tag?post=17470"}],"curies":[{"name":"wp","href":"https:\/\/api.w.org\/{rel}","templated":true}]}}