{"id":17475,"date":"2025-07-16T10:16:12","date_gmt":"2025-07-16T08:16:12","guid":{"rendered":"https:\/\/uj.adatbank.ro\/lexikon\/termek\/palotas-andras\/"},"modified":"2025-07-16T10:16:12","modified_gmt":"2025-07-16T08:16:12","slug":"palotas-andras","status":"publish","type":"product","link":"https:\/\/uj.adatbank.ro\/lexikon\/termek\/palotas-andras\/","title":{"rendered":"PALOT\u00c1S Andr\u00e1s"},"content":{"rendered":"<p>Koronka, 1939. okt. 26., \u2020\u00a0Mv., 1985.: munk\u00e1s, mag\u00e1nv\u00e1llalkoz\u00f3. \u2013 Letart\u00f3ztat\u00e1sakor (1960. j\u00fan.28.) a mv.-i \u00e9p\u00edt\u00e9szeti technikum tanul\u00f3ja volt. A MAT Katonai \u00dcgy\u00e9szs\u00e9ge a t\u00e1rsadalmi rend elleni tev\u00e9kenys\u00e9g v\u00e1dj\u00e1val \u00e1ll\u00edtotta b\u00edr\u00f3s\u00e1g el\u00e9. A kv.-i Katonai T\u00f6rv\u00e9nysz\u00e9k mint a Fekete K\u00e9z nev\u0171 \u00ab fegyveres ellenforradalmi szervezet\u00a0\u00ab els\u0151rend\u0171 v\u00e1dlottj\u00e1t, 22 \u00e9vi k\u00e9nyszermunk\u00e1ra \u00edt\u00e9lte. (Szervezet\u00fck val\u00f3j\u00e1ban a magyar iskolah\u00e1l\u00f3zat \u00ab egyes\u00edt\u00e9s\u00a0\u00ab c\u00edmen t\u00f6rt\u00e9n\u0151 felsz\u00e1mol\u00e1sa ellen tiltakoz\u00f3 akci\u00f3kat k\u00e9sz\u00fclt szervezni.) A Duna-delta k\u00e9nyszermunkat\u00e1boraiban dolgozott. Szabadul\u00e1sa (1964. j\u00fal. 28.) ut\u00e1n Mv.-en a goly\u00f3scsap\u00e1gy gy\u00e1rban dolgozott, majd mag\u00e1nv\u00e1llalkoz\u00f3 lett. <br \/><strong>Irod.:<\/strong> 1956 Erd\u00e9lyben; Bartos 2012<\/br><\/p>\n","protected":false},"excerpt":{"rendered":"<p>Koronka, 1939. okt. 26., \u2020\u00a0Mv., 1985.: munk\u00e1s, mag\u00e1nv\u00e1llalkoz\u00f3. \u2013 Letart\u00f3ztat\u00e1sakor (1960. j\u00fan.28.) a mv.-i \u00e9p\u00edt\u00e9szeti technikum tanul\u00f3ja volt. A MAT Katonai \u00dcgy\u00e9szs\u00e9ge a t\u00e1rsadalmi rend elleni tev\u00e9kenys\u00e9g v\u00e1dj\u00e1val \u00e1ll\u00edtotta b\u00edr\u00f3s\u00e1g el\u00e9. A kv.-i Katonai T\u00f6rv\u00e9nysz\u00e9k mint a Fekete K\u00e9z nev\u0171 \u00ab fegyveres ellenforradalmi szervezet\u00a0\u00ab els\u0151rend\u0171 v\u00e1dlottj\u00e1t, 22 \u00e9vi k\u00e9nyszermunk\u00e1ra \u00edt\u00e9lte. (Szervezet\u00fck val\u00f3j\u00e1ban a magyar iskolah\u00e1l\u00f3zat [&hellip;]<\/p>\n","protected":false},"featured_media":0,"comment_status":"open","ping_status":"closed","template":"","meta":[],"product_brand":[],"product_cat":[137],"product_tag":[],"class_list":{"0":"post-17475","1":"product","2":"type-product","3":"status-publish","5":"product_cat-maros-megyei-eletrajzi-lexikon","7":"first","8":"instock","9":"shipping-taxable","10":"product-type-simple"},"_links":{"self":[{"href":"https:\/\/uj.adatbank.ro\/lexikon\/wp-json\/wp\/v2\/product\/17475","targetHints":{"allow":["GET"]}}],"collection":[{"href":"https:\/\/uj.adatbank.ro\/lexikon\/wp-json\/wp\/v2\/product"}],"about":[{"href":"https:\/\/uj.adatbank.ro\/lexikon\/wp-json\/wp\/v2\/types\/product"}],"replies":[{"embeddable":true,"href":"https:\/\/uj.adatbank.ro\/lexikon\/wp-json\/wp\/v2\/comments?post=17475"}],"wp:attachment":[{"href":"https:\/\/uj.adatbank.ro\/lexikon\/wp-json\/wp\/v2\/media?parent=17475"}],"wp:term":[{"taxonomy":"product_brand","embeddable":true,"href":"https:\/\/uj.adatbank.ro\/lexikon\/wp-json\/wp\/v2\/product_brand?post=17475"},{"taxonomy":"product_cat","embeddable":true,"href":"https:\/\/uj.adatbank.ro\/lexikon\/wp-json\/wp\/v2\/product_cat?post=17475"},{"taxonomy":"product_tag","embeddable":true,"href":"https:\/\/uj.adatbank.ro\/lexikon\/wp-json\/wp\/v2\/product_tag?post=17475"}],"curies":[{"name":"wp","href":"https:\/\/api.w.org\/{rel}","templated":true}]}}