{"id":17484,"date":"2025-07-16T10:16:32","date_gmt":"2025-07-16T08:16:32","guid":{"rendered":"https:\/\/uj.adatbank.ro\/lexikon\/termek\/panajoth-albert\/"},"modified":"2025-07-16T10:16:32","modified_gmt":"2025-07-16T08:16:32","slug":"panajoth-albert","status":"publish","type":"product","link":"https:\/\/uj.adatbank.ro\/lexikon\/termek\/panajoth-albert\/","title":{"rendered":"PANAJOTH Albert"},"content":{"rendered":"<p>\u2020\u00a0?: a mv.-i Nyilas P\u00e1rt eln\u00f6ke (1942 \u2013 1943). L\u00e9ha \u00e9letet \u00e9lt, csak a sz\u00f3rakoz\u00e1s \u00e9s a tenisz \u00e9rdekelte. Fajgy\u0171l\u00f6l\u0151 \u00e9rzelmeit nem is leplezte, m\u00e9g az utc\u00e1n is k\u00e9pes volt zsid\u00f3 embert b\u00e1ntalmazni. Sok ifj\u00fat toborzott a p\u00e1rtj\u00e1nak, \u00e9s sz\u00e1mtalan terrorcselekedetet hajtottak v\u00e9gre (1944 tavasz\u00e1n). A felel\u0151ss\u00e9grevon\u00e1s el\u0151l Bp.-re menek\u00fclt, bujk\u00e1lt.(1944.).-<br \/><strong>Irod.:<\/strong> B\u0103la\u015f\u2013Kocsis<\/br><\/p>\n","protected":false},"excerpt":{"rendered":"<p>\u2020\u00a0?: a mv.-i Nyilas P\u00e1rt eln\u00f6ke (1942 \u2013 1943). L\u00e9ha \u00e9letet \u00e9lt, csak a sz\u00f3rakoz\u00e1s \u00e9s a tenisz \u00e9rdekelte. Fajgy\u0171l\u00f6l\u0151 \u00e9rzelmeit nem is leplezte, m\u00e9g az utc\u00e1n is k\u00e9pes volt zsid\u00f3 embert b\u00e1ntalmazni. Sok ifj\u00fat toborzott a p\u00e1rtj\u00e1nak, \u00e9s sz\u00e1mtalan terrorcselekedetet hajtottak v\u00e9gre (1944 tavasz\u00e1n). A felel\u0151ss\u00e9grevon\u00e1s el\u0151l Bp.-re menek\u00fclt, bujk\u00e1lt.(1944.).-Irod.: B\u0103la\u015f\u2013Kocsis<\/p>\n","protected":false},"featured_media":0,"comment_status":"open","ping_status":"closed","template":"","meta":[],"product_brand":[],"product_cat":[137],"product_tag":[],"class_list":{"0":"post-17484","1":"product","2":"type-product","3":"status-publish","5":"product_cat-maros-megyei-eletrajzi-lexikon","7":"first","8":"instock","9":"shipping-taxable","10":"product-type-simple"},"_links":{"self":[{"href":"https:\/\/uj.adatbank.ro\/lexikon\/wp-json\/wp\/v2\/product\/17484","targetHints":{"allow":["GET"]}}],"collection":[{"href":"https:\/\/uj.adatbank.ro\/lexikon\/wp-json\/wp\/v2\/product"}],"about":[{"href":"https:\/\/uj.adatbank.ro\/lexikon\/wp-json\/wp\/v2\/types\/product"}],"replies":[{"embeddable":true,"href":"https:\/\/uj.adatbank.ro\/lexikon\/wp-json\/wp\/v2\/comments?post=17484"}],"wp:attachment":[{"href":"https:\/\/uj.adatbank.ro\/lexikon\/wp-json\/wp\/v2\/media?parent=17484"}],"wp:term":[{"taxonomy":"product_brand","embeddable":true,"href":"https:\/\/uj.adatbank.ro\/lexikon\/wp-json\/wp\/v2\/product_brand?post=17484"},{"taxonomy":"product_cat","embeddable":true,"href":"https:\/\/uj.adatbank.ro\/lexikon\/wp-json\/wp\/v2\/product_cat?post=17484"},{"taxonomy":"product_tag","embeddable":true,"href":"https:\/\/uj.adatbank.ro\/lexikon\/wp-json\/wp\/v2\/product_tag?post=17484"}],"curies":[{"name":"wp","href":"https:\/\/api.w.org\/{rel}","templated":true}]}}