{"id":1749,"date":"2025-06-28T11:51:57","date_gmt":"2025-06-28T09:51:57","guid":{"rendered":"https:\/\/uj.adatbank.ro\/lexikon\/termek\/albu-ioan-%c2%a7\/"},"modified":"2025-06-28T11:51:57","modified_gmt":"2025-06-28T09:51:57","slug":"albu-ioan-%c2%a7","status":"publish","type":"product","link":"https:\/\/uj.adatbank.ro\/lexikon\/termek\/albu-ioan-%c2%a7\/","title":{"rendered":"ALBU Ioan, \u00a7"},"content":{"rendered":"<p>G\u00f6rg\u00e9nyhod\u00e1k, 1918. \u00e1pr. 7., \u2020 Kv., 1997. jan. 6.: jog\u00e1sz, egyetemi tan\u00e1r. \u2013 Hadnagyi rangban harcolt a II. vh.-ban. Tan\u00e1rseg\u00e9d (1949\u201352), lektor (1952\u201364), el\u0151ad\u00f3tan\u00e1r (1964\u201370), professzor (1970\u201383) a kv.-i BBTE jogi kar\u00e1n. Doktor\u00e1tust szerzett (1964). Dolgozatokkal r\u00e9szt vett a pozsonyi (1974) \u00e9s az uppsalai (1979) nemzetk\u00f6zi konferenci\u00e1n. Kit\u00fcntet\u00e9se: a Rom\u00e1n Akad. Simion B\u0103rni\u0163iu d\u00edja (1976). Tanulm\u00e1nyai, cikkei hazai \u00e9s k\u00fclf\u00f6ldi foly\u00f3iratokban jelentek meg. \u2013 <strong>F. m.:<\/strong> Curs de drept funciar. C\u0103r\u0163ile funciare (1957); Dreptul familiei (Buc,1975); Drept civil Introducere \u00een studiul obliga\u0163iilor (Cluj, 1984); C\u0103s\u0103toria \u00een dreptul rom\u00e2n (Cluj, 1988); Drept civil.Contractul \u015fi r\u0103spunderea contractual\u0103 (Cluj,1994); Noile c\u0103r\u0163i funciare (1997); <strong>t\u00e1rssz.:<\/strong> Rolul \u015fi func\u0163iile dreptului (1976); \u00cenfierea (Reghini Ionel, Szabo Paul Andrei-jel; Cluj, 1977); R\u0103spunderea civil\u0103 pentru daunele morale (Ursu Victorral; Cluj, 1979). <br \/><strong>Irod.:<\/strong> Fomade; Todea 2013<\/br><\/p>\n","protected":false},"excerpt":{"rendered":"<p>G\u00f6rg\u00e9nyhod\u00e1k, 1918. \u00e1pr. 7., \u2020 Kv., 1997. jan. 6.: jog\u00e1sz, egyetemi tan\u00e1r. \u2013 Hadnagyi rangban harcolt a II. vh.-ban. Tan\u00e1rseg\u00e9d (1949\u201352), lektor (1952\u201364), el\u0151ad\u00f3tan\u00e1r (1964\u201370), professzor (1970\u201383) a kv.-i BBTE jogi kar\u00e1n. Doktor\u00e1tust szerzett (1964). Dolgozatokkal r\u00e9szt vett a pozsonyi (1974) \u00e9s az uppsalai (1979) nemzetk\u00f6zi konferenci\u00e1n. Kit\u00fcntet\u00e9se: a Rom\u00e1n Akad. Simion B\u0103rni\u0163iu d\u00edja (1976). [&hellip;]<\/p>\n","protected":false},"featured_media":0,"comment_status":"open","ping_status":"closed","template":"","meta":[],"product_brand":[],"product_cat":[137],"product_tag":[],"class_list":{"0":"post-1749","1":"product","2":"type-product","3":"status-publish","5":"product_cat-maros-megyei-eletrajzi-lexikon","7":"first","8":"instock","9":"shipping-taxable","10":"product-type-simple"},"_links":{"self":[{"href":"https:\/\/uj.adatbank.ro\/lexikon\/wp-json\/wp\/v2\/product\/1749","targetHints":{"allow":["GET"]}}],"collection":[{"href":"https:\/\/uj.adatbank.ro\/lexikon\/wp-json\/wp\/v2\/product"}],"about":[{"href":"https:\/\/uj.adatbank.ro\/lexikon\/wp-json\/wp\/v2\/types\/product"}],"replies":[{"embeddable":true,"href":"https:\/\/uj.adatbank.ro\/lexikon\/wp-json\/wp\/v2\/comments?post=1749"}],"wp:attachment":[{"href":"https:\/\/uj.adatbank.ro\/lexikon\/wp-json\/wp\/v2\/media?parent=1749"}],"wp:term":[{"taxonomy":"product_brand","embeddable":true,"href":"https:\/\/uj.adatbank.ro\/lexikon\/wp-json\/wp\/v2\/product_brand?post=1749"},{"taxonomy":"product_cat","embeddable":true,"href":"https:\/\/uj.adatbank.ro\/lexikon\/wp-json\/wp\/v2\/product_cat?post=1749"},{"taxonomy":"product_tag","embeddable":true,"href":"https:\/\/uj.adatbank.ro\/lexikon\/wp-json\/wp\/v2\/product_tag?post=1749"}],"curies":[{"name":"wp","href":"https:\/\/api.w.org\/{rel}","templated":true}]}}

<p>Görgényhodák, 1918. ápr. 7., † Kv., 1997. jan. 6.: jogász, egyetemi tanár. – Hadnagyi rangban harcolt a II. vh.-ban. Tanársegéd (1949–52), lektor (1952–64), előadótanár (1964–70), professzor (1970–83) a kv.-i BBTE jogi karán. Doktorátust szerzett (1964). Dolgozatokkal részt vett a pozsonyi (1974) és az uppsalai (1979) nemzetközi konferencián. Kitüntetése: a Román Akad. Simion Bărniţiu díja (1976). Tanulmányai, cikkei hazai és külföldi folyóiratokban jelentek meg. – <strong>F. m.:</strong> Curs de drept funciar. Cărţile funciare (1957); Dreptul familiei (Buc,1975); Drept civil Introducere în studiul obligaţiilor (Cluj, 1984); Căsătoria în dreptul român (Cluj, 1988); Drept civil.Contractul şi răspunderea contractuală (Cluj,1994); Noile cărţi funciare (1997); <strong>társsz.:</strong> Rolul şi funcţiile dreptului (1976); Înfierea (Reghini Ionel, Szabo Paul Andrei-jel; Cluj, 1977); Răspunderea civilă pentru daunele morale (Ursu Victorral; Cluj, 1979). <br /><strong>Irod.:</strong> Fomade; Todea 2013</br></p>

<p>Görgényhodák, 1918. ápr. 7., † Kv., 1997. jan. 6.: jogász, egyetemi tanár. – Hadnagyi rangban harcolt a II. vh.-ban. Tanársegéd (1949–52), lektor (1952–64), előadótanár (1964–70), professzor (1970–83) a kv.-i BBTE jogi karán. Doktorátust szerzett (1964). Dolgozatokkal részt vett a pozsonyi (1974) és az uppsalai (1979) nemzetközi konferencián. Kitüntetése: a Román Akad. Simion Bărniţiu díja (1976). [&hellip;]</p>
