{"id":17499,"date":"2025-07-16T10:17:11","date_gmt":"2025-07-16T08:17:11","guid":{"rendered":"https:\/\/uj.adatbank.ro\/lexikon\/termek\/paneth-farkas\/"},"modified":"2025-07-16T10:17:11","modified_gmt":"2025-07-16T08:17:11","slug":"paneth-farkas","status":"publish","type":"product","link":"https:\/\/uj.adatbank.ro\/lexikon\/termek\/paneth-farkas\/","title":{"rendered":"PANETH Farkas"},"content":{"rendered":"<p>? \u2020\u00a0?\u00a0(1999 \u00e1pr.-ban 83 \u00e9ves volt ): asztaliteniszez\u0151. \u2013 Tan\u00edt\u00f3k\u00e9pz\u0151t v\u00e9gzett. Az 1936-os Asztalitenisz Vil\u00e1gbajnoks\u00e1gon k\u00e9t \u00f3r\u00e1t \u00e9s 15 percet j\u00e1tszott egy osztr\u00e1k j\u00e1t\u00e9kossal, ami\u00e9rt beker\u00fclt a Rekordok K\u00f6nyv\u00e9be, \u00e9s m\u00e1sodik helyet \u00e9rt el. Edz\u0151 lett (1940\u2013), deport\u00e1lt\u00e1k (1945-ig). \u00d6tsz\u00f6r nyerte meg az Eur\u00f3pa Bajnoks\u00e1g Kup\u00e1j\u00e1t. \u2013 <strong>F. m.:<\/strong> Paleta \u015fi Planeta c. 400 oldalas \u00e9s 83 k\u00e9ppel illusztr\u00e1lt szakk\u00f6nyvet \u00e9s m\u00e9g egy asztalitenisz- szakk\u00f6nyvet.(nincs meg a c\u00edme). <br \/><strong>Irod.:<\/strong> Aurel Ra\u0163iu: La vinclu (Tg. M., 2007) Ezt k\u00e9zbe kell venni !!!<\/br><\/p>\n","protected":false},"excerpt":{"rendered":"<p>? \u2020\u00a0?\u00a0(1999 \u00e1pr.-ban 83 \u00e9ves volt ): asztaliteniszez\u0151. \u2013 Tan\u00edt\u00f3k\u00e9pz\u0151t v\u00e9gzett. Az 1936-os Asztalitenisz Vil\u00e1gbajnoks\u00e1gon k\u00e9t \u00f3r\u00e1t \u00e9s 15 percet j\u00e1tszott egy osztr\u00e1k j\u00e1t\u00e9kossal, ami\u00e9rt beker\u00fclt a Rekordok K\u00f6nyv\u00e9be, \u00e9s m\u00e1sodik helyet \u00e9rt el. Edz\u0151 lett (1940\u2013), deport\u00e1lt\u00e1k (1945-ig). \u00d6tsz\u00f6r nyerte meg az Eur\u00f3pa Bajnoks\u00e1g Kup\u00e1j\u00e1t. \u2013 F. m.: Paleta \u015fi Planeta c. 400 oldalas [&hellip;]<\/p>\n","protected":false},"featured_media":0,"comment_status":"open","ping_status":"closed","template":"","meta":[],"product_brand":[],"product_cat":[137],"product_tag":[],"class_list":{"0":"post-17499","1":"product","2":"type-product","3":"status-publish","5":"product_cat-maros-megyei-eletrajzi-lexikon","7":"first","8":"instock","9":"shipping-taxable","10":"product-type-simple"},"_links":{"self":[{"href":"https:\/\/uj.adatbank.ro\/lexikon\/wp-json\/wp\/v2\/product\/17499","targetHints":{"allow":["GET"]}}],"collection":[{"href":"https:\/\/uj.adatbank.ro\/lexikon\/wp-json\/wp\/v2\/product"}],"about":[{"href":"https:\/\/uj.adatbank.ro\/lexikon\/wp-json\/wp\/v2\/types\/product"}],"replies":[{"embeddable":true,"href":"https:\/\/uj.adatbank.ro\/lexikon\/wp-json\/wp\/v2\/comments?post=17499"}],"wp:attachment":[{"href":"https:\/\/uj.adatbank.ro\/lexikon\/wp-json\/wp\/v2\/media?parent=17499"}],"wp:term":[{"taxonomy":"product_brand","embeddable":true,"href":"https:\/\/uj.adatbank.ro\/lexikon\/wp-json\/wp\/v2\/product_brand?post=17499"},{"taxonomy":"product_cat","embeddable":true,"href":"https:\/\/uj.adatbank.ro\/lexikon\/wp-json\/wp\/v2\/product_cat?post=17499"},{"taxonomy":"product_tag","embeddable":true,"href":"https:\/\/uj.adatbank.ro\/lexikon\/wp-json\/wp\/v2\/product_tag?post=17499"}],"curies":[{"name":"wp","href":"https:\/\/api.w.org\/{rel}","templated":true}]}}