{"id":17509,"date":"2025-07-16T10:17:32","date_gmt":"2025-07-16T08:17:32","guid":{"rendered":"https:\/\/uj.adatbank.ro\/lexikon\/termek\/pantazescu-ernest-ioan\/"},"modified":"2025-07-16T10:17:32","modified_gmt":"2025-07-16T08:17:32","slug":"pantazescu-ernest-ioan","status":"publish","type":"product","link":"https:\/\/uj.adatbank.ro\/lexikon\/termek\/pantazescu-ernest-ioan\/","title":{"rendered":"PANTAZESCU, Ernest Ioan"},"content":{"rendered":"<p>B\u0103le\u015fti, 1919. febr. 8., \u2020 Nazn\u00e1nfalva (Maros), 1944. okt. 2. Mv.-en a rom\u00e1n katonai h\u0151s\u00f6k temet\u0151j\u00e9ben nyugszik\u00a0: alhadnagy, p.m.. \u2013 A k\u00f6z\u00e9piskol\u00e1t Pite\u015fti-en, a kereskedelmi \u00e9s ipari f\u0151iskol\u00e1t, jogi tanulm\u00e1nyokat Buk,.-ben, tartal\u00e9kos tiszti f\u0151iskol\u00e1t C\u00eempulung-Muscelben v\u00e9gezte. R\u00e9szt vett csapattest\u00e9vel a Maros \u00e9s Aranyos melletti harcokban, Mv. elfoglal\u00e1s\u00e1\u00e9rt v\u00edvott kem\u00e9ny k\u00fczdelemben (1944. szept. 18\u201328.), N\u00e1zn\u00e1nfalva felszabad\u00edt\u00e1s\u00e1ban, itt sebes\u00fclt meg hal\u00e1losan. Post mortem a Rom\u00e1n Korona \u00c9rdemrend V. fokozat\u00e1val t\u00fcntett\u00e9k ki. <br \/><strong>Irod.:<\/strong> MMK; Vasile T. Suciu\u00a0: A b\u00e1tor alhadnagy (V. Z., 1989. aug. 13.)<\/br><\/p>\n","protected":false},"excerpt":{"rendered":"<p>B\u0103le\u015fti, 1919. febr. 8., \u2020 Nazn\u00e1nfalva (Maros), 1944. okt. 2. Mv.-en a rom\u00e1n katonai h\u0151s\u00f6k temet\u0151j\u00e9ben nyugszik\u00a0: alhadnagy, p.m.. \u2013 A k\u00f6z\u00e9piskol\u00e1t Pite\u015fti-en, a kereskedelmi \u00e9s ipari f\u0151iskol\u00e1t, jogi tanulm\u00e1nyokat Buk,.-ben, tartal\u00e9kos tiszti f\u0151iskol\u00e1t C\u00eempulung-Muscelben v\u00e9gezte. R\u00e9szt vett csapattest\u00e9vel a Maros \u00e9s Aranyos melletti harcokban, Mv. elfoglal\u00e1s\u00e1\u00e9rt v\u00edvott kem\u00e9ny k\u00fczdelemben (1944. szept. 18\u201328.), N\u00e1zn\u00e1nfalva felszabad\u00edt\u00e1s\u00e1ban, [&hellip;]<\/p>\n","protected":false},"featured_media":0,"comment_status":"open","ping_status":"closed","template":"","meta":[],"product_brand":[],"product_cat":[137],"product_tag":[],"class_list":{"0":"post-17509","1":"product","2":"type-product","3":"status-publish","5":"product_cat-maros-megyei-eletrajzi-lexikon","7":"first","8":"instock","9":"shipping-taxable","10":"product-type-simple"},"_links":{"self":[{"href":"https:\/\/uj.adatbank.ro\/lexikon\/wp-json\/wp\/v2\/product\/17509","targetHints":{"allow":["GET"]}}],"collection":[{"href":"https:\/\/uj.adatbank.ro\/lexikon\/wp-json\/wp\/v2\/product"}],"about":[{"href":"https:\/\/uj.adatbank.ro\/lexikon\/wp-json\/wp\/v2\/types\/product"}],"replies":[{"embeddable":true,"href":"https:\/\/uj.adatbank.ro\/lexikon\/wp-json\/wp\/v2\/comments?post=17509"}],"wp:attachment":[{"href":"https:\/\/uj.adatbank.ro\/lexikon\/wp-json\/wp\/v2\/media?parent=17509"}],"wp:term":[{"taxonomy":"product_brand","embeddable":true,"href":"https:\/\/uj.adatbank.ro\/lexikon\/wp-json\/wp\/v2\/product_brand?post=17509"},{"taxonomy":"product_cat","embeddable":true,"href":"https:\/\/uj.adatbank.ro\/lexikon\/wp-json\/wp\/v2\/product_cat?post=17509"},{"taxonomy":"product_tag","embeddable":true,"href":"https:\/\/uj.adatbank.ro\/lexikon\/wp-json\/wp\/v2\/product_tag?post=17509"}],"curies":[{"name":"wp","href":"https:\/\/api.w.org\/{rel}","templated":true}]}}