{"id":1751,"date":"2025-06-28T11:52:00","date_gmt":"2025-06-28T09:52:00","guid":{"rendered":"https:\/\/uj.adatbank.ro\/lexikon\/termek\/albu-tibor\/"},"modified":"2025-06-28T11:52:00","modified_gmt":"2025-06-28T09:52:00","slug":"albu-tibor","status":"publish","type":"product","link":"https:\/\/uj.adatbank.ro\/lexikon\/termek\/albu-tibor\/","title":{"rendered":"ALBU Tibor"},"content":{"rendered":"<p>Szatm\u00e1rn\u00e9meti, 1927, \u2020 Mv.,1998. dec. 18.: orvos. \u2013 A MOGYI orvosi kar\u00e1n v\u00e9gzett (1953). A gernyeszegi TBC ut\u00f3kezel\u00e9st k\u00f6vet\u0151 Prevent\u00f3rium igazgat\u00f3ja, f\u0151orvos.A Teleki kast\u00e9lyban m\u0171k\u00f6dik a Prevent\u00f3rium. <br \/><strong>Irod.:<\/strong> [Nekrol\u00f3g] (N\u00fa., 1998. dec. 19.); Kiss\u2013P\u00e9terffy\u2013P\u00e9terffy<\/br><\/p>\n","protected":false},"excerpt":{"rendered":"<p>Szatm\u00e1rn\u00e9meti, 1927, \u2020 Mv.,1998. dec. 18.: orvos. \u2013 A MOGYI orvosi kar\u00e1n v\u00e9gzett (1953). A gernyeszegi TBC ut\u00f3kezel\u00e9st k\u00f6vet\u0151 Prevent\u00f3rium igazgat\u00f3ja, f\u0151orvos.A Teleki kast\u00e9lyban m\u0171k\u00f6dik a Prevent\u00f3rium. Irod.: [Nekrol\u00f3g] (N\u00fa., 1998. dec. 19.); Kiss\u2013P\u00e9terffy\u2013P\u00e9terffy<\/p>\n","protected":false},"featured_media":0,"comment_status":"open","ping_status":"closed","template":"","meta":[],"product_brand":[],"product_cat":[137],"product_tag":[],"class_list":{"0":"post-1751","1":"product","2":"type-product","3":"status-publish","5":"product_cat-maros-megyei-eletrajzi-lexikon","7":"first","8":"instock","9":"shipping-taxable","10":"product-type-simple"},"_links":{"self":[{"href":"https:\/\/uj.adatbank.ro\/lexikon\/wp-json\/wp\/v2\/product\/1751","targetHints":{"allow":["GET"]}}],"collection":[{"href":"https:\/\/uj.adatbank.ro\/lexikon\/wp-json\/wp\/v2\/product"}],"about":[{"href":"https:\/\/uj.adatbank.ro\/lexikon\/wp-json\/wp\/v2\/types\/product"}],"replies":[{"embeddable":true,"href":"https:\/\/uj.adatbank.ro\/lexikon\/wp-json\/wp\/v2\/comments?post=1751"}],"wp:attachment":[{"href":"https:\/\/uj.adatbank.ro\/lexikon\/wp-json\/wp\/v2\/media?parent=1751"}],"wp:term":[{"taxonomy":"product_brand","embeddable":true,"href":"https:\/\/uj.adatbank.ro\/lexikon\/wp-json\/wp\/v2\/product_brand?post=1751"},{"taxonomy":"product_cat","embeddable":true,"href":"https:\/\/uj.adatbank.ro\/lexikon\/wp-json\/wp\/v2\/product_cat?post=1751"},{"taxonomy":"product_tag","embeddable":true,"href":"https:\/\/uj.adatbank.ro\/lexikon\/wp-json\/wp\/v2\/product_tag?post=1751"}],"curies":[{"name":"wp","href":"https:\/\/api.w.org\/{rel}","templated":true}]}}