{"id":17513,"date":"2025-07-16T10:17:41","date_gmt":"2025-07-16T08:17:41","guid":{"rendered":"https:\/\/uj.adatbank.ro\/lexikon\/termek\/pantea-grigore\/"},"modified":"2025-07-16T10:17:41","modified_gmt":"2025-07-16T08:17:41","slug":"pantea-grigore","status":"publish","type":"product","link":"https:\/\/uj.adatbank.ro\/lexikon\/termek\/pantea-grigore\/","title":{"rendered":"PANTEA, Grigore"},"content":{"rendered":"<p>Sz\u00e1szr\u00e9gen, 1923., \u2020 Nagyenyed, 1950.: m\u00e9rn\u00f6k. \u2013 Sz\u00e1szr\u00e9genben dolgozott. Antikommunista harcos. A Securitate emberei letart\u00f3ztatt\u00e1k, el\u00edt\u00e9lt\u00e9k (1949), Enyedre hurcolt\u00e1k a b\u00f6rt\u00f6nbe, ahol agyonl\u0151tt\u00e9k 27 \u00e9ves kor\u00e1ban. <br \/><strong>Irod.:<\/strong> Balint; Ioni\u0163oiu<\/br><\/p>\n","protected":false},"excerpt":{"rendered":"<p>Sz\u00e1szr\u00e9gen, 1923., \u2020 Nagyenyed, 1950.: m\u00e9rn\u00f6k. \u2013 Sz\u00e1szr\u00e9genben dolgozott. Antikommunista harcos. A Securitate emberei letart\u00f3ztatt\u00e1k, el\u00edt\u00e9lt\u00e9k (1949), Enyedre hurcolt\u00e1k a b\u00f6rt\u00f6nbe, ahol agyonl\u0151tt\u00e9k 27 \u00e9ves kor\u00e1ban. Irod.: Balint; Ioni\u0163oiu<\/p>\n","protected":false},"featured_media":0,"comment_status":"open","ping_status":"closed","template":"","meta":[],"product_brand":[],"product_cat":[137],"product_tag":[],"class_list":{"0":"post-17513","1":"product","2":"type-product","3":"status-publish","5":"product_cat-maros-megyei-eletrajzi-lexikon","7":"first","8":"instock","9":"shipping-taxable","10":"product-type-simple"},"_links":{"self":[{"href":"https:\/\/uj.adatbank.ro\/lexikon\/wp-json\/wp\/v2\/product\/17513","targetHints":{"allow":["GET"]}}],"collection":[{"href":"https:\/\/uj.adatbank.ro\/lexikon\/wp-json\/wp\/v2\/product"}],"about":[{"href":"https:\/\/uj.adatbank.ro\/lexikon\/wp-json\/wp\/v2\/types\/product"}],"replies":[{"embeddable":true,"href":"https:\/\/uj.adatbank.ro\/lexikon\/wp-json\/wp\/v2\/comments?post=17513"}],"wp:attachment":[{"href":"https:\/\/uj.adatbank.ro\/lexikon\/wp-json\/wp\/v2\/media?parent=17513"}],"wp:term":[{"taxonomy":"product_brand","embeddable":true,"href":"https:\/\/uj.adatbank.ro\/lexikon\/wp-json\/wp\/v2\/product_brand?post=17513"},{"taxonomy":"product_cat","embeddable":true,"href":"https:\/\/uj.adatbank.ro\/lexikon\/wp-json\/wp\/v2\/product_cat?post=17513"},{"taxonomy":"product_tag","embeddable":true,"href":"https:\/\/uj.adatbank.ro\/lexikon\/wp-json\/wp\/v2\/product_tag?post=17513"}],"curies":[{"name":"wp","href":"https:\/\/api.w.org\/{rel}","templated":true}]}}