{"id":17521,"date":"2025-07-16T10:18:01","date_gmt":"2025-07-16T08:18:01","guid":{"rendered":"https:\/\/uj.adatbank.ro\/lexikon\/termek\/pantea-stefan-pantea-istvan\/"},"modified":"2025-07-16T10:18:01","modified_gmt":"2025-07-16T08:18:01","slug":"pantea-stefan-pantea-istvan","status":"publish","type":"product","link":"https:\/\/uj.adatbank.ro\/lexikon\/termek\/pantea-stefan-pantea-istvan\/","title":{"rendered":"PANTEA, \u015etefan, Pantea Istv\u00e1n"},"content":{"rendered":"<p>Mez\u0151r\u00fccs, 1892. aug. 14., \u2020\u00a0?: jog\u00e1sz, alisp\u00e1nja, \u00fajs\u00e1g\u00edr\u00f3. \u2013 Apja g\u00f6r. kat. esperes volt. Bal\u00e1zsfalv\u00e1n \u00e9retts\u00e9gizett, az egyetem jogi fakult\u00e1s\u00e1t Kv.-on v\u00e9gezte (1912\u2013), doktor\u00e1lt (1919). Az imp\u00e9rium v\u00e1ltoz\u00e1s ut\u00e1n Mv.-en v\u00e1rmegyei prefektusi titk\u00e1r, majd v\u00e1rmegyei jegyz\u0151, f\u0151jegyz\u0151 (1921), majd a v\u00e1rmegyei bizotts\u00e1g eln\u00f6ke (1929), A v\u00e1rmegye k\u00f6zigazgat\u00e1s\u00e1ban fontos szerepet j\u00e1tszott: a v\u00e1rmegyei Eg\u00e9szs\u00e9g\u00fcgyi Tan\u00e1cs eln\u00f6ke, s mint ilyen a megye eg\u00e9szs\u00e9g\u00fcgyi helyzet\u00e9nek jav\u00edt\u00e1s\u00e1n f\u00e1radozott. Mint vad\u00e1szati fel\u00fcgyel\u0151 is tev\u00e9kenykedett. Maros \u2013Torda megye hivatalos k\u00f6zl\u00f6ny\u00e9nek a Mure\u015f-Turda c. hetilapnak a szerkeszt\u0151je (1919-ben). \u00c9rdemei\u00e9rt a Rom\u00e1n Koronarend \u00e9s a Csillagrend lovagi keresztj\u00e9vel, a h\u00e1bor\u00fas Signum Laudis \u00e9s Nagy Ez\u00fcst Vit\u00e9zs\u00e9gi \u00c9remmel t\u00fcntett\u00e9k ki. <br \/><strong>Irod.:<\/strong> Bern\u00e1dy; Id\u0151t\u00e1r 3; Ki kicsoda?; Lexiconul vie\u0163ii publice; Sigmirean; Statutul Societ\u0103\u0163ii V\u00e2n\u0103torilor Diana (Tg. Mure\u015f, 1928)<\/br><\/p>\n","protected":false},"excerpt":{"rendered":"<p>Mez\u0151r\u00fccs, 1892. aug. 14., \u2020\u00a0?: jog\u00e1sz, alisp\u00e1nja, \u00fajs\u00e1g\u00edr\u00f3. \u2013 Apja g\u00f6r. kat. esperes volt. Bal\u00e1zsfalv\u00e1n \u00e9retts\u00e9gizett, az egyetem jogi fakult\u00e1s\u00e1t Kv.-on v\u00e9gezte (1912\u2013), doktor\u00e1lt (1919). Az imp\u00e9rium v\u00e1ltoz\u00e1s ut\u00e1n Mv.-en v\u00e1rmegyei prefektusi titk\u00e1r, majd v\u00e1rmegyei jegyz\u0151, f\u0151jegyz\u0151 (1921), majd a v\u00e1rmegyei bizotts\u00e1g eln\u00f6ke (1929), A v\u00e1rmegye k\u00f6zigazgat\u00e1s\u00e1ban fontos szerepet j\u00e1tszott: a v\u00e1rmegyei Eg\u00e9szs\u00e9g\u00fcgyi Tan\u00e1cs eln\u00f6ke, [&hellip;]<\/p>\n","protected":false},"featured_media":0,"comment_status":"open","ping_status":"closed","template":"","meta":[],"product_brand":[],"product_cat":[137],"product_tag":[],"class_list":{"0":"post-17521","1":"product","2":"type-product","3":"status-publish","5":"product_cat-maros-megyei-eletrajzi-lexikon","7":"first","8":"instock","9":"shipping-taxable","10":"product-type-simple"},"_links":{"self":[{"href":"https:\/\/uj.adatbank.ro\/lexikon\/wp-json\/wp\/v2\/product\/17521","targetHints":{"allow":["GET"]}}],"collection":[{"href":"https:\/\/uj.adatbank.ro\/lexikon\/wp-json\/wp\/v2\/product"}],"about":[{"href":"https:\/\/uj.adatbank.ro\/lexikon\/wp-json\/wp\/v2\/types\/product"}],"replies":[{"embeddable":true,"href":"https:\/\/uj.adatbank.ro\/lexikon\/wp-json\/wp\/v2\/comments?post=17521"}],"wp:attachment":[{"href":"https:\/\/uj.adatbank.ro\/lexikon\/wp-json\/wp\/v2\/media?parent=17521"}],"wp:term":[{"taxonomy":"product_brand","embeddable":true,"href":"https:\/\/uj.adatbank.ro\/lexikon\/wp-json\/wp\/v2\/product_brand?post=17521"},{"taxonomy":"product_cat","embeddable":true,"href":"https:\/\/uj.adatbank.ro\/lexikon\/wp-json\/wp\/v2\/product_cat?post=17521"},{"taxonomy":"product_tag","embeddable":true,"href":"https:\/\/uj.adatbank.ro\/lexikon\/wp-json\/wp\/v2\/product_tag?post=17521"}],"curies":[{"name":"wp","href":"https:\/\/api.w.org\/{rel}","templated":true}]}}