{"id":17523,"date":"2025-07-16T10:18:04","date_gmt":"2025-07-16T08:18:04","guid":{"rendered":"https:\/\/uj.adatbank.ro\/lexikon\/termek\/panti-andras\/"},"modified":"2025-07-16T10:18:04","modified_gmt":"2025-07-16T08:18:04","slug":"panti-andras","status":"publish","type":"product","link":"https:\/\/uj.adatbank.ro\/lexikon\/termek\/panti-andras\/","title":{"rendered":"P\u00c1NTI Andr\u00e1s"},"content":{"rendered":"<p>Sepsik\u00f6r\u00f6spatak, 1905., \u2020\u00a0?: cukr\u00e1sz. \u2013 Szabadk\u00e1n v\u00e9gezte tanulm\u00e1nyait, a cukr\u00e1sz iparban a legjobb mesterek mellett tanult, \u00f6n\u00e1ll\u00f3 lett Mv.-en (1935). A MP \u00e9s a N\u00e9pk\u00f6z\u00f6ss\u00e9g tagja volt. <br \/><strong>Irod.:<\/strong> Sz\u00e9kelyf\u00f6ld \u00ed.k.<\/br><\/p>\n","protected":false},"excerpt":{"rendered":"<p>Sepsik\u00f6r\u00f6spatak, 1905., \u2020\u00a0?: cukr\u00e1sz. \u2013 Szabadk\u00e1n v\u00e9gezte tanulm\u00e1nyait, a cukr\u00e1sz iparban a legjobb mesterek mellett tanult, \u00f6n\u00e1ll\u00f3 lett Mv.-en (1935). A MP \u00e9s a N\u00e9pk\u00f6z\u00f6ss\u00e9g tagja volt. Irod.: Sz\u00e9kelyf\u00f6ld \u00ed.k.<\/p>\n","protected":false},"featured_media":0,"comment_status":"open","ping_status":"closed","template":"","meta":[],"product_brand":[],"product_cat":[137],"product_tag":[],"class_list":{"0":"post-17523","1":"product","2":"type-product","3":"status-publish","5":"product_cat-maros-megyei-eletrajzi-lexikon","7":"first","8":"instock","9":"shipping-taxable","10":"product-type-simple"},"_links":{"self":[{"href":"https:\/\/uj.adatbank.ro\/lexikon\/wp-json\/wp\/v2\/product\/17523","targetHints":{"allow":["GET"]}}],"collection":[{"href":"https:\/\/uj.adatbank.ro\/lexikon\/wp-json\/wp\/v2\/product"}],"about":[{"href":"https:\/\/uj.adatbank.ro\/lexikon\/wp-json\/wp\/v2\/types\/product"}],"replies":[{"embeddable":true,"href":"https:\/\/uj.adatbank.ro\/lexikon\/wp-json\/wp\/v2\/comments?post=17523"}],"wp:attachment":[{"href":"https:\/\/uj.adatbank.ro\/lexikon\/wp-json\/wp\/v2\/media?parent=17523"}],"wp:term":[{"taxonomy":"product_brand","embeddable":true,"href":"https:\/\/uj.adatbank.ro\/lexikon\/wp-json\/wp\/v2\/product_brand?post=17523"},{"taxonomy":"product_cat","embeddable":true,"href":"https:\/\/uj.adatbank.ro\/lexikon\/wp-json\/wp\/v2\/product_cat?post=17523"},{"taxonomy":"product_tag","embeddable":true,"href":"https:\/\/uj.adatbank.ro\/lexikon\/wp-json\/wp\/v2\/product_tag?post=17523"}],"curies":[{"name":"wp","href":"https:\/\/api.w.org\/{rel}","templated":true}]}}