{"id":17545,"date":"2025-07-16T10:18:58","date_gmt":"2025-07-16T08:18:58","guid":{"rendered":"https:\/\/uj.adatbank.ro\/lexikon\/termek\/pap-gyula\/"},"modified":"2025-07-16T10:18:58","modified_gmt":"2025-07-16T08:18:58","slug":"pap-gyula","status":"publish","type":"product","link":"https:\/\/uj.adatbank.ro\/lexikon\/termek\/pap-gyula\/","title":{"rendered":"PAP Gyula"},"content":{"rendered":"<p>Hatolyka, 1858. m\u00e1rc. 4. \u2020\u00a01926. febr. 4., : r. k. pap. \u2013 Kv.-on \u00e9s Gyulafeh\u00e9rv\u00e1ron tanult.\u00a0Papp\u00e1 szentelt\u00e9k (1881. j\u00fal. 17.). K\u00e1pl\u00e1n Cs\u00edkr\u00e1koson, Nagyk\u00e1szonban, K\u00e9zdiszentkereszten. Lelkip\u00e1sztor Dem\u00e9nyh\u00e1z\u00e1n (1885), Hodoson (1887), Bordoson (1888), Egrest\u0151n (1892). Pl\u00e9b\u00e1nos Kily\u00e9nfalv\u00e1n, Et\u00e9den \u00e9s Ny\u00e1r\u00e1dsely\u00e9ben nyugd\u00edjaz\u00e1s\u00e1ig (1907\u201318). Szolg\u00e1lata ideje alatt \u00e9p\u00fclt fel a papilak (1908), k\u0151tornyot emeltek a templom mell\u00e9 (1909) \u00e9s \u00e1talak\u00edtott\u00e1k a r\u00e9gi templomot, karzattal b\u0151v\u00edtett\u00e9k, \u00faj orgon\u00e1t szereltettek fel (1913). Sok reform\u00e1tus t\u00e9rt \u00e1t kat. vall\u00e1sra, ami munk\u00e1j\u00e1nak eredm\u00e9ny\u00e9t d\u00edcs\u00e9ri. <br \/><strong>Irod.:<\/strong> Cs\u00edkfalva; Ferenczi S\u00e1ndor 2009; Ny\u00e1r\u00e1dselye \u00e9s egyh\u00e1zai<\/br><\/p>\n","protected":false},"excerpt":{"rendered":"<p>Hatolyka, 1858. m\u00e1rc. 4. \u2020\u00a01926. febr. 4., : r. k. pap. \u2013 Kv.-on \u00e9s Gyulafeh\u00e9rv\u00e1ron tanult.\u00a0Papp\u00e1 szentelt\u00e9k (1881. j\u00fal. 17.). K\u00e1pl\u00e1n Cs\u00edkr\u00e1koson, Nagyk\u00e1szonban, K\u00e9zdiszentkereszten. Lelkip\u00e1sztor Dem\u00e9nyh\u00e1z\u00e1n (1885), Hodoson (1887), Bordoson (1888), Egrest\u0151n (1892). Pl\u00e9b\u00e1nos Kily\u00e9nfalv\u00e1n, Et\u00e9den \u00e9s Ny\u00e1r\u00e1dsely\u00e9ben nyugd\u00edjaz\u00e1s\u00e1ig (1907\u201318). Szolg\u00e1lata ideje alatt \u00e9p\u00fclt fel a papilak (1908), k\u0151tornyot emeltek a templom mell\u00e9 (1909) \u00e9s [&hellip;]<\/p>\n","protected":false},"featured_media":0,"comment_status":"open","ping_status":"closed","template":"","meta":[],"product_brand":[],"product_cat":[137],"product_tag":[],"class_list":{"0":"post-17545","1":"product","2":"type-product","3":"status-publish","5":"product_cat-maros-megyei-eletrajzi-lexikon","7":"first","8":"instock","9":"shipping-taxable","10":"product-type-simple"},"_links":{"self":[{"href":"https:\/\/uj.adatbank.ro\/lexikon\/wp-json\/wp\/v2\/product\/17545","targetHints":{"allow":["GET"]}}],"collection":[{"href":"https:\/\/uj.adatbank.ro\/lexikon\/wp-json\/wp\/v2\/product"}],"about":[{"href":"https:\/\/uj.adatbank.ro\/lexikon\/wp-json\/wp\/v2\/types\/product"}],"replies":[{"embeddable":true,"href":"https:\/\/uj.adatbank.ro\/lexikon\/wp-json\/wp\/v2\/comments?post=17545"}],"wp:attachment":[{"href":"https:\/\/uj.adatbank.ro\/lexikon\/wp-json\/wp\/v2\/media?parent=17545"}],"wp:term":[{"taxonomy":"product_brand","embeddable":true,"href":"https:\/\/uj.adatbank.ro\/lexikon\/wp-json\/wp\/v2\/product_brand?post=17545"},{"taxonomy":"product_cat","embeddable":true,"href":"https:\/\/uj.adatbank.ro\/lexikon\/wp-json\/wp\/v2\/product_cat?post=17545"},{"taxonomy":"product_tag","embeddable":true,"href":"https:\/\/uj.adatbank.ro\/lexikon\/wp-json\/wp\/v2\/product_tag?post=17545"}],"curies":[{"name":"wp","href":"https:\/\/api.w.org\/{rel}","templated":true}]}}