{"id":1755,"date":"2025-06-28T11:52:07","date_gmt":"2025-06-28T09:52:07","guid":{"rendered":"https:\/\/uj.adatbank.ro\/lexikon\/termek\/aldea\/"},"modified":"2025-06-28T11:52:07","modified_gmt":"2025-06-28T09:52:07","slug":"aldea","status":"publish","type":"product","link":"https:\/\/uj.adatbank.ro\/lexikon\/termek\/aldea\/","title":{"rendered":"ALDEA"},"content":{"rendered":"<p>(Hargita), 1894. okt. 20. \u2020 Sz\u00e1sz\u00e9gen, 1971. j\u00fan. 17. Marosh\u00e9v\u00edzen temett\u00e9k: ort. pap, esperes, vik\u00e1rius \u2013 Sz\u00fcl\u0151hely\u00e9n \u00e9s Brass\u00f3ban tanult, Nasz\u00f3don \u00e9retts\u00e9gizett (1913), majd Szebenben a papklpz\u0151int\u00e9zetben teol\u00f3gi\u00e1t (1914\u201316), Bp.-en filoz\u00f3fi\u00e1t halgatott(1916\u201318). Bp.-en a Petru Maior Egyetemi Di\u00e1ksz\u00f6vets\u00e9g eln\u00f6ke. Ebben a m\u00edn\u0151s\u00e9g\u00e9ben vett r\u00e9szt a gyulafeh\u00e9rv\u00e1ri rom\u00e1n nemzetgy\u0171l\u00e9sen (1918. dec.1.). Sz\u00e1szr\u00e9gen esperesi sz\u00e9k\u00e9be helyezt\u00e9k (1924. dec. 6.). R\u00e9szt vett a lib\u00e1nfalvi ort. templom felszentel\u00e9s\u00e9n (1924. aug. 3.). Figyelemmel kis\u00e9rte k\u00f6rzete egyh\u00e1zi iskol\u00e1it, godoskodott a vall\u00e1si nevel\u00e9sr\u0151l. Buk.-be t\u00e1vozott, ahol vik\u00e1rius lett (1940 ut\u00e1n). <br \/><strong>Irod.:<\/strong> Reghin, Protopopiat<\/br><\/p>\n","protected":false},"excerpt":{"rendered":"<p>(Hargita), 1894. okt. 20. \u2020 Sz\u00e1sz\u00e9gen, 1971. j\u00fan. 17. Marosh\u00e9v\u00edzen temett\u00e9k: ort. pap, esperes, vik\u00e1rius \u2013 Sz\u00fcl\u0151hely\u00e9n \u00e9s Brass\u00f3ban tanult, Nasz\u00f3don \u00e9retts\u00e9gizett (1913), majd Szebenben a papklpz\u0151int\u00e9zetben teol\u00f3gi\u00e1t (1914\u201316), Bp.-en filoz\u00f3fi\u00e1t halgatott(1916\u201318). Bp.-en a Petru Maior Egyetemi Di\u00e1ksz\u00f6vets\u00e9g eln\u00f6ke. Ebben a m\u00edn\u0151s\u00e9g\u00e9ben vett r\u00e9szt a gyulafeh\u00e9rv\u00e1ri rom\u00e1n nemzetgy\u0171l\u00e9sen (1918. dec.1.). Sz\u00e1szr\u00e9gen esperesi sz\u00e9k\u00e9be helyezt\u00e9k (1924. [&hellip;]<\/p>\n","protected":false},"featured_media":0,"comment_status":"open","ping_status":"closed","template":"","meta":[],"product_brand":[],"product_cat":[137],"product_tag":[],"class_list":{"0":"post-1755","1":"product","2":"type-product","3":"status-publish","5":"product_cat-maros-megyei-eletrajzi-lexikon","7":"first","8":"instock","9":"shipping-taxable","10":"product-type-simple"},"_links":{"self":[{"href":"https:\/\/uj.adatbank.ro\/lexikon\/wp-json\/wp\/v2\/product\/1755","targetHints":{"allow":["GET"]}}],"collection":[{"href":"https:\/\/uj.adatbank.ro\/lexikon\/wp-json\/wp\/v2\/product"}],"about":[{"href":"https:\/\/uj.adatbank.ro\/lexikon\/wp-json\/wp\/v2\/types\/product"}],"replies":[{"embeddable":true,"href":"https:\/\/uj.adatbank.ro\/lexikon\/wp-json\/wp\/v2\/comments?post=1755"}],"wp:attachment":[{"href":"https:\/\/uj.adatbank.ro\/lexikon\/wp-json\/wp\/v2\/media?parent=1755"}],"wp:term":[{"taxonomy":"product_brand","embeddable":true,"href":"https:\/\/uj.adatbank.ro\/lexikon\/wp-json\/wp\/v2\/product_brand?post=1755"},{"taxonomy":"product_cat","embeddable":true,"href":"https:\/\/uj.adatbank.ro\/lexikon\/wp-json\/wp\/v2\/product_cat?post=1755"},{"taxonomy":"product_tag","embeddable":true,"href":"https:\/\/uj.adatbank.ro\/lexikon\/wp-json\/wp\/v2\/product_tag?post=1755"}],"curies":[{"name":"wp","href":"https:\/\/api.w.org\/{rel}","templated":true}]}}

<p>(Hargita), 1894. okt. 20. † Szászégen, 1971. jún. 17. Maroshévízen temették: ort. pap, esperes, vikárius – Szülőhelyén és Brassóban tanult, Naszódon érettségizett (1913), majd Szebenben a papklpzőintézetben teológiát (1914–16), Bp.-en filozófiát halgatott(1916–18). Bp.-en a Petru Maior Egyetemi Diákszövetség elnöke. Ebben a mínőségében vett részt a gyulafehérvári román nemzetgyűlésen (1918. dec.1.). Szászrégen esperesi székébe helyezték (1924. dec. 6.). Részt vett a libánfalvi ort. templom felszentelésén (1924. aug. 3.). Figyelemmel kisérte körzete egyházi iskoláit, godoskodott a vallási nevelésről. Buk.-be távozott, ahol vikárius lett (1940 után). <br /><strong>Irod.:</strong> Reghin, Protopopiat</br></p>

<p>(Hargita), 1894. okt. 20. † Szászégen, 1971. jún. 17. Maroshévízen temették: ort. pap, esperes, vikárius – Szülőhelyén és Brassóban tanult, Naszódon érettségizett (1913), majd Szebenben a papklpzőintézetben teológiát (1914–16), Bp.-en filozófiát halgatott(1916–18). Bp.-en a Petru Maior Egyetemi Diákszövetség elnöke. Ebben a mínőségében vett részt a gyulafehérvári román nemzetgyűlésen (1918. dec.1.). Szászrégen esperesi székébe helyezték (1924. [&hellip;]</p>
