{"id":17553,"date":"2025-07-16T10:19:18","date_gmt":"2025-07-16T08:19:18","guid":{"rendered":"https:\/\/uj.adatbank.ro\/lexikon\/termek\/pap-istvan-sandorfalvi\/"},"modified":"2025-07-16T10:19:18","modified_gmt":"2025-07-16T08:19:18","slug":"pap-istvan-sandorfalvi","status":"publish","type":"product","link":"https:\/\/uj.adatbank.ro\/lexikon\/termek\/pap-istvan-sandorfalvi\/","title":{"rendered":"PAP Istv\u00e1n, s\u00e1ndorfalvi"},"content":{"rendered":"<p>Mv., 1861. aug. 20., \u2020 Bp., 1952. szept. 4.: jog\u00e1sz. \u2013 A ref. egyh\u00e1zban presbiter, egyh\u00e1zm.-i tan\u00e1csb\u00edr\u00f3, konventi jegyz\u0151. \u2013 A bp.-i egy.-en jogtud, doktori oklevelet szerzett (1886), Bp.-en \u00fcgyv\u00e9di vizsg\u00e1t tett (1887). A m\u00adv.-i \u00edt\u00e9l\u0151t\u00e1bl\u00e1n joggyakornok (1886\u2013), seg\u00e9dfogalmaz\u00f3 (1887\u2013), fogalmaz\u00f3 (1888\u201389). D\u00e9v\u00e1n t\u00f6rv\u00e9nysz\u00e9ki b\u00edr\u00f3 (1889\u2013), k\u00f6z\u00f6tt t\u00e1blab\u00edr\u00f3 volt (1899\u20131906). Bp.-en a K\u00faria \u00f6r\u00f6k\u00f6s\u00f6d\u00e9si tan\u00e1cs\u00e1ban beosztott b\u00edr\u00f3 (1906\u2013), t\u00e9nyleges k\u00fariai b\u00edr\u00f3 (1919\u2013), k\u00fariai ta\u00adn\u00e1cseln\u00f6k nyugd\u00edjaz\u00e1s\u00e1ig. (1923\u201333). F\u0151k\u00e9nt csal\u00e1djogi \u00e9s \u00f6r\u00f6kl\u00e9sjogi k\u00e9rd\u00e9sekkel foglal\u00adkozott. \u2013 A Nemzeti Zenede egyik aleln\u00f6ke volt. Eszt\u00e9tikai tanulm\u00e1nyokat \u00edrt \u00e9s m\u0171ford\u00edt\u00e1sokat k\u00f6z\u00f6lt. <br \/><strong>Irod.:<\/strong> M\u00c9L; \u00daM\u00c9L<\/br><\/p>\n","protected":false},"excerpt":{"rendered":"<p>Mv., 1861. aug. 20., \u2020 Bp., 1952. szept. 4.: jog\u00e1sz. \u2013 A ref. egyh\u00e1zban presbiter, egyh\u00e1zm.-i tan\u00e1csb\u00edr\u00f3, konventi jegyz\u0151. \u2013 A bp.-i egy.-en jogtud, doktori oklevelet szerzett (1886), Bp.-en \u00fcgyv\u00e9di vizsg\u00e1t tett (1887). A m\u00adv.-i \u00edt\u00e9l\u0151t\u00e1bl\u00e1n joggyakornok (1886\u2013), seg\u00e9dfogalmaz\u00f3 (1887\u2013), fogalmaz\u00f3 (1888\u201389). D\u00e9v\u00e1n t\u00f6rv\u00e9nysz\u00e9ki b\u00edr\u00f3 (1889\u2013), k\u00f6z\u00f6tt t\u00e1blab\u00edr\u00f3 volt (1899\u20131906). Bp.-en a K\u00faria \u00f6r\u00f6k\u00f6s\u00f6d\u00e9si tan\u00e1cs\u00e1ban [&hellip;]<\/p>\n","protected":false},"featured_media":0,"comment_status":"open","ping_status":"closed","template":"","meta":[],"product_brand":[],"product_cat":[137],"product_tag":[],"class_list":{"0":"post-17553","1":"product","2":"type-product","3":"status-publish","5":"product_cat-maros-megyei-eletrajzi-lexikon","7":"first","8":"instock","9":"shipping-taxable","10":"product-type-simple"},"_links":{"self":[{"href":"https:\/\/uj.adatbank.ro\/lexikon\/wp-json\/wp\/v2\/product\/17553","targetHints":{"allow":["GET"]}}],"collection":[{"href":"https:\/\/uj.adatbank.ro\/lexikon\/wp-json\/wp\/v2\/product"}],"about":[{"href":"https:\/\/uj.adatbank.ro\/lexikon\/wp-json\/wp\/v2\/types\/product"}],"replies":[{"embeddable":true,"href":"https:\/\/uj.adatbank.ro\/lexikon\/wp-json\/wp\/v2\/comments?post=17553"}],"wp:attachment":[{"href":"https:\/\/uj.adatbank.ro\/lexikon\/wp-json\/wp\/v2\/media?parent=17553"}],"wp:term":[{"taxonomy":"product_brand","embeddable":true,"href":"https:\/\/uj.adatbank.ro\/lexikon\/wp-json\/wp\/v2\/product_brand?post=17553"},{"taxonomy":"product_cat","embeddable":true,"href":"https:\/\/uj.adatbank.ro\/lexikon\/wp-json\/wp\/v2\/product_cat?post=17553"},{"taxonomy":"product_tag","embeddable":true,"href":"https:\/\/uj.adatbank.ro\/lexikon\/wp-json\/wp\/v2\/product_tag?post=17553"}],"curies":[{"name":"wp","href":"https:\/\/api.w.org\/{rel}","templated":true}]}}

PAP István, sándorfalvi

<p>Mv., 1861. aug. 20., † Bp., 1952. szept. 4.: jogász. – A ref. egyházban presbiter, egyházm.-i tanácsbíró, konventi jegyző. – A bp.-i egy.-en jogtud, doktori oklevelet szerzett (1886), Bp.-en ügyvédi vizsgát tett (1887). A m­v.-i ítélőtáblán joggyakornok (1886–), segédfogalmazó (1887–), fogalmazó (1888–89). Déván törvényszéki bíró (1889–), között táblabíró volt (1899–1906). Bp.-en a Kúria örökösödési tanácsában beosztott bíró (1906–), tényleges kúriai bíró (1919–), kúriai ta­nácselnök nyugdíjazásáig. (1923–33). Főként családjogi és öröklésjogi kérdésekkel foglal­kozott. – A Nemzeti Zenede egyik alelnöke volt. Esztétikai tanulmányokat írt és műfordításokat közölt. <br /><strong>Irod.:</strong> MÉL; ÚMÉL</br></p>

<p>Mv., 1861. aug. 20., † Bp., 1952. szept. 4.: jogász. – A ref. egyházban presbiter, egyházm.-i tanácsbíró, konventi jegyző. – A bp.-i egy.-en jogtud, doktori oklevelet szerzett (1886), Bp.-en ügyvédi vizsgát tett (1887). A m­v.-i ítélőtáblán joggyakornok (1886–), segédfogalmazó (1887–), fogalmazó (1888–89). Déván törvényszéki bíró (1889–), között táblabíró volt (1899–1906). Bp.-en a Kúria örökösödési tanácsában [&hellip;]</p>
