{"id":17558,"date":"2025-07-16T10:19:28","date_gmt":"2025-07-16T08:19:28","guid":{"rendered":"https:\/\/uj.adatbank.ro\/lexikon\/termek\/pap-janos-papp-janos\/"},"modified":"2025-07-16T10:19:28","modified_gmt":"2025-07-16T08:19:28","slug":"pap-janos-papp-janos","status":"publish","type":"product","link":"https:\/\/uj.adatbank.ro\/lexikon\/termek\/pap-janos-papp-janos\/","title":{"rendered":"PAP J\u00e1nos, Papp J\u00e1nos"},"content":{"rendered":"<p>M\u00e1r\u00e9falva, 1843. jan. 11., \u2020\u00a01913. nov. 27.: r. k. pap. \u2013 Papp\u00e1 szentelt\u00e9k (1868. \u00e1pr. 14.). K\u00e1pl\u00e1n Altorj\u00e1n. Pl\u00e9b\u00e1nos Sepsik\u0151r\u00f6spatakon, Jobb\u00e1gyfalv\u00e1n (1880\u201395), Ny\u00e1r\u00e1dremet\u00e9n (1894\u20131907), nyugd\u00edjazt\u00e1k mint ny\u00e1r\u00e1dmenti pl\u00e9b\u00e1nos (1910), majd M\u00e1r\u00e9falv\u00e1n \u00e9lt. Vagyon\u00e1t v\u00e9grendeletileg a m\u00e1r\u00e9falvi kepe megv\u00e1lt\u00e1s\u00e1ra hagyta, de a rokonok megt\u00e1madt\u00e1k ezt anemes c\u00e9lt, \u00e9s vagyona k\u00f6zt\u00fck oszlott meg. <br \/><strong>Irod.:<\/strong> Cs\u00edkfalva; Eremitu\u2013Ny\u00e1r\u00e1dremete; Ferenczi S\u00e1ndor 2009<\/br><\/p>\n","protected":false},"excerpt":{"rendered":"<p>M\u00e1r\u00e9falva, 1843. jan. 11., \u2020\u00a01913. nov. 27.: r. k. pap. \u2013 Papp\u00e1 szentelt\u00e9k (1868. \u00e1pr. 14.). K\u00e1pl\u00e1n Altorj\u00e1n. Pl\u00e9b\u00e1nos Sepsik\u0151r\u00f6spatakon, Jobb\u00e1gyfalv\u00e1n (1880\u201395), Ny\u00e1r\u00e1dremet\u00e9n (1894\u20131907), nyugd\u00edjazt\u00e1k mint ny\u00e1r\u00e1dmenti pl\u00e9b\u00e1nos (1910), majd M\u00e1r\u00e9falv\u00e1n \u00e9lt. Vagyon\u00e1t v\u00e9grendeletileg a m\u00e1r\u00e9falvi kepe megv\u00e1lt\u00e1s\u00e1ra hagyta, de a rokonok megt\u00e1madt\u00e1k ezt anemes c\u00e9lt, \u00e9s vagyona k\u00f6zt\u00fck oszlott meg. Irod.: Cs\u00edkfalva; Eremitu\u2013Ny\u00e1r\u00e1dremete; Ferenczi [&hellip;]<\/p>\n","protected":false},"featured_media":0,"comment_status":"open","ping_status":"closed","template":"","meta":[],"product_brand":[],"product_cat":[137],"product_tag":[],"class_list":{"0":"post-17558","1":"product","2":"type-product","3":"status-publish","5":"product_cat-maros-megyei-eletrajzi-lexikon","7":"first","8":"instock","9":"shipping-taxable","10":"product-type-simple"},"_links":{"self":[{"href":"https:\/\/uj.adatbank.ro\/lexikon\/wp-json\/wp\/v2\/product\/17558","targetHints":{"allow":["GET"]}}],"collection":[{"href":"https:\/\/uj.adatbank.ro\/lexikon\/wp-json\/wp\/v2\/product"}],"about":[{"href":"https:\/\/uj.adatbank.ro\/lexikon\/wp-json\/wp\/v2\/types\/product"}],"replies":[{"embeddable":true,"href":"https:\/\/uj.adatbank.ro\/lexikon\/wp-json\/wp\/v2\/comments?post=17558"}],"wp:attachment":[{"href":"https:\/\/uj.adatbank.ro\/lexikon\/wp-json\/wp\/v2\/media?parent=17558"}],"wp:term":[{"taxonomy":"product_brand","embeddable":true,"href":"https:\/\/uj.adatbank.ro\/lexikon\/wp-json\/wp\/v2\/product_brand?post=17558"},{"taxonomy":"product_cat","embeddable":true,"href":"https:\/\/uj.adatbank.ro\/lexikon\/wp-json\/wp\/v2\/product_cat?post=17558"},{"taxonomy":"product_tag","embeddable":true,"href":"https:\/\/uj.adatbank.ro\/lexikon\/wp-json\/wp\/v2\/product_tag?post=17558"}],"curies":[{"name":"wp","href":"https:\/\/api.w.org\/{rel}","templated":true}]}}