{"id":17569,"date":"2025-07-16T10:19:49","date_gmt":"2025-07-16T08:19:49","guid":{"rendered":"https:\/\/uj.adatbank.ro\/lexikon\/termek\/pap-tamas\/"},"modified":"2025-07-16T10:19:49","modified_gmt":"2025-07-16T08:19:49","slug":"pap-tamas","status":"publish","type":"product","link":"https:\/\/uj.adatbank.ro\/lexikon\/termek\/pap-tamas\/","title":{"rendered":"PAP Tam\u00e1s"},"content":{"rendered":"<p>M\u00e1r\u00e9falva, 1864. dec. 24., \u2020\u00a01925. okt. 5.: r. k. pap. \u2013 Sz\u00e9kelyudvarhelyen \u00e9s Gyulafeh\u00e9rv\u00e1ron tanult. Papp\u00e1 szentelt\u00e9k (1889. j\u00fal. 19..). K\u00e1pl\u00e1n Nagyk\u00e1szonban, Ditr\u00f3ban.Lelkip\u00e1sztor Ny\u00e1r\u00e1dsely\u00e9n (1894), Ny\u00e1r\u00e1dk\u00f6szv\u00e9nyesen (1896). Pl\u00e9b\u00e1nos Farkaslak\u00e1n (1921). <br \/><strong>Irod.:<\/strong> Ferenczi S\u00e1ndor 2009; Maros-k\u00fck\u00fcll\u0151i f\u0151esp.<\/br><\/p>\n","protected":false},"excerpt":{"rendered":"<p>M\u00e1r\u00e9falva, 1864. dec. 24., \u2020\u00a01925. okt. 5.: r. k. pap. \u2013 Sz\u00e9kelyudvarhelyen \u00e9s Gyulafeh\u00e9rv\u00e1ron tanult. Papp\u00e1 szentelt\u00e9k (1889. j\u00fal. 19..). K\u00e1pl\u00e1n Nagyk\u00e1szonban, Ditr\u00f3ban.Lelkip\u00e1sztor Ny\u00e1r\u00e1dsely\u00e9n (1894), Ny\u00e1r\u00e1dk\u00f6szv\u00e9nyesen (1896). Pl\u00e9b\u00e1nos Farkaslak\u00e1n (1921). Irod.: Ferenczi S\u00e1ndor 2009; Maros-k\u00fck\u00fcll\u0151i f\u0151esp.<\/p>\n","protected":false},"featured_media":0,"comment_status":"open","ping_status":"closed","template":"","meta":[],"product_brand":[],"product_cat":[137],"product_tag":[],"class_list":{"0":"post-17569","1":"product","2":"type-product","3":"status-publish","5":"product_cat-maros-megyei-eletrajzi-lexikon","7":"first","8":"instock","9":"shipping-taxable","10":"product-type-simple"},"_links":{"self":[{"href":"https:\/\/uj.adatbank.ro\/lexikon\/wp-json\/wp\/v2\/product\/17569","targetHints":{"allow":["GET"]}}],"collection":[{"href":"https:\/\/uj.adatbank.ro\/lexikon\/wp-json\/wp\/v2\/product"}],"about":[{"href":"https:\/\/uj.adatbank.ro\/lexikon\/wp-json\/wp\/v2\/types\/product"}],"replies":[{"embeddable":true,"href":"https:\/\/uj.adatbank.ro\/lexikon\/wp-json\/wp\/v2\/comments?post=17569"}],"wp:attachment":[{"href":"https:\/\/uj.adatbank.ro\/lexikon\/wp-json\/wp\/v2\/media?parent=17569"}],"wp:term":[{"taxonomy":"product_brand","embeddable":true,"href":"https:\/\/uj.adatbank.ro\/lexikon\/wp-json\/wp\/v2\/product_brand?post=17569"},{"taxonomy":"product_cat","embeddable":true,"href":"https:\/\/uj.adatbank.ro\/lexikon\/wp-json\/wp\/v2\/product_cat?post=17569"},{"taxonomy":"product_tag","embeddable":true,"href":"https:\/\/uj.adatbank.ro\/lexikon\/wp-json\/wp\/v2\/product_tag?post=17569"}],"curies":[{"name":"wp","href":"https:\/\/api.w.org\/{rel}","templated":true}]}}