{"id":1757,"date":"2025-06-28T11:52:10","date_gmt":"2025-06-28T09:52:10","guid":{"rendered":"https:\/\/uj.adatbank.ro\/lexikon\/termek\/alecu-erica-rosenfeld-erika\/"},"modified":"2025-06-28T11:52:10","modified_gmt":"2025-06-28T09:52:10","slug":"alecu-erica-rosenfeld-erika","status":"publish","type":"product","link":"https:\/\/uj.adatbank.ro\/lexikon\/termek\/alecu-erica-rosenfeld-erika\/","title":{"rendered":"ALECU Erica, Rosenfeld Erika"},"content":{"rendered":"<p>Bp., 1941. okt. 11., \u2020 Mv., 2008. szept. 22.: tan\u00e1r, k\u00e9pz\u0151m\u0171v\u00e9sz. \u2013 Tanulm\u00e1nyait Kv.-on v\u00e9gezte: 10. sz k\u00f6z\u00e9piskol\u00e1ban (1948\u201355), a Gh. Co\u015fbuc L\u00edc.-ban (1955\u201359), a BBTE T\u00f6rt\u00e9nelem-Filoz\u00f3fia Fakult\u00e1s\u00e1n (1964). Mv.-en tan\u00edtott 40 \u00e9vet, hum\u00e1n szociol\u00f3gi\u00e1t. Aligazgat\u00f3ja (1990\u201393), majd igazgat\u00f3ja (1993\u201398) a Ion Vlasiu iskol\u00e1nak. A Megyei Tanfel\u00fcgyel\u0151s\u00e9g \u00e9s a Taner\u0151k H\u00e1z\u00e1nak m\u00f3dszertani el\u0151ad\u00f3ja, a Phare-Vet program koordin\u00e1tora, k\u00f6z\u00e9piskolai oktat\u00f3k, igazgat\u00f3k, oszt\u00e1lyf\u0151n\u00f6k\u00f6k menedzsmentj\u00e9nek el\u0151ad\u00f3ja. Lektor a mv.-i Petru Maior Egyetemen (1999\u20132002), \u00e9s a kv.-i BBTE mv.-i kihelyezett pszichol\u00f3gia szak\u00e1n (2001-07).Tudom\u00e1nyos tan\u00e1cskoz\u00e1sok, kongresszusok r\u00e9sztvev\u0151je. T\u00f6bb szakmai tov\u00e1bbk\u00e9pz\u00e9sen vett r\u00e9szt: Brass\u00f3ban, Buk., Mv.-en, Irorsz\u00e1gban, D\u00e1ni\u00e1ban. Tagja volt az Orsz\u00e1gos Nevel\u0151i Menedzsmentform\u00e1l\u00f3 Sz\u00f6vets\u00e9gnek, a K\u00e9pz\u0151m\u0171v\u00e9szek Sz\u00f6vets\u00e9ge Mv.-i Fi\u00f3kj\u00e1nak (1991\u2013), ott vezet\u0151s\u00e9gi tag, titk\u00e1r (1995\u2013). Amat\u00f6r fest\u0151m\u0171v\u00e9sz. Olaj- pasztel- akvarel festm\u00e9nyeket, tempera ikonokat k\u00e9sz\u00edtett. 20-n\u00e1l t\u00f6bb egy\u00e9ni ki\u00e1ll\u00edt\u00e1sa volt (1992\u20132007): Mv.-en; Szov\u00e1t\u00e1n; 50-n\u00e9l t\u00f6bb csoportos ki\u00e1ll\u00edt\u00e1son szerepelt m\u0171veivel: Mv, Szov\u00e1ta, Segesv\u00e1r, Szatm\u00e1r, Kund, Kissz\u0151l\u0151s, D\u00e9da, Palotailva termeiben. Kit\u00fcntetett tan\u00e1r (1980), K\u00f6z\u00f6ns\u00e9g d\u00edjas (2000); \u00c9rdemei elismer\u00e9sek\u00e9nt d\u00edcs\u00e9r\u0151 oklevelet diplom\u00e1t kapott a megyei tanfel\u00fcgyel\u0151s\u00e9g \u00e9s a K\u00e9pz\u0151m\u0171v\u00e9szek Sz\u00f6vets\u00e9ge Marosmegyei fi\u00f3kj\u00e1t\u00f3l, m\u0171vel\u0151d\u00e9sszervez\u0151i munk\u00e1ss\u00e1g\u00e1\u00e9rt valamint fest\u00e9szet\u00e9\u00e9rt. \u2013 <strong>F. m.:<\/strong> Management \u015fcolar (Tg. M., 1999); Management educa\u0163ional pentru uzul studen\u0163ilor (TgM, 1999, 2002, 2003, 2004); Teoria evalu\u0103rii (Tg. M., 2005); Elemente de cercetare educa\u0163ional\u0103 (TgM, 2005); <strong>t\u00e1rssz.:<\/strong> Manual de psihologie \u015fi etic\u0103 comercial\u0103 pentru liceele economice \u015fi \u015fcolile profesionale comerciale (Plugaru L.-el, Buc., 1971, 1978); Economie: teste gril\u0103 pentru admitere (TgM, 2003, 2004, 2005); Asocia\u0163ia Arti\u015ftilor Plastici Mure\u015f 1977\u20132004 (Ilarie Gh. Opri\u015f, Vasile Mure\u015fan-al; TgM, 2004); Arti\u015fti plastici mure\u015feni: Asocia\u0163ia Arti\u015ftilor Plastici Mure\u015feni 1977\u20132007 (Ilarie Gh. Opri\u015f, Vasile Mure\u015fan-al; TgM, 2007). <br \/><strong>Irod.:<\/strong> Todea 2013<\/br><\/p>\n","protected":false},"excerpt":{"rendered":"<p>Bp., 1941. okt. 11., \u2020 Mv., 2008. szept. 22.: tan\u00e1r, k\u00e9pz\u0151m\u0171v\u00e9sz. \u2013 Tanulm\u00e1nyait Kv.-on v\u00e9gezte: 10. sz k\u00f6z\u00e9piskol\u00e1ban (1948\u201355), a Gh. Co\u015fbuc L\u00edc.-ban (1955\u201359), a BBTE T\u00f6rt\u00e9nelem-Filoz\u00f3fia Fakult\u00e1s\u00e1n (1964). Mv.-en tan\u00edtott 40 \u00e9vet, hum\u00e1n szociol\u00f3gi\u00e1t. Aligazgat\u00f3ja (1990\u201393), majd igazgat\u00f3ja (1993\u201398) a Ion Vlasiu iskol\u00e1nak. A Megyei Tanfel\u00fcgyel\u0151s\u00e9g \u00e9s a Taner\u0151k H\u00e1z\u00e1nak m\u00f3dszertani el\u0151ad\u00f3ja, a Phare-Vet [&hellip;]<\/p>\n","protected":false},"featured_media":0,"comment_status":"open","ping_status":"closed","template":"","meta":[],"product_brand":[],"product_cat":[137],"product_tag":[],"class_list":{"0":"post-1757","1":"product","2":"type-product","3":"status-publish","5":"product_cat-maros-megyei-eletrajzi-lexikon","7":"first","8":"instock","9":"shipping-taxable","10":"product-type-simple"},"_links":{"self":[{"href":"https:\/\/uj.adatbank.ro\/lexikon\/wp-json\/wp\/v2\/product\/1757","targetHints":{"allow":["GET"]}}],"collection":[{"href":"https:\/\/uj.adatbank.ro\/lexikon\/wp-json\/wp\/v2\/product"}],"about":[{"href":"https:\/\/uj.adatbank.ro\/lexikon\/wp-json\/wp\/v2\/types\/product"}],"replies":[{"embeddable":true,"href":"https:\/\/uj.adatbank.ro\/lexikon\/wp-json\/wp\/v2\/comments?post=1757"}],"wp:attachment":[{"href":"https:\/\/uj.adatbank.ro\/lexikon\/wp-json\/wp\/v2\/media?parent=1757"}],"wp:term":[{"taxonomy":"product_brand","embeddable":true,"href":"https:\/\/uj.adatbank.ro\/lexikon\/wp-json\/wp\/v2\/product_brand?post=1757"},{"taxonomy":"product_cat","embeddable":true,"href":"https:\/\/uj.adatbank.ro\/lexikon\/wp-json\/wp\/v2\/product_cat?post=1757"},{"taxonomy":"product_tag","embeddable":true,"href":"https:\/\/uj.adatbank.ro\/lexikon\/wp-json\/wp\/v2\/product_tag?post=1757"}],"curies":[{"name":"wp","href":"https:\/\/api.w.org\/{rel}","templated":true}]}}

<p>Bp., 1941. okt. 11., † Mv., 2008. szept. 22.: tanár, képzőművész. – Tanulmányait Kv.-on végezte: 10. sz középiskolában (1948–55), a Gh. Coşbuc Líc.-ban (1955–59), a BBTE Történelem-Filozófia Fakultásán (1964). Mv.-en tanított 40 évet, humán szociológiát. Aligazgatója (1990–93), majd igazgatója (1993–98) a Ion Vlasiu iskolának. A Megyei Tanfelügyelőség és a Tanerők Házának módszertani előadója, a Phare-Vet program koordinátora, középiskolai oktatók, igazgatók, osztályfőnökök menedzsmentjének előadója. Lektor a mv.-i Petru Maior Egyetemen (1999–2002), és a kv.-i BBTE mv.-i kihelyezett pszichológia szakán (2001-07).Tudományos tanácskozások, kongresszusok résztvevője. Több szakmai továbbképzésen vett részt: Brassóban, Buk., Mv.-en, Irországban, Dániában. Tagja volt az Országos Nevelői Menedzsmentformáló Szövetségnek, a Képzőművészek Szövetsége Mv.-i Fiókjának (1991–), ott vezetőségi tag, titkár (1995–). Amatör festőművész. Olaj- pasztel- akvarel festményeket, tempera ikonokat készített. 20-nál több egyéni kiállítása volt (1992–2007): Mv.-en; Szovátán; 50-nél több csoportos kiállításon szerepelt műveivel: Mv, Szováta, Segesvár, Szatmár, Kund, Kisszőlős, Déda, Palotailva termeiben. Kitüntetett tanár (1980), Közönség díjas (2000); Érdemei elismeréseként dícsérő oklevelet diplomát kapott a megyei tanfelügyelőség és a Képzőművészek Szövetsége Marosmegyei fiókjától, művelődésszervezői munkásságáért valamint festészetéért. – <strong>F. m.:</strong> Management şcolar (Tg. M., 1999); Management educaţional pentru uzul studenţilor (TgM, 1999, 2002, 2003, 2004); Teoria evaluării (Tg. M., 2005); Elemente de cercetare educaţională (TgM, 2005); <strong>társsz.:</strong> Manual de psihologie şi etică comercială pentru liceele economice şi şcolile profesionale comerciale (Plugaru L.-el, Buc., 1971, 1978); Economie: teste grilă pentru admitere (TgM, 2003, 2004, 2005); Asociaţia Artiştilor Plastici Mureş 1977–2004 (Ilarie Gh. Opriş, Vasile Mureşan-al; TgM, 2004); Artişti plastici mureşeni: Asociaţia Artiştilor Plastici Mureşeni 1977–2007 (Ilarie Gh. Opriş, Vasile Mureşan-al; TgM, 2007). <br /><strong>Irod.:</strong> Todea 2013</br></p>

<p>Bp., 1941. okt. 11., † Mv., 2008. szept. 22.: tanár, képzőművész. – Tanulmányait Kv.-on végezte: 10. sz középiskolában (1948–55), a Gh. Coşbuc Líc.-ban (1955–59), a BBTE Történelem-Filozófia Fakultásán (1964). Mv.-en tanított 40 évet, humán szociológiát. Aligazgatója (1990–93), majd igazgatója (1993–98) a Ion Vlasiu iskolának. A Megyei Tanfelügyelőség és a Tanerők Házának módszertani előadója, a Phare-Vet [&hellip;]</p>
