{"id":17575,"date":"2025-07-16T10:20:00","date_gmt":"2025-07-16T08:20:00","guid":{"rendered":"https:\/\/uj.adatbank.ro\/lexikon\/termek\/papadima-ovidiu\/"},"modified":"2025-07-16T10:20:00","modified_gmt":"2025-07-16T08:20:00","slug":"papadima-ovidiu","status":"publish","type":"product","link":"https:\/\/uj.adatbank.ro\/lexikon\/termek\/papadima-ovidiu\/","title":{"rendered":"PAPADIMA, Ovidiu"},"content":{"rendered":"<p>Mihai Viteazul, 1909. jan. 23., \u2020\u00a0Buk., 1996.: t\u00f6rt\u00e9n\u00e9sz, irodalm\u00e1r, n\u00e9prajzkutat\u00f3, egyetemi tan\u00e1r, publicista. \u2013 A mv.-i Papiu Ilarian L\u00edc.-ban tanult (1921\u201328), ahol Emil Viciu-val szerkesztette \u00e9s vezette a l\u00edc. foly\u00f3irat\u00e1t az Indemnul-t (1926\u201327). <br \/><strong>Irod.:<\/strong> EMP; MMK<\/br><\/p>\n","protected":false},"excerpt":{"rendered":"<p>Mihai Viteazul, 1909. jan. 23., \u2020\u00a0Buk., 1996.: t\u00f6rt\u00e9n\u00e9sz, irodalm\u00e1r, n\u00e9prajzkutat\u00f3, egyetemi tan\u00e1r, publicista. \u2013 A mv.-i Papiu Ilarian L\u00edc.-ban tanult (1921\u201328), ahol Emil Viciu-val szerkesztette \u00e9s vezette a l\u00edc. foly\u00f3irat\u00e1t az Indemnul-t (1926\u201327). Irod.: EMP; MMK<\/p>\n","protected":false},"featured_media":0,"comment_status":"open","ping_status":"closed","template":"","meta":[],"product_brand":[],"product_cat":[137],"product_tag":[],"class_list":{"0":"post-17575","1":"product","2":"type-product","3":"status-publish","5":"product_cat-maros-megyei-eletrajzi-lexikon","7":"first","8":"instock","9":"shipping-taxable","10":"product-type-simple"},"_links":{"self":[{"href":"https:\/\/uj.adatbank.ro\/lexikon\/wp-json\/wp\/v2\/product\/17575","targetHints":{"allow":["GET"]}}],"collection":[{"href":"https:\/\/uj.adatbank.ro\/lexikon\/wp-json\/wp\/v2\/product"}],"about":[{"href":"https:\/\/uj.adatbank.ro\/lexikon\/wp-json\/wp\/v2\/types\/product"}],"replies":[{"embeddable":true,"href":"https:\/\/uj.adatbank.ro\/lexikon\/wp-json\/wp\/v2\/comments?post=17575"}],"wp:attachment":[{"href":"https:\/\/uj.adatbank.ro\/lexikon\/wp-json\/wp\/v2\/media?parent=17575"}],"wp:term":[{"taxonomy":"product_brand","embeddable":true,"href":"https:\/\/uj.adatbank.ro\/lexikon\/wp-json\/wp\/v2\/product_brand?post=17575"},{"taxonomy":"product_cat","embeddable":true,"href":"https:\/\/uj.adatbank.ro\/lexikon\/wp-json\/wp\/v2\/product_cat?post=17575"},{"taxonomy":"product_tag","embeddable":true,"href":"https:\/\/uj.adatbank.ro\/lexikon\/wp-json\/wp\/v2\/product_tag?post=17575"}],"curies":[{"name":"wp","href":"https:\/\/api.w.org\/{rel}","templated":true}]}}