{"id":17583,"date":"2025-07-16T10:20:23","date_gmt":"2025-07-16T08:20:23","guid":{"rendered":"https:\/\/uj.adatbank.ro\/lexikon\/termek\/papai-zoltan-%c2%a7-papay-zoltan\/"},"modified":"2025-07-16T10:20:23","modified_gmt":"2025-07-16T08:20:23","slug":"papai-zoltan-%c2%a7-papay-zoltan","status":"publish","type":"product","link":"https:\/\/uj.adatbank.ro\/lexikon\/termek\/papai-zoltan-%c2%a7-papay-zoltan\/","title":{"rendered":"P\u00c1PAI Zolt\u00e1n, \u00a7 P\u00e1pay Zolt\u00e1n"},"content":{"rendered":"<p>Kv., 1909. aug. 24., \u2020 Kv., 2000. dec.18. Mv. \u2013en van eltemetve a r. k. temet\u0151ben: orvos, egyetemi tan\u00e1r. \u2013 K\u00f6z\u00e9piskol\u00e1t sz\u00fcl\u0151v\u00e1ros\u00e1ban v\u00e9gzett (1927), majd orvosi oklevelet szerzett (1933), szakmai ismereteit a b\u00e9csi \u00e9s a berlini Collegium Hungaricum \u00f6szt\u00f6nd\u00edjasak\u00e9nt t\u00f6k\u00e9letes\u00edtette. Az 1940\u201344 k\u00f6z\u00f6tt Kv.-on m\u0171k\u00f6d\u00f6tt Gyualafeh\u00e9rv\u00e1ri P\u00fcsp\u00f6ks\u00e9g Hittudom\u00e1nyi F\u0151iskol\u00e1j\u00e1n a Medicina Pastoralis tan\u00e1ra (1942\u201344). A k\u00f6lt\u00f6z\u0151 orvosi egyetemmel egy\u00fctt \u00e9rkezett Mv.-re, hozz\u00e1j\u00e1rult az orvosi fels\u0151oktat\u00e1s alapjainak let\u00e9tel\u00e9hez. A MOGYI \u2013n seb\u00e9szeti el\u0151ad\u00f3tan\u00e1r (1945\u2013), majd prof. (1962\u2013), Oktat\u00f3i, tudom\u00e1nyos \u00e9s szakmai \u00e9rdemeinek elismer\u00e9sek\u00e9nt elnyerte a docens doktor (1972\u2013) \u00e9s \u00e9rdemes egyetemi tan\u00e1r c\u00edmet; nyugd\u00edjaz\u00e1sa ut\u00e1n konzult\u00e1ns prof., doktor\u00e1ndusok ir\u00e1ny\u00edt\u00f3ja. Az Orvosi Szemle szerkeszt\u0151bizotts\u00e1g\u00e1nak tagja (1957\u201363). Tudom\u00e1nyos k\u00f6zlem\u00e9nyei az EME Orvostudom\u00e1nyi \u00c9rtes\u00edt\u0151je, Revista de Chirurgie, Orvosi Szemle-Revista Med., has\u00e1bjain jelentek meg. A gyomor- \u00e9s nyomb\u00e9lfek\u00e9lyr\u0151l, gyomorr\u00e1kr\u00f3l, v\u00e9konyb\u00e9ldaganatokr\u00f3l, b\u00e9lcsavarod\u00e1sr\u00f3l, valamint a fels\u0151 t\u00e1pcsatorna v\u00e9rz\u00e9seir\u0151l, m\u00e1jruptur\u00e1kr\u00f3l, a hasny\u00e1lmirigy betegs\u00e9geivel kapcsolatos megfigyel\u00e9seir\u0151l. Megind\u00edtotta a mv.-i t\u00fcd\u0151seb\u00e9szetet, megszervezte a sz\u00edv- \u00e9s \u00e9rseb\u00e9szeti oszt\u00e1lyt, amelyet kilenc \u00e9ven \u00e1t vezetett. A mellkasseb\u00e9szet t\u00e1rgyk\u00f6r\u00e9b\u0151l vett szakk\u00f6zlem\u00e9nyeit hazai \u00e9s k\u00fclf\u00f6ldi kongresszusokon is bemutatta.Tudom\u00e1nyos munk\u00e1j\u00e1nak elismer\u00e9sek\u00e9nt sz\u00e1mos hazai \u00e9s k\u00fclf\u00f6ldi seb\u00e9szt\u00e1rsas\u00e1g v\u00e1lasztotta rendes tagj\u00e1v\u00e1, tudom\u00e1nyos, k\u00f6zeg\u00e9szs\u00e9g\u00fcgyi \u00e9s oktat\u00f3i munk\u00e1ss\u00e1g\u00e1\u00e9rt t\u00f6bbsz\u00f6r kit\u00fcntett\u00e9k. A Rom\u00e1n Seb\u00e9szeti T\u00e1rsas\u00e1g egyik alap\u00edt\u00f3ja, a Nemzetk\u00f6zi Seb\u00e9szt\u00e1rsas\u00e1g \u00e9s az Eur\u00f3pai Sz\u00edv- \u00e9s \u00c9rseb\u00e9szeti T\u00e1rsas\u00e1g tagja. Mv. D\u00edszpolg\u00e1ra (2000. j\u00fan.). \u2013 <strong>F. m.:<\/strong>\u00a0: A hasfal, hash\u00e1rtya, has\u0171r \u00e9s belek megbeteged\u00e9sei ( Mv, 1950); A mellkas seb\u00e9szete. (Mv., 1953); <strong>t\u00e1rssz.:<\/strong> Seb\u00e9szeti jegyzet. (Mv., 1953); R\u00e9szletes seb\u00e9szet. (Mv., 1954, 1956, 1960); Seb\u00e9szet. (Mv., 1956, 1960); Patologia sistemului cav. inferior. (Buc., 1973). <br \/><strong>Irod.:<\/strong> Dezs\u0151 Istv\u00e1n; Debreczy Istv\u00e1n: P. Z. Tudom\u00e1nyos Arck\u00e9pcsarnok. (M\u0171vel\u0151d\u00e9s 1983\/11); Genersich; Katona Szab\u00f3; Kiss-P.- P; M\u00e1th\u00e9 \u00c9va: A medic\u00edna klasszikusai adtak tal\u00e1lk\u00e1t egym\u00e1snak (N\u00fa, 1998. j\u00fan. 12.); Mv. t\u00f6rt. 2.; Nagy L; N\u00fa. (1998. j\u00fan. 12; 2000. dec. 28); P\u00e9terffy \u00c1.- P.P.; P\u00e9terffy 2016; RMIL; RMKK; Todea\u2013F\u00fcl\u00f6p\u2013Avram; Viharban<\/br><\/p>\n","protected":false},"excerpt":{"rendered":"<p>Kv., 1909. aug. 24., \u2020 Kv., 2000. dec.18. Mv. \u2013en van eltemetve a r. k. temet\u0151ben: orvos, egyetemi tan\u00e1r. \u2013 K\u00f6z\u00e9piskol\u00e1t sz\u00fcl\u0151v\u00e1ros\u00e1ban v\u00e9gzett (1927), majd orvosi oklevelet szerzett (1933), szakmai ismereteit a b\u00e9csi \u00e9s a berlini Collegium Hungaricum \u00f6szt\u00f6nd\u00edjasak\u00e9nt t\u00f6k\u00e9letes\u00edtette. Az 1940\u201344 k\u00f6z\u00f6tt Kv.-on m\u0171k\u00f6d\u00f6tt Gyualafeh\u00e9rv\u00e1ri P\u00fcsp\u00f6ks\u00e9g Hittudom\u00e1nyi F\u0151iskol\u00e1j\u00e1n a Medicina Pastoralis tan\u00e1ra (1942\u201344). A [&hellip;]<\/p>\n","protected":false},"featured_media":0,"comment_status":"open","ping_status":"closed","template":"","meta":[],"product_brand":[],"product_cat":[137],"product_tag":[],"class_list":{"0":"post-17583","1":"product","2":"type-product","3":"status-publish","5":"product_cat-maros-megyei-eletrajzi-lexikon","7":"first","8":"instock","9":"shipping-taxable","10":"product-type-simple"},"_links":{"self":[{"href":"https:\/\/uj.adatbank.ro\/lexikon\/wp-json\/wp\/v2\/product\/17583","targetHints":{"allow":["GET"]}}],"collection":[{"href":"https:\/\/uj.adatbank.ro\/lexikon\/wp-json\/wp\/v2\/product"}],"about":[{"href":"https:\/\/uj.adatbank.ro\/lexikon\/wp-json\/wp\/v2\/types\/product"}],"replies":[{"embeddable":true,"href":"https:\/\/uj.adatbank.ro\/lexikon\/wp-json\/wp\/v2\/comments?post=17583"}],"wp:attachment":[{"href":"https:\/\/uj.adatbank.ro\/lexikon\/wp-json\/wp\/v2\/media?parent=17583"}],"wp:term":[{"taxonomy":"product_brand","embeddable":true,"href":"https:\/\/uj.adatbank.ro\/lexikon\/wp-json\/wp\/v2\/product_brand?post=17583"},{"taxonomy":"product_cat","embeddable":true,"href":"https:\/\/uj.adatbank.ro\/lexikon\/wp-json\/wp\/v2\/product_cat?post=17583"},{"taxonomy":"product_tag","embeddable":true,"href":"https:\/\/uj.adatbank.ro\/lexikon\/wp-json\/wp\/v2\/product_tag?post=17583"}],"curies":[{"name":"wp","href":"https:\/\/api.w.org\/{rel}","templated":true}]}}