{"id":17584,"date":"2025-07-16T10:20:24","date_gmt":"2025-07-16T08:20:24","guid":{"rendered":"https:\/\/uj.adatbank.ro\/lexikon\/termek\/papai-zsofia-martonfi-laszlone\/"},"modified":"2025-07-16T10:20:24","modified_gmt":"2025-07-16T08:20:24","slug":"papai-zsofia-martonfi-laszlone","status":"publish","type":"product","link":"https:\/\/uj.adatbank.ro\/lexikon\/termek\/papai-zsofia-martonfi-laszlone\/","title":{"rendered":"P\u00c1PAI Zs\u00f3fia, M\u00e1rtonfi L\u00e1szl\u00f3n\u00e9"},"content":{"rendered":"<p>Kv., 1904. nov. 19., \u2020\u00a0Kv., 2000. m\u00e1rc. 27.: gy\u00f3gyszer\u00e9sz. \u2013 P. S\u00e1ndor okleveles \u00e9p\u00edt\u00e9szm\u00e9rn\u00f6k \u00e9s Baboss Emilia le\u00e1nya. F\u00e9rje: M\u00e1rtonfi L\u00e1szl\u00f3 gy\u00f3gyszer\u00e9sz, egyetemi tan\u00e1r. \u2013 A kv.-i Marianumban tanult (1910\u201322). Luk\u00e1cs Ferenc Apostol Gy\u00f3gyszert\u00e1r\u00e1ban volt gy\u00f3gyszer\u00e9szgyakornok (1923. aug.1.\u201324. aug. 1.). Oklevelet a kv.-i I. Ferdin\u00e1nd Kir. Egyet.-en kapott (1927. dec.17.). Kv.-on volt a klinikai gy\u00f3gyszert\u00e1rban gyakornok (1926. okt. 1.\u2013), volt tiszteletbeli tan\u00e1rseg\u00e9d (1930. jan. 1-ig), gy\u00f3gyszert\u00e1r vezet\u0151 gondnoki min\u0151s\u00e9gben az Apostol gy\u00f3gyszert\u00e1rban (1930. jan.\u20131932. jan.), majd az Isteni Gondvisel\u00e9s gy\u00f3gyszert\u00e1rban (1932. jan.- 38. nov.). F\u00e9rje Diana gy\u00f3gyszert\u00e1r\u00e1ban beosztott gy\u00f3gyszer\u00e9sz az \u00e1llamos\u00edt\u00e1sig (1938\u201349. \u00e1pr. 2.). Mv.-re k\u00f6lt\u00f6ztek, a f\u00e9rje a MOGYI el\u0151ad\u00f3 tan\u00e1ra. Mv.-en dolgozott az 1. sz. poliklinikai gy\u00f3gyszert\u00e1rban (1950. aug. \u201357. dec.1.), a 101. sz. klinkai gy\u00f3gyszert\u00e1r laborat\u00f3ri\u00e1nak vezet\u0151je nyugd\u00edjaz\u00e1s\u00e1ig (1957\u201365. jan. 1.). Visszk\u00f6lt\u00f6z\u00f6tt Kv.-ra. <br \/><strong>Irod.:<\/strong> P\u00e9ter H. M.; P\u00e9ter H. M. 2013<\/br><\/p>\n","protected":false},"excerpt":{"rendered":"<p>Kv., 1904. nov. 19., \u2020\u00a0Kv., 2000. m\u00e1rc. 27.: gy\u00f3gyszer\u00e9sz. \u2013 P. S\u00e1ndor okleveles \u00e9p\u00edt\u00e9szm\u00e9rn\u00f6k \u00e9s Baboss Emilia le\u00e1nya. F\u00e9rje: M\u00e1rtonfi L\u00e1szl\u00f3 gy\u00f3gyszer\u00e9sz, egyetemi tan\u00e1r. \u2013 A kv.-i Marianumban tanult (1910\u201322). Luk\u00e1cs Ferenc Apostol Gy\u00f3gyszert\u00e1r\u00e1ban volt gy\u00f3gyszer\u00e9szgyakornok (1923. aug.1.\u201324. aug. 1.). Oklevelet a kv.-i I. Ferdin\u00e1nd Kir. Egyet.-en kapott (1927. dec.17.). Kv.-on volt a klinikai gy\u00f3gyszert\u00e1rban [&hellip;]<\/p>\n","protected":false},"featured_media":0,"comment_status":"open","ping_status":"closed","template":"","meta":[],"product_brand":[],"product_cat":[137],"product_tag":[],"class_list":{"0":"post-17584","1":"product","2":"type-product","3":"status-publish","5":"product_cat-maros-megyei-eletrajzi-lexikon","7":"first","8":"instock","9":"shipping-taxable","10":"product-type-simple"},"_links":{"self":[{"href":"https:\/\/uj.adatbank.ro\/lexikon\/wp-json\/wp\/v2\/product\/17584","targetHints":{"allow":["GET"]}}],"collection":[{"href":"https:\/\/uj.adatbank.ro\/lexikon\/wp-json\/wp\/v2\/product"}],"about":[{"href":"https:\/\/uj.adatbank.ro\/lexikon\/wp-json\/wp\/v2\/types\/product"}],"replies":[{"embeddable":true,"href":"https:\/\/uj.adatbank.ro\/lexikon\/wp-json\/wp\/v2\/comments?post=17584"}],"wp:attachment":[{"href":"https:\/\/uj.adatbank.ro\/lexikon\/wp-json\/wp\/v2\/media?parent=17584"}],"wp:term":[{"taxonomy":"product_brand","embeddable":true,"href":"https:\/\/uj.adatbank.ro\/lexikon\/wp-json\/wp\/v2\/product_brand?post=17584"},{"taxonomy":"product_cat","embeddable":true,"href":"https:\/\/uj.adatbank.ro\/lexikon\/wp-json\/wp\/v2\/product_cat?post=17584"},{"taxonomy":"product_tag","embeddable":true,"href":"https:\/\/uj.adatbank.ro\/lexikon\/wp-json\/wp\/v2\/product_tag?post=17584"}],"curies":[{"name":"wp","href":"https:\/\/api.w.org\/{rel}","templated":true}]}}

PÁPAI Zsófia, Mártonfi Lászlóné

<p>Kv., 1904. nov. 19., † Kv., 2000. márc. 27.: gyógyszerész. – P. Sándor okleveles építészmérnök és Baboss Emilia leánya. Férje: Mártonfi László gyógyszerész, egyetemi tanár. – A kv.-i Marianumban tanult (1910–22). Lukács Ferenc Apostol Gyógyszertárában volt gyógyszerészgyakornok (1923. aug.1.–24. aug. 1.). Oklevelet a kv.-i I. Ferdinánd Kir. Egyet.-en kapott (1927. dec.17.). Kv.-on volt a klinikai gyógyszertárban gyakornok (1926. okt. 1.–), volt tiszteletbeli tanársegéd (1930. jan. 1-ig), gyógyszertár vezető gondnoki minőségben az Apostol gyógyszertárban (1930. jan.–1932. jan.), majd az Isteni Gondviselés gyógyszertárban (1932. jan.- 38. nov.). Férje Diana gyógyszertárában beosztott gyógyszerész az államosításig (1938–49. ápr. 2.). Mv.-re költöztek, a férje a MOGYI előadó tanára. Mv.-en dolgozott az 1. sz. poliklinikai gyógyszertárban (1950. aug. –57. dec.1.), a 101. sz. klinkai gyógyszertár laboratóriának vezetője nyugdíjazásáig (1957–65. jan. 1.). Visszköltözött Kv.-ra. <br /><strong>Irod.:</strong> Péter H. M.; Péter H. M. 2013</br></p>

<p>Kv., 1904. nov. 19., † Kv., 2000. márc. 27.: gyógyszerész. – P. Sándor okleveles építészmérnök és Baboss Emilia leánya. Férje: Mártonfi László gyógyszerész, egyetemi tanár. – A kv.-i Marianumban tanult (1910–22). Lukács Ferenc Apostol Gyógyszertárában volt gyógyszerészgyakornok (1923. aug.1.–24. aug. 1.). Oklevelet a kv.-i I. Ferdinánd Kir. Egyet.-en kapott (1927. dec.17.). Kv.-on volt a klinikai gyógyszertárban [&hellip;]</p>
