{"id":17588,"date":"2025-07-16T10:20:33","date_gmt":"2025-07-16T08:20:33","guid":{"rendered":"https:\/\/uj.adatbank.ro\/lexikon\/termek\/papay-janos\/"},"modified":"2025-07-16T10:20:33","modified_gmt":"2025-07-16T08:20:33","slug":"papay-janos","status":"publish","type":"product","link":"https:\/\/uj.adatbank.ro\/lexikon\/termek\/papay-janos\/","title":{"rendered":"P\u00c1PAY J\u00e1nos"},"content":{"rendered":"<p>Marossz\u00e9ki, ? \u2020\u00a0?: \u00edr\u00f3de\u00e1k, titk\u00e1r. \u2013 Bethlen S\u00e1ndorn\u00e9 \u00edr\u00f3de\u00e1kja, II. R\u00e1k\u00f3czi Ferenc titk\u00e1ra. Egy k\u00f6vets\u00e9gi \u00fatinapl\u00f3 maradt t\u0151le. <br \/><strong>Irod.:<\/strong> Rugonfalvi Kiss<\/br><\/p>\n","protected":false},"excerpt":{"rendered":"<p>Marossz\u00e9ki, ? \u2020\u00a0?: \u00edr\u00f3de\u00e1k, titk\u00e1r. \u2013 Bethlen S\u00e1ndorn\u00e9 \u00edr\u00f3de\u00e1kja, II. R\u00e1k\u00f3czi Ferenc titk\u00e1ra. Egy k\u00f6vets\u00e9gi \u00fatinapl\u00f3 maradt t\u0151le. Irod.: Rugonfalvi Kiss<\/p>\n","protected":false},"featured_media":0,"comment_status":"open","ping_status":"closed","template":"","meta":[],"product_brand":[],"product_cat":[137],"product_tag":[],"class_list":{"0":"post-17588","1":"product","2":"type-product","3":"status-publish","5":"product_cat-maros-megyei-eletrajzi-lexikon","7":"first","8":"instock","9":"shipping-taxable","10":"product-type-simple"},"_links":{"self":[{"href":"https:\/\/uj.adatbank.ro\/lexikon\/wp-json\/wp\/v2\/product\/17588","targetHints":{"allow":["GET"]}}],"collection":[{"href":"https:\/\/uj.adatbank.ro\/lexikon\/wp-json\/wp\/v2\/product"}],"about":[{"href":"https:\/\/uj.adatbank.ro\/lexikon\/wp-json\/wp\/v2\/types\/product"}],"replies":[{"embeddable":true,"href":"https:\/\/uj.adatbank.ro\/lexikon\/wp-json\/wp\/v2\/comments?post=17588"}],"wp:attachment":[{"href":"https:\/\/uj.adatbank.ro\/lexikon\/wp-json\/wp\/v2\/media?parent=17588"}],"wp:term":[{"taxonomy":"product_brand","embeddable":true,"href":"https:\/\/uj.adatbank.ro\/lexikon\/wp-json\/wp\/v2\/product_brand?post=17588"},{"taxonomy":"product_cat","embeddable":true,"href":"https:\/\/uj.adatbank.ro\/lexikon\/wp-json\/wp\/v2\/product_cat?post=17588"},{"taxonomy":"product_tag","embeddable":true,"href":"https:\/\/uj.adatbank.ro\/lexikon\/wp-json\/wp\/v2\/product_tag?post=17588"}],"curies":[{"name":"wp","href":"https:\/\/api.w.org\/{rel}","templated":true}]}}