{"id":17597,"date":"2025-07-16T10:20:52","date_gmt":"2025-07-16T08:20:52","guid":{"rendered":"https:\/\/uj.adatbank.ro\/lexikon\/termek\/papolczi-gyorgy\/"},"modified":"2025-07-16T10:20:52","modified_gmt":"2025-07-16T08:20:52","slug":"papolczi-gyorgy","status":"publish","type":"product","link":"https:\/\/uj.adatbank.ro\/lexikon\/termek\/papolczi-gyorgy\/","title":{"rendered":"PAPOLCZI Gy\u00f6rgy"},"content":{"rendered":"<p>? \u2020\u00a0?: unit. lelk\u00e9sz. \u2013 Torock\u00f3szentgy\u00f6rgy\u00f6n szolg\u00e1lt t\u00edz \u00e9vet, Ny\u00e1r\u00e1dszentm\u00e1rtonban unit. lelk\u00e9sz (1652\u2013), (Cs\u00edkszentm\u00e1rtonban K\u00e9nosi-Uzoni szerint) az \u00e1d\u00e1mosi zsinaton er\u0151s\u00edtett\u00e9k meg esperesi hivatal\u00e1ban (1652. j\u00fan. 16.\u2013). Ny\u00e1r\u00e1dszentm\u00e1rton katolikus templom\u00e1t (1271-b\u0151l) a t\u00f6r\u00f6k-tat\u00e1r hadak \u00e9gett\u00e9k fel (1661). Az \u00e9letben maradt h\u00edvek \u00faj\u00edtott\u00e1k fel vezet\u00e9s\u00e9vel. Ekkor k\u00e9sz\u00fclt a kazett\u00e1s mennyezet. A Marosi k\u00f6r esperese volt, de teremiben szolg\u00e1lt. Bethlen J\u00e1nos gr. \u00fcld\u00f6zte a nagyteremiben \u00e9l\u0151 unit\u00e1riusokat \u00e9s k\u00ednozta papjukat, elfoglalta a papilakot. Apafi fejedelem meger\u0151s\u00edt\u00e9s\u00e9vel l\u00e9pett fel a zsinaton (1672). <br \/><strong>Irod.:<\/strong> Bodolai Gy\u00f6ngyi: 725 \u00e9v a j\u00f6v\u0151\u00e9rt (N\u00fa., 1996. nov. 12.); Cs\u00edkfalva; K\u00e9nosi-Uzoni 2.; Zov\u00e1nyi<\/br><\/p>\n","protected":false},"excerpt":{"rendered":"<p>? \u2020\u00a0?: unit. lelk\u00e9sz. \u2013 Torock\u00f3szentgy\u00f6rgy\u00f6n szolg\u00e1lt t\u00edz \u00e9vet, Ny\u00e1r\u00e1dszentm\u00e1rtonban unit. lelk\u00e9sz (1652\u2013), (Cs\u00edkszentm\u00e1rtonban K\u00e9nosi-Uzoni szerint) az \u00e1d\u00e1mosi zsinaton er\u0151s\u00edtett\u00e9k meg esperesi hivatal\u00e1ban (1652. j\u00fan. 16.\u2013). Ny\u00e1r\u00e1dszentm\u00e1rton katolikus templom\u00e1t (1271-b\u0151l) a t\u00f6r\u00f6k-tat\u00e1r hadak \u00e9gett\u00e9k fel (1661). Az \u00e9letben maradt h\u00edvek \u00faj\u00edtott\u00e1k fel vezet\u00e9s\u00e9vel. Ekkor k\u00e9sz\u00fclt a kazett\u00e1s mennyezet. A Marosi k\u00f6r esperese volt, de teremiben [&hellip;]<\/p>\n","protected":false},"featured_media":0,"comment_status":"open","ping_status":"closed","template":"","meta":[],"product_brand":[],"product_cat":[137],"product_tag":[],"class_list":{"0":"post-17597","1":"product","2":"type-product","3":"status-publish","5":"product_cat-maros-megyei-eletrajzi-lexikon","7":"first","8":"instock","9":"shipping-taxable","10":"product-type-simple"},"_links":{"self":[{"href":"https:\/\/uj.adatbank.ro\/lexikon\/wp-json\/wp\/v2\/product\/17597","targetHints":{"allow":["GET"]}}],"collection":[{"href":"https:\/\/uj.adatbank.ro\/lexikon\/wp-json\/wp\/v2\/product"}],"about":[{"href":"https:\/\/uj.adatbank.ro\/lexikon\/wp-json\/wp\/v2\/types\/product"}],"replies":[{"embeddable":true,"href":"https:\/\/uj.adatbank.ro\/lexikon\/wp-json\/wp\/v2\/comments?post=17597"}],"wp:attachment":[{"href":"https:\/\/uj.adatbank.ro\/lexikon\/wp-json\/wp\/v2\/media?parent=17597"}],"wp:term":[{"taxonomy":"product_brand","embeddable":true,"href":"https:\/\/uj.adatbank.ro\/lexikon\/wp-json\/wp\/v2\/product_brand?post=17597"},{"taxonomy":"product_cat","embeddable":true,"href":"https:\/\/uj.adatbank.ro\/lexikon\/wp-json\/wp\/v2\/product_cat?post=17597"},{"taxonomy":"product_tag","embeddable":true,"href":"https:\/\/uj.adatbank.ro\/lexikon\/wp-json\/wp\/v2\/product_tag?post=17597"}],"curies":[{"name":"wp","href":"https:\/\/api.w.org\/{rel}","templated":true}]}}

PAPOLCZI György

<p>? † ?: unit. lelkész. – Torockószentgyörgyön szolgált tíz évet, Nyárádszentmártonban unit. lelkész (1652–), (Csíkszentmártonban Kénosi-Uzoni szerint) az ádámosi zsinaton erősítették meg esperesi hivatalában (1652. jún. 16.–). Nyárádszentmárton katolikus templomát (1271-ből) a török-tatár hadak égették fel (1661). Az életben maradt hívek újították fel vezetésével. Ekkor készült a kazettás mennyezet. A Marosi kör esperese volt, de teremiben szolgált. Bethlen János gr. üldözte a nagyteremiben élő unitáriusokat és kínozta papjukat, elfoglalta a papilakot. Apafi fejedelem megerősítésével lépett fel a zsinaton (1672). <br /><strong>Irod.:</strong> Bodolai Gyöngyi: 725 év a jövőért (Nú., 1996. nov. 12.); Csíkfalva; Kénosi-Uzoni 2.; Zoványi</br></p>

<p>? † ?: unit. lelkész. – Torockószentgyörgyön szolgált tíz évet, Nyárádszentmártonban unit. lelkész (1652–), (Csíkszentmártonban Kénosi-Uzoni szerint) az ádámosi zsinaton erősítették meg esperesi hivatalában (1652. jún. 16.–). Nyárádszentmárton katolikus templomát (1271-ből) a török-tatár hadak égették fel (1661). Az életben maradt hívek újították fel vezetésével. Ekkor készült a kazettás mennyezet. A Marosi kör esperese volt, de teremiben [&hellip;]</p>
