{"id":17599,"date":"2025-07-16T10:20:55","date_gmt":"2025-07-16T08:20:55","guid":{"rendered":"https:\/\/uj.adatbank.ro\/lexikon\/termek\/papp-agoston\/"},"modified":"2025-07-16T10:20:55","modified_gmt":"2025-07-16T08:20:55","slug":"papp-agoston","status":"publish","type":"product","link":"https:\/\/uj.adatbank.ro\/lexikon\/termek\/papp-agoston\/","title":{"rendered":"PAPP \u00c1goston"},"content":{"rendered":"<p>B\u00faz\u00e1sbeseny\u0151, 1867., \u2020\u00a0?: tan\u00edt\u00f3, iskola igazgat\u00f3. \u2013 K\u00f6z\u00e9piskol\u00e1it Mv.-en \u00e9s Bal\u00e1zsfalv\u00e1n v\u00e9gezte. Mv.-en volt iskolaigazgat\u00f3. 35 \u00e9vi pedag\u00f3giai munk\u00e1ss\u00e1g ut\u00e1n vonult nyugalomba (1929). Elismert, j\u00f3nev\u0171 pedag\u00f3gus volt, t\u00f6bb \u00edzben r\u00e9szes\u00fclt kit\u00fcntet\u00e9sben \u00e9s elismer\u00e9sben. A mv.-i Kereskedelmi Szakmai Iskola a tan\u00fcgyi reform ut\u00e1n (1948) a R\u00f3zs\u00e1k tere 6. sz. alatti Apoll\u00f3 \u00e9p\u00fcletben, majd a R\u00f3zs\u00e1k tere 45. sz. alatti Papp-palot\u00e1ban m\u0171k\u00f6d\u00f6tt felsz\u00e1mol\u00e1s\u00e1ig (1954. okt.). <br \/><strong>Irod.:<\/strong> Fodor S\u00e1ndor (S). Kereskedelmi iskol\u00e1k (K\u00f6zpont, 7. sz., 2010. febr. 17\u201313.); Sz\u00e9kelyf\u00f6ld \u00ed.k.<\/br><\/p>\n","protected":false},"excerpt":{"rendered":"<p>B\u00faz\u00e1sbeseny\u0151, 1867., \u2020\u00a0?: tan\u00edt\u00f3, iskola igazgat\u00f3. \u2013 K\u00f6z\u00e9piskol\u00e1it Mv.-en \u00e9s Bal\u00e1zsfalv\u00e1n v\u00e9gezte. Mv.-en volt iskolaigazgat\u00f3. 35 \u00e9vi pedag\u00f3giai munk\u00e1ss\u00e1g ut\u00e1n vonult nyugalomba (1929). Elismert, j\u00f3nev\u0171 pedag\u00f3gus volt, t\u00f6bb \u00edzben r\u00e9szes\u00fclt kit\u00fcntet\u00e9sben \u00e9s elismer\u00e9sben. A mv.-i Kereskedelmi Szakmai Iskola a tan\u00fcgyi reform ut\u00e1n (1948) a R\u00f3zs\u00e1k tere 6. sz. alatti Apoll\u00f3 \u00e9p\u00fcletben, majd a R\u00f3zs\u00e1k tere [&hellip;]<\/p>\n","protected":false},"featured_media":0,"comment_status":"open","ping_status":"closed","template":"","meta":[],"product_brand":[],"product_cat":[137],"product_tag":[],"class_list":{"0":"post-17599","1":"product","2":"type-product","3":"status-publish","5":"product_cat-maros-megyei-eletrajzi-lexikon","7":"first","8":"instock","9":"shipping-taxable","10":"product-type-simple"},"_links":{"self":[{"href":"https:\/\/uj.adatbank.ro\/lexikon\/wp-json\/wp\/v2\/product\/17599","targetHints":{"allow":["GET"]}}],"collection":[{"href":"https:\/\/uj.adatbank.ro\/lexikon\/wp-json\/wp\/v2\/product"}],"about":[{"href":"https:\/\/uj.adatbank.ro\/lexikon\/wp-json\/wp\/v2\/types\/product"}],"replies":[{"embeddable":true,"href":"https:\/\/uj.adatbank.ro\/lexikon\/wp-json\/wp\/v2\/comments?post=17599"}],"wp:attachment":[{"href":"https:\/\/uj.adatbank.ro\/lexikon\/wp-json\/wp\/v2\/media?parent=17599"}],"wp:term":[{"taxonomy":"product_brand","embeddable":true,"href":"https:\/\/uj.adatbank.ro\/lexikon\/wp-json\/wp\/v2\/product_brand?post=17599"},{"taxonomy":"product_cat","embeddable":true,"href":"https:\/\/uj.adatbank.ro\/lexikon\/wp-json\/wp\/v2\/product_cat?post=17599"},{"taxonomy":"product_tag","embeddable":true,"href":"https:\/\/uj.adatbank.ro\/lexikon\/wp-json\/wp\/v2\/product_tag?post=17599"}],"curies":[{"name":"wp","href":"https:\/\/api.w.org\/{rel}","templated":true}]}}

PAPP Ágoston

<p>Búzásbesenyő, 1867., † ?: tanító, iskola igazgató. – Középiskoláit Mv.-en és Balázsfalván végezte. Mv.-en volt iskolaigazgató. 35 évi pedagógiai munkásság után vonult nyugalomba (1929). Elismert, jónevű pedagógus volt, több ízben részesült kitüntetésben és elismerésben. A mv.-i Kereskedelmi Szakmai Iskola a tanügyi reform után (1948) a Rózsák tere 6. sz. alatti Apolló épületben, majd a Rózsák tere 45. sz. alatti Papp-palotában működött felszámolásáig (1954. okt.). <br /><strong>Irod.:</strong> Fodor Sándor (S). Kereskedelmi iskolák (Központ, 7. sz., 2010. febr. 17–13.); Székelyföld í.k.</br></p>

<p>Búzásbesenyő, 1867., † ?: tanító, iskola igazgató. – Középiskoláit Mv.-en és Balázsfalván végezte. Mv.-en volt iskolaigazgató. 35 évi pedagógiai munkásság után vonult nyugalomba (1929). Elismert, jónevű pedagógus volt, több ízben részesült kitüntetésben és elismerésben. A mv.-i Kereskedelmi Szakmai Iskola a tanügyi reform után (1948) a Rózsák tere 6. sz. alatti Apolló épületben, majd a Rózsák tere [&hellip;]</p>
