{"id":1760,"date":"2025-06-28T11:52:15","date_gmt":"2025-06-28T09:52:15","guid":{"rendered":"https:\/\/uj.adatbank.ro\/lexikon\/termek\/alexandru-ioan-%c2%a7\/"},"modified":"2025-06-28T11:52:15","modified_gmt":"2025-06-28T09:52:15","slug":"alexandru-ioan-%c2%a7","status":"publish","type":"product","link":"https:\/\/uj.adatbank.ro\/lexikon\/termek\/alexandru-ioan-%c2%a7\/","title":{"rendered":"ALEXANDRU Ioan, \u00a7"},"content":{"rendered":"<p>Csufud, 1888. m\u00e1j. 22. \u2020 1975. Marosszentgy\u00f6rgy\u00f6n a r\u00e9gi g. kat. templom temet\u0151j\u00e9ben temett\u00e9k el.: g. kat. pap. \u2013 Elemi iskol\u00e1t a sz\u00fcl\u0151faluj\u00e1ban, g. kat. l\u00edc.-ot \u00e9s teol\u00f3gi\u00e1t Bal\u00e1zsfalv\u00e1n v\u00e9gzett (1911) \u00e9s papp\u00e1 szentelt\u00e9k (1911. okt. 23.). Marosszentgy\u00f6rgyre pl\u00e9b\u00e1nosnak nevezt\u00e9k ki (1911. nov. 8.). A k\u00f6vetkez\u0151 \u00e9vben \u00faj par\u00f3chia \u00e9p\u00fcletet \u00e9p\u00edttetett. Bekapcsol\u00f3dott a k\u00f6zs\u00e9g rom\u00e1n m\u0171vel\u0151d\u00e9si \u00e9let\u00e9be, vegyes k\u00f3rust, sz\u00ednj\u00e1tsz\u00f3- \u00e9s folkl\u00f3rgy\u0171jt\u0151 csoportot vezetett. J\u00f3 kapcsolatokat \u00e1polt az ort. pappal, Nicolae Motoraval. Az els\u0151vh. Alatt elmenek\u00fclt (1915. okt.\u20131920. nov. 20.). Ebben a peri\u00f3dusban George T\u00e2rn\u0103veanu g. kat. pap helyettes\u00edtette. Ioan Suciu tan\u00edt\u00f3val egy\u00fctt megszervezt\u00e9k a rom\u00e1n \u00e9s m. fiatalokb\u00f3l \u00e9s id\u0151sebbekb\u0151l az els\u0151 k\u00f3rust (1911\u2013), majd a sz\u00ednj\u00e1tsz\u00f3 csoportot is (1922). Saj\u00e1t \u00e9s Victor Buc\u015fa tan\u00edt\u00f3 javaslat\u00e1ra kezdtek Marosszentgy\u00f6rgy\u00f6n \u00faj rom\u00e1n tannyelv\u0171 iskol\u00e1t \u00e9p\u00edteni (1921\u201328). Az \u00faj \u00e9p\u00fcletet Constantin Anghelescu, nevel\u00e9si \u00e9s oktat\u00e1si miniszter jelenl\u00e9t\u00e9ben avatt\u00e1k fel (1928. szept. 22.). <br \/><strong>Irod.:<\/strong> S\u00e2ngeorgiu de Mure\u015f: 1940\u20131944.; S\u00e2ngeorgiu de Mure\u015f \u2013 \u015ecoala<\/br><\/p>\n","protected":false},"excerpt":{"rendered":"<p>Csufud, 1888. m\u00e1j. 22. \u2020 1975. Marosszentgy\u00f6rgy\u00f6n a r\u00e9gi g. kat. templom temet\u0151j\u00e9ben temett\u00e9k el.: g. kat. pap. \u2013 Elemi iskol\u00e1t a sz\u00fcl\u0151faluj\u00e1ban, g. kat. l\u00edc.-ot \u00e9s teol\u00f3gi\u00e1t Bal\u00e1zsfalv\u00e1n v\u00e9gzett (1911) \u00e9s papp\u00e1 szentelt\u00e9k (1911. okt. 23.). Marosszentgy\u00f6rgyre pl\u00e9b\u00e1nosnak nevezt\u00e9k ki (1911. nov. 8.). A k\u00f6vetkez\u0151 \u00e9vben \u00faj par\u00f3chia \u00e9p\u00fcletet \u00e9p\u00edttetett. Bekapcsol\u00f3dott a k\u00f6zs\u00e9g rom\u00e1n [&hellip;]<\/p>\n","protected":false},"featured_media":0,"comment_status":"open","ping_status":"closed","template":"","meta":[],"product_brand":[],"product_cat":[137],"product_tag":[],"class_list":{"0":"post-1760","1":"product","2":"type-product","3":"status-publish","5":"product_cat-maros-megyei-eletrajzi-lexikon","7":"first","8":"instock","9":"shipping-taxable","10":"product-type-simple"},"_links":{"self":[{"href":"https:\/\/uj.adatbank.ro\/lexikon\/wp-json\/wp\/v2\/product\/1760","targetHints":{"allow":["GET"]}}],"collection":[{"href":"https:\/\/uj.adatbank.ro\/lexikon\/wp-json\/wp\/v2\/product"}],"about":[{"href":"https:\/\/uj.adatbank.ro\/lexikon\/wp-json\/wp\/v2\/types\/product"}],"replies":[{"embeddable":true,"href":"https:\/\/uj.adatbank.ro\/lexikon\/wp-json\/wp\/v2\/comments?post=1760"}],"wp:attachment":[{"href":"https:\/\/uj.adatbank.ro\/lexikon\/wp-json\/wp\/v2\/media?parent=1760"}],"wp:term":[{"taxonomy":"product_brand","embeddable":true,"href":"https:\/\/uj.adatbank.ro\/lexikon\/wp-json\/wp\/v2\/product_brand?post=1760"},{"taxonomy":"product_cat","embeddable":true,"href":"https:\/\/uj.adatbank.ro\/lexikon\/wp-json\/wp\/v2\/product_cat?post=1760"},{"taxonomy":"product_tag","embeddable":true,"href":"https:\/\/uj.adatbank.ro\/lexikon\/wp-json\/wp\/v2\/product_tag?post=1760"}],"curies":[{"name":"wp","href":"https:\/\/api.w.org\/{rel}","templated":true}]}}