{"id":17613,"date":"2025-07-16T10:21:31","date_gmt":"2025-07-16T08:21:31","guid":{"rendered":"https:\/\/uj.adatbank.ro\/lexikon\/termek\/papp-eniko-dr-kapusy-antalne\/"},"modified":"2025-07-16T10:21:31","modified_gmt":"2025-07-16T08:21:31","slug":"papp-eniko-dr-kapusy-antalne","status":"publish","type":"product","link":"https:\/\/uj.adatbank.ro\/lexikon\/termek\/papp-eniko-dr-kapusy-antalne\/","title":{"rendered":"PAPP Enik\u0151, dr. Kapusy Antaln\u00e9"},"content":{"rendered":"<p>? \u2020 Bp., 1988. dec. 29.: orvos. \u2013 Pszichi\u00e1ter szakorvos. Van k\u00f6nyve is. <br \/><strong>Irod.:<\/strong> [Nekrol\u00f3g](V. Z., 1989. jan. 5.)<\/br><\/p>\n","protected":false},"excerpt":{"rendered":"<p>? \u2020 Bp., 1988. dec. 29.: orvos. \u2013 Pszichi\u00e1ter szakorvos. Van k\u00f6nyve is. Irod.: [Nekrol\u00f3g](V. Z., 1989. jan. 5.)<\/p>\n","protected":false},"featured_media":0,"comment_status":"open","ping_status":"closed","template":"","meta":[],"product_brand":[],"product_cat":[137],"product_tag":[],"class_list":{"0":"post-17613","1":"product","2":"type-product","3":"status-publish","5":"product_cat-maros-megyei-eletrajzi-lexikon","7":"first","8":"instock","9":"shipping-taxable","10":"product-type-simple"},"_links":{"self":[{"href":"https:\/\/uj.adatbank.ro\/lexikon\/wp-json\/wp\/v2\/product\/17613","targetHints":{"allow":["GET"]}}],"collection":[{"href":"https:\/\/uj.adatbank.ro\/lexikon\/wp-json\/wp\/v2\/product"}],"about":[{"href":"https:\/\/uj.adatbank.ro\/lexikon\/wp-json\/wp\/v2\/types\/product"}],"replies":[{"embeddable":true,"href":"https:\/\/uj.adatbank.ro\/lexikon\/wp-json\/wp\/v2\/comments?post=17613"}],"wp:attachment":[{"href":"https:\/\/uj.adatbank.ro\/lexikon\/wp-json\/wp\/v2\/media?parent=17613"}],"wp:term":[{"taxonomy":"product_brand","embeddable":true,"href":"https:\/\/uj.adatbank.ro\/lexikon\/wp-json\/wp\/v2\/product_brand?post=17613"},{"taxonomy":"product_cat","embeddable":true,"href":"https:\/\/uj.adatbank.ro\/lexikon\/wp-json\/wp\/v2\/product_cat?post=17613"},{"taxonomy":"product_tag","embeddable":true,"href":"https:\/\/uj.adatbank.ro\/lexikon\/wp-json\/wp\/v2\/product_tag?post=17613"}],"curies":[{"name":"wp","href":"https:\/\/api.w.org\/{rel}","templated":true}]}}