{"id":17615,"date":"2025-07-16T10:21:36","date_gmt":"2025-07-16T08:21:36","guid":{"rendered":"https:\/\/uj.adatbank.ro\/lexikon\/termek\/papp-farkas-maroscsugedi\/"},"modified":"2025-07-16T10:21:36","modified_gmt":"2025-07-16T08:21:36","slug":"papp-farkas-maroscsugedi","status":"publish","type":"product","link":"https:\/\/uj.adatbank.ro\/lexikon\/termek\/papp-farkas-maroscsugedi\/","title":{"rendered":"PAPP Farkas, maroscs\u00fcgedi"},"content":{"rendered":"<p>? \u2020\u00a0? : t\u00e1blai eln\u00f6k. \u2013 Feles\u00e9ge k\u00e1szoni \u00e9s imp\u00e9rfalvi br. Bornemisza Anna (1858- Mv., 1918. jan. 5). (esk. 1879), Gyermekeik: dr. P. Alajos, feles\u00e9ge Sz\u00f6rtsey N\u00f3ra; Liszka. A mv.-i kir. \u00cdt\u00e9l\u0151 t\u00e1bla eln\u00f6ke volt Mv.-en (\u20131919) addig amig le nem v\u00e1ltott\u00e1k Romulus Poppal. <br \/><strong>Irod.:<\/strong> Id\u0151t\u00e1r 3; Lev\u00e9lt\u00e1ri gy\u00e1szj.<\/br><\/p>\n","protected":false},"excerpt":{"rendered":"<p>? \u2020\u00a0? : t\u00e1blai eln\u00f6k. \u2013 Feles\u00e9ge k\u00e1szoni \u00e9s imp\u00e9rfalvi br. Bornemisza Anna (1858- Mv., 1918. jan. 5). (esk. 1879), Gyermekeik: dr. P. Alajos, feles\u00e9ge Sz\u00f6rtsey N\u00f3ra; Liszka. A mv.-i kir. \u00cdt\u00e9l\u0151 t\u00e1bla eln\u00f6ke volt Mv.-en (\u20131919) addig amig le nem v\u00e1ltott\u00e1k Romulus Poppal. Irod.: Id\u0151t\u00e1r 3; Lev\u00e9lt\u00e1ri gy\u00e1szj.<\/p>\n","protected":false},"featured_media":0,"comment_status":"open","ping_status":"closed","template":"","meta":[],"product_brand":[],"product_cat":[137],"product_tag":[],"class_list":{"0":"post-17615","1":"product","2":"type-product","3":"status-publish","5":"product_cat-maros-megyei-eletrajzi-lexikon","7":"first","8":"instock","9":"shipping-taxable","10":"product-type-simple"},"_links":{"self":[{"href":"https:\/\/uj.adatbank.ro\/lexikon\/wp-json\/wp\/v2\/product\/17615","targetHints":{"allow":["GET"]}}],"collection":[{"href":"https:\/\/uj.adatbank.ro\/lexikon\/wp-json\/wp\/v2\/product"}],"about":[{"href":"https:\/\/uj.adatbank.ro\/lexikon\/wp-json\/wp\/v2\/types\/product"}],"replies":[{"embeddable":true,"href":"https:\/\/uj.adatbank.ro\/lexikon\/wp-json\/wp\/v2\/comments?post=17615"}],"wp:attachment":[{"href":"https:\/\/uj.adatbank.ro\/lexikon\/wp-json\/wp\/v2\/media?parent=17615"}],"wp:term":[{"taxonomy":"product_brand","embeddable":true,"href":"https:\/\/uj.adatbank.ro\/lexikon\/wp-json\/wp\/v2\/product_brand?post=17615"},{"taxonomy":"product_cat","embeddable":true,"href":"https:\/\/uj.adatbank.ro\/lexikon\/wp-json\/wp\/v2\/product_cat?post=17615"},{"taxonomy":"product_tag","embeddable":true,"href":"https:\/\/uj.adatbank.ro\/lexikon\/wp-json\/wp\/v2\/product_tag?post=17615"}],"curies":[{"name":"wp","href":"https:\/\/api.w.org\/{rel}","templated":true}]}}