{"id":17616,"date":"2025-07-16T10:21:38","date_gmt":"2025-07-16T08:21:38","guid":{"rendered":"https:\/\/uj.adatbank.ro\/lexikon\/termek\/papp-ferenc\/"},"modified":"2025-07-16T10:21:38","modified_gmt":"2025-07-16T08:21:38","slug":"papp-ferenc","status":"publish","type":"product","link":"https:\/\/uj.adatbank.ro\/lexikon\/termek\/papp-ferenc\/","title":{"rendered":"PAPP Ferenc"},"content":{"rendered":"<p>Kemenesmagasi, 1871. dec. 12., \u2020 Bp., 1943. okt. 12.: irodalomt\u00f6rt\u00e9n\u00e9sz. \u2013 A bp.-i egy.-en b\u00f6lcs\u00e9szdoktori \u00e9s m.-latin szakos tan\u00e1ri oklevelet szerzett (1895). Gernyeszegen gr. Teleki Domokos \u00e9s G\u00e9za ne\u00advel\u0151je (1895\u201397), akikkel beutazta Erd\u00e9lyt \u00e9s Bajoro.-ot. Bp.-en az Orsz. N\u0151k\u00e9pz\u0151-Egyes. le\u00e1nygimn. (1897\u2013), az I. ker. \u00e1ll. f\u0151gimn. (1900\u2013), a bp.-i k\u00f6z\u00e9pisk. tan\u00e1rk\u00e9pz\u0151 int. gyakorl\u00f3gimn.-\u00e1nak tan\u00e1ra nyugd\u00edjaz\u00e1s\u00e1ig (1917\u201332). C. gimn. ig. (1920). Az MTA tagja (1. 1921, r. 1939), Irodalomt\u00f6rt. Bizotts\u00e1g\u00e1nak tagja (1916-t\u00f3l). A Kisfaludy T\u00e1rs. tagja (r. 1920). Az MTA Marczib\u00e1nyi-jutalma (1932). Cikkei a T\u00f6rekv\u00e9s, Egyetemes Philol\u00f3giai K\u00f6zl\u00f6ny, Pesti Napl\u00f3, Bp.-i Szemle, Nemzeti N\u0151nevel\u00e9s, a bp.-i I.ker\u00fcleti F\u0151gimn\u00e1zium \u00c9rtes\u00edt\u0151j\u00e9ben jelentek meg. Monogr\u00e1fi\u00e1kban dolgozta fel Gyulai P\u00e1l \u00e9s Kem\u00e9ny Zsigmond \u00e9let\u00e9t \u00e9s munk\u00e1ss\u00e1g\u00e1t. Az Orsz. Ref. Tan\u00e1r Egyes. \u00c9vk. szerk. (1931\u2013). \u2013 <strong>F. m.:<\/strong> A val\u00f3szer\u0171s\u00e9g \u00e9s hat\u00e1rai a m\u0171v\u00e9szet\u00adben (Bp., 1894); B\u00e1r\u00f3 Kem\u00e9ny Zsigmond h\u00e1t\u00adrahagyott m\u0171vei. (Bp., 1914); B\u00e1r\u00f3 Ke\u00adm\u00e9ny Zsigmond, I\u2014II. (Bp., 1922\u201323); Kem\u00e9ny Zsigmond (Bp., 1927); R\u00e1kosi Jen\u0151, a h\u00edrlap\u00edr\u00f3 (Bp., 1924); Gyulai P\u00e1l iro\u00addalmi eml\u00e9kei. (Bp., 1926); Gyulai P\u00e1l \u00e9s Pataki Em\u00edlia (Debrecen, 1927); Gyulai P\u00e1l, I\u2014II. (Bp., 1935\u201341). <br \/><strong>Irod.:<\/strong> Szinnyei; \u00daM\u00c9L<\/br><\/p>\n","protected":false},"excerpt":{"rendered":"<p>Kemenesmagasi, 1871. dec. 12., \u2020 Bp., 1943. okt. 12.: irodalomt\u00f6rt\u00e9n\u00e9sz. \u2013 A bp.-i egy.-en b\u00f6lcs\u00e9szdoktori \u00e9s m.-latin szakos tan\u00e1ri oklevelet szerzett (1895). Gernyeszegen gr. Teleki Domokos \u00e9s G\u00e9za ne\u00advel\u0151je (1895\u201397), akikkel beutazta Erd\u00e9lyt \u00e9s Bajoro.-ot. Bp.-en az Orsz. N\u0151k\u00e9pz\u0151-Egyes. le\u00e1nygimn. (1897\u2013), az I. ker. \u00e1ll. f\u0151gimn. (1900\u2013), a bp.-i k\u00f6z\u00e9pisk. tan\u00e1rk\u00e9pz\u0151 int. gyakorl\u00f3gimn.-\u00e1nak tan\u00e1ra nyugd\u00edjaz\u00e1s\u00e1ig [&hellip;]<\/p>\n","protected":false},"featured_media":0,"comment_status":"open","ping_status":"closed","template":"","meta":[],"product_brand":[],"product_cat":[137],"product_tag":[],"class_list":{"0":"post-17616","1":"product","2":"type-product","3":"status-publish","5":"product_cat-maros-megyei-eletrajzi-lexikon","7":"first","8":"instock","9":"shipping-taxable","10":"product-type-simple"},"_links":{"self":[{"href":"https:\/\/uj.adatbank.ro\/lexikon\/wp-json\/wp\/v2\/product\/17616","targetHints":{"allow":["GET"]}}],"collection":[{"href":"https:\/\/uj.adatbank.ro\/lexikon\/wp-json\/wp\/v2\/product"}],"about":[{"href":"https:\/\/uj.adatbank.ro\/lexikon\/wp-json\/wp\/v2\/types\/product"}],"replies":[{"embeddable":true,"href":"https:\/\/uj.adatbank.ro\/lexikon\/wp-json\/wp\/v2\/comments?post=17616"}],"wp:attachment":[{"href":"https:\/\/uj.adatbank.ro\/lexikon\/wp-json\/wp\/v2\/media?parent=17616"}],"wp:term":[{"taxonomy":"product_brand","embeddable":true,"href":"https:\/\/uj.adatbank.ro\/lexikon\/wp-json\/wp\/v2\/product_brand?post=17616"},{"taxonomy":"product_cat","embeddable":true,"href":"https:\/\/uj.adatbank.ro\/lexikon\/wp-json\/wp\/v2\/product_cat?post=17616"},{"taxonomy":"product_tag","embeddable":true,"href":"https:\/\/uj.adatbank.ro\/lexikon\/wp-json\/wp\/v2\/product_tag?post=17616"}],"curies":[{"name":"wp","href":"https:\/\/api.w.org\/{rel}","templated":true}]}}

<p>Kemenesmagasi, 1871. dec. 12., † Bp., 1943. okt. 12.: irodalomtörténész. – A bp.-i egy.-en bölcsészdoktori és m.-latin szakos tanári oklevelet szerzett (1895). Gernyeszegen gr. Teleki Domokos és Géza ne­velője (1895–97), akikkel beutazta Erdélyt és Bajoro.-ot. Bp.-en az Orsz. Nőképző-Egyes. leánygimn. (1897–), az I. ker. áll. főgimn. (1900–), a bp.-i középisk. tanárképző int. gyakorlógimn.-ának tanára nyugdíjazásáig (1917–32). C. gimn. ig. (1920). Az MTA tagja (1. 1921, r. 1939), Irodalomtört. Bizottságának tagja (1916-tól). A Kisfaludy Társ. tagja (r. 1920). Az MTA Marczibányi-jutalma (1932). Cikkei a Törekvés, Egyetemes Philológiai Közlöny, Pesti Napló, Bp.-i Szemle, Nemzeti Nőnevelés, a bp.-i I.kerületi Főgimnázium Értesítőjében jelentek meg. Monográfiákban dolgozta fel Gyulai Pál és Kemény Zsigmond életét és munkásságát. Az Orsz. Ref. Tanár Egyes. Évk. szerk. (1931–). – <strong>F. m.:</strong> A valószerűség és határai a művészet­ben (Bp., 1894); Báró Kemény Zsigmond hát­rahagyott művei. (Bp., 1914); Báró Ke­mény Zsigmond, I—II. (Bp., 1922–23); Kemény Zsigmond (Bp., 1927); Rákosi Jenő, a hírlapíró (Bp., 1924); Gyulai Pál iro­dalmi emlékei. (Bp., 1926); Gyulai Pál és Pataki Emília (Debrecen, 1927); Gyulai Pál, I—II. (Bp., 1935–41). <br /><strong>Irod.:</strong> Szinnyei; ÚMÉL</br></p>

<p>Kemenesmagasi, 1871. dec. 12., † Bp., 1943. okt. 12.: irodalomtörténész. – A bp.-i egy.-en bölcsészdoktori és m.-latin szakos tanári oklevelet szerzett (1895). Gernyeszegen gr. Teleki Domokos és Géza ne­velője (1895–97), akikkel beutazta Erdélyt és Bajoro.-ot. Bp.-en az Orsz. Nőképző-Egyes. leánygimn. (1897–), az I. ker. áll. főgimn. (1900–), a bp.-i középisk. tanárképző int. gyakorlógimn.-ának tanára nyugdíjazásáig [&hellip;]</p>
