{"id":17628,"date":"2025-07-16T10:22:01","date_gmt":"2025-07-16T08:22:01","guid":{"rendered":"https:\/\/uj.adatbank.ro\/lexikon\/termek\/papp-janos-4\/"},"modified":"2025-07-16T10:22:01","modified_gmt":"2025-07-16T08:22:01","slug":"papp-janos-4","status":"publish","type":"product","link":"https:\/\/uj.adatbank.ro\/lexikon\/termek\/papp-janos-4\/","title":{"rendered":"PAPP J\u00e1nos"},"content":{"rendered":"<p>Sz\u00e1szr\u00e9gen, 1892. jan. 29., \u2020\u00a0? tan\u00e1r, f\u0151gimn.-i igazgat\u00f3. \u2013 A gyulafeh\u00e9rv\u00e1ri r. k. f\u0151gimn.-ban \u00e9rets\u00e9gizett, majd a kv.-i egyetemen szerzett tan\u00e1ri oklevelet n\u00e9met-latin szakon. Tan\u00e1r volt a cs\u00edkszeredai \u00e9s a k\u00e9zdiv\u00e1s\u00e1rhelyi r. k. f\u0151gimn.-ban (1915\u201328), majd F\u0151gimn.-i igazgat\u00f3 Cs\u00edkszered\u00e1n (1928\u2013). A R. k. N\u00e9psz\u00f6vets\u00e9g Fel- \u00e9s Alcs\u00edki esperes ker\u00fclet\u00e9nek vil\u00e1gi eln\u00f6ke \u00e9s tagja volt sz\u00e1mos tan\u00fcgyi, t\u00e1rsadalmi \u00e9s egyh\u00e1zi egyes\u00fcletnek.<br \/><strong>Irod.:<\/strong> EM; H\u00e1bor\u00fas nevel\u00e9s (Mv., 1943)<\/br><\/p>\n","protected":false},"excerpt":{"rendered":"<p>Sz\u00e1szr\u00e9gen, 1892. jan. 29., \u2020\u00a0? tan\u00e1r, f\u0151gimn.-i igazgat\u00f3. \u2013 A gyulafeh\u00e9rv\u00e1ri r. k. f\u0151gimn.-ban \u00e9rets\u00e9gizett, majd a kv.-i egyetemen szerzett tan\u00e1ri oklevelet n\u00e9met-latin szakon. Tan\u00e1r volt a cs\u00edkszeredai \u00e9s a k\u00e9zdiv\u00e1s\u00e1rhelyi r. k. f\u0151gimn.-ban (1915\u201328), majd F\u0151gimn.-i igazgat\u00f3 Cs\u00edkszered\u00e1n (1928\u2013). A R. k. N\u00e9psz\u00f6vets\u00e9g Fel- \u00e9s Alcs\u00edki esperes ker\u00fclet\u00e9nek vil\u00e1gi eln\u00f6ke \u00e9s tagja volt sz\u00e1mos [&hellip;]<\/p>\n","protected":false},"featured_media":0,"comment_status":"open","ping_status":"closed","template":"","meta":[],"product_brand":[],"product_cat":[137],"product_tag":[],"class_list":{"0":"post-17628","1":"product","2":"type-product","3":"status-publish","5":"product_cat-maros-megyei-eletrajzi-lexikon","7":"first","8":"instock","9":"shipping-taxable","10":"product-type-simple"},"_links":{"self":[{"href":"https:\/\/uj.adatbank.ro\/lexikon\/wp-json\/wp\/v2\/product\/17628","targetHints":{"allow":["GET"]}}],"collection":[{"href":"https:\/\/uj.adatbank.ro\/lexikon\/wp-json\/wp\/v2\/product"}],"about":[{"href":"https:\/\/uj.adatbank.ro\/lexikon\/wp-json\/wp\/v2\/types\/product"}],"replies":[{"embeddable":true,"href":"https:\/\/uj.adatbank.ro\/lexikon\/wp-json\/wp\/v2\/comments?post=17628"}],"wp:attachment":[{"href":"https:\/\/uj.adatbank.ro\/lexikon\/wp-json\/wp\/v2\/media?parent=17628"}],"wp:term":[{"taxonomy":"product_brand","embeddable":true,"href":"https:\/\/uj.adatbank.ro\/lexikon\/wp-json\/wp\/v2\/product_brand?post=17628"},{"taxonomy":"product_cat","embeddable":true,"href":"https:\/\/uj.adatbank.ro\/lexikon\/wp-json\/wp\/v2\/product_cat?post=17628"},{"taxonomy":"product_tag","embeddable":true,"href":"https:\/\/uj.adatbank.ro\/lexikon\/wp-json\/wp\/v2\/product_tag?post=17628"}],"curies":[{"name":"wp","href":"https:\/\/api.w.org\/{rel}","templated":true}]}}

PAPP János

<p>Szászrégen, 1892. jan. 29., † ? tanár, főgimn.-i igazgató. – A gyulafehérvári r. k. főgimn.-ban éretségizett, majd a kv.-i egyetemen szerzett tanári oklevelet német-latin szakon. Tanár volt a csíkszeredai és a kézdivásárhelyi r. k. főgimn.-ban (1915–28), majd Főgimn.-i igazgató Csíkszeredán (1928–). A R. k. Népszövetség Fel- és Alcsíki esperes kerületének világi elnöke és tagja volt számos tanügyi, társadalmi és egyházi egyesületnek.<br /><strong>Irod.:</strong> EM; Háborús nevelés (Mv., 1943)</br></p>

<p>Szászrégen, 1892. jan. 29., † ? tanár, főgimn.-i igazgató. – A gyulafehérvári r. k. főgimn.-ban éretségizett, majd a kv.-i egyetemen szerzett tanári oklevelet német-latin szakon. Tanár volt a csíkszeredai és a kézdivásárhelyi r. k. főgimn.-ban (1915–28), majd Főgimn.-i igazgató Csíkszeredán (1928–). A R. k. Népszövetség Fel- és Alcsíki esperes kerületének világi elnöke és tagja volt számos [&hellip;]</p>
