{"id":17629,"date":"2025-07-16T10:22:05","date_gmt":"2025-07-16T08:22:05","guid":{"rendered":"https:\/\/uj.adatbank.ro\/lexikon\/termek\/papp-janos-5\/"},"modified":"2025-07-16T10:22:05","modified_gmt":"2025-07-16T08:22:05","slug":"papp-janos-5","status":"publish","type":"product","link":"https:\/\/uj.adatbank.ro\/lexikon\/termek\/papp-janos-5\/","title":{"rendered":"PAPP J\u00e1nos"},"content":{"rendered":"<p>? \u2020\u00a0?: csend\u0151rezredes. \u2013 A X. mv.-i csend\u0151rker\u00fclet parancsnoka, a gett\u00f3z\u00e1s lebonyol\u00edt\u00f3ja (1944). <br \/><strong>Irod.:<\/strong> Kir\u00e1ly Kinga.J.<\/br><\/p>\n","protected":false},"excerpt":{"rendered":"<p>? \u2020\u00a0?: csend\u0151rezredes. \u2013 A X. mv.-i csend\u0151rker\u00fclet parancsnoka, a gett\u00f3z\u00e1s lebonyol\u00edt\u00f3ja (1944). Irod.: Kir\u00e1ly Kinga.J.<\/p>\n","protected":false},"featured_media":0,"comment_status":"open","ping_status":"closed","template":"","meta":[],"product_brand":[],"product_cat":[137],"product_tag":[],"class_list":{"0":"post-17629","1":"product","2":"type-product","3":"status-publish","5":"product_cat-maros-megyei-eletrajzi-lexikon","7":"first","8":"instock","9":"shipping-taxable","10":"product-type-simple"},"_links":{"self":[{"href":"https:\/\/uj.adatbank.ro\/lexikon\/wp-json\/wp\/v2\/product\/17629","targetHints":{"allow":["GET"]}}],"collection":[{"href":"https:\/\/uj.adatbank.ro\/lexikon\/wp-json\/wp\/v2\/product"}],"about":[{"href":"https:\/\/uj.adatbank.ro\/lexikon\/wp-json\/wp\/v2\/types\/product"}],"replies":[{"embeddable":true,"href":"https:\/\/uj.adatbank.ro\/lexikon\/wp-json\/wp\/v2\/comments?post=17629"}],"wp:attachment":[{"href":"https:\/\/uj.adatbank.ro\/lexikon\/wp-json\/wp\/v2\/media?parent=17629"}],"wp:term":[{"taxonomy":"product_brand","embeddable":true,"href":"https:\/\/uj.adatbank.ro\/lexikon\/wp-json\/wp\/v2\/product_brand?post=17629"},{"taxonomy":"product_cat","embeddable":true,"href":"https:\/\/uj.adatbank.ro\/lexikon\/wp-json\/wp\/v2\/product_cat?post=17629"},{"taxonomy":"product_tag","embeddable":true,"href":"https:\/\/uj.adatbank.ro\/lexikon\/wp-json\/wp\/v2\/product_tag?post=17629"}],"curies":[{"name":"wp","href":"https:\/\/api.w.org\/{rel}","templated":true}]}}