{"id":17637,"date":"2025-07-16T10:22:23","date_gmt":"2025-07-16T08:22:23","guid":{"rendered":"https:\/\/uj.adatbank.ro\/lexikon\/termek\/papp-jozsef-5\/"},"modified":"2025-07-16T10:22:23","modified_gmt":"2025-07-16T08:22:23","slug":"papp-jozsef-5","status":"publish","type":"product","link":"https:\/\/uj.adatbank.ro\/lexikon\/termek\/papp-jozsef-5\/","title":{"rendered":"PAPP J\u00f3zsef"},"content":{"rendered":"<p>? \u2020 ?: tan\u00e1r. \u2013 Maros megye Tanfel\u00fcgyel\u0151 Oszt\u00e1ly\u00e1nak a vezet\u0151 fel\u00fcgyel\u0151je, a RMP Maros megyei titk\u00e1ra, aki r\u00e9szt vett a mv.-i \u00e9s r\u00e9geni egyh\u00e1zi iskol\u00e1k \u00e1llamos\u00edt\u00e1s\u00e1n\u00e1l (1948. j\u00fal. 26.). <br \/><strong>Irod.:<\/strong> Regh. Cult. (10., 2010)<\/br><\/p>\n","protected":false},"excerpt":{"rendered":"<p>? \u2020 ?: tan\u00e1r. \u2013 Maros megye Tanfel\u00fcgyel\u0151 Oszt\u00e1ly\u00e1nak a vezet\u0151 fel\u00fcgyel\u0151je, a RMP Maros megyei titk\u00e1ra, aki r\u00e9szt vett a mv.-i \u00e9s r\u00e9geni egyh\u00e1zi iskol\u00e1k \u00e1llamos\u00edt\u00e1s\u00e1n\u00e1l (1948. j\u00fal. 26.). Irod.: Regh. Cult. (10., 2010)<\/p>\n","protected":false},"featured_media":0,"comment_status":"open","ping_status":"closed","template":"","meta":[],"product_brand":[],"product_cat":[137],"product_tag":[],"class_list":{"0":"post-17637","1":"product","2":"type-product","3":"status-publish","5":"product_cat-maros-megyei-eletrajzi-lexikon","7":"first","8":"instock","9":"shipping-taxable","10":"product-type-simple"},"_links":{"self":[{"href":"https:\/\/uj.adatbank.ro\/lexikon\/wp-json\/wp\/v2\/product\/17637","targetHints":{"allow":["GET"]}}],"collection":[{"href":"https:\/\/uj.adatbank.ro\/lexikon\/wp-json\/wp\/v2\/product"}],"about":[{"href":"https:\/\/uj.adatbank.ro\/lexikon\/wp-json\/wp\/v2\/types\/product"}],"replies":[{"embeddable":true,"href":"https:\/\/uj.adatbank.ro\/lexikon\/wp-json\/wp\/v2\/comments?post=17637"}],"wp:attachment":[{"href":"https:\/\/uj.adatbank.ro\/lexikon\/wp-json\/wp\/v2\/media?parent=17637"}],"wp:term":[{"taxonomy":"product_brand","embeddable":true,"href":"https:\/\/uj.adatbank.ro\/lexikon\/wp-json\/wp\/v2\/product_brand?post=17637"},{"taxonomy":"product_cat","embeddable":true,"href":"https:\/\/uj.adatbank.ro\/lexikon\/wp-json\/wp\/v2\/product_cat?post=17637"},{"taxonomy":"product_tag","embeddable":true,"href":"https:\/\/uj.adatbank.ro\/lexikon\/wp-json\/wp\/v2\/product_tag?post=17637"}],"curies":[{"name":"wp","href":"https:\/\/api.w.org\/{rel}","templated":true}]}}