{"id":17638,"date":"2025-07-16T10:22:24","date_gmt":"2025-07-16T08:22:24","guid":{"rendered":"https:\/\/uj.adatbank.ro\/lexikon\/termek\/papp-jozsef-6\/"},"modified":"2025-07-16T10:22:24","modified_gmt":"2025-07-16T08:22:24","slug":"papp-jozsef-6","status":"publish","type":"product","link":"https:\/\/uj.adatbank.ro\/lexikon\/termek\/papp-jozsef-6\/","title":{"rendered":"PAPP J\u00f3zsef"},"content":{"rendered":"<p>Mv., 1909. \u2020 Mv., 1983. febr. 21.: ker\u00e1mikus, szobr\u00e1sz, sportol\u00f3. \u2013 Apja nagyernyei sz\u00fclet\u00e9s\u0171 szab\u00f3mester, anyja brass\u00f3 keresked\u0151 le\u00e1nya. T\u00edz gyermek\u00fck sz\u00fcletett. \u2013 Asztalos inas Mv.-en (10 \u00e9ves kor\u00e1t\u00f3l), az els\u0151 akit az Ipari Kamara beiktatott szobr\u00e1szinasnak. Fafarag\u00e1sai d\u00edsz\u00edtik a sinaiai Peles kast\u00e9ly termeit, n\u00e9pi szeceszi\u00f3s motivumaival d\u00edsz\u00edtette Bern\u00e1dy polg\u00e1rmester egykori b\u00fatorait. A h\u00e1bor\u00fa ut\u00e1n az Alkot\u00f3 Sz\u00f6vets\u00e9g tagja, t\u00f6bb \u00e1llami megrendel\u00e9st is kapott. K\u00f6zel 60 \u00e9ves m\u0171v\u00e9szi p\u00e1lyafut\u00e1sa alatt festett, szobr\u00e1szkodott agyagban, gipszben, gyerty\u00e1t \u00f6nt\u00f6tt, f\u00e9met dombor\u00edtott, b\u00fatort faragott, k\u00e9s\u0151bb betegs\u00e9ge arra k\u00e9nyszer\u00edtette hogy \u00e1tt\u00e9rjen a ker\u00e1mi\u00e1ra (1992\u2013). Erd\u00e9ly de azon bel\u00fcl a Maros mente magyaros mot\u00edvumai v\u00e1ltakoznak m\u0171veiben \u00e9l\u00e9nk sz\u00ednekben. Orsz\u00e1gos t\u00e1rlatai mellett k\u00f6zt\u00e9ri alkot\u00e1sai is vannak, munk\u00e1i eljutottak moszkvai \u00e9s vars\u00f3i ki\u00e1ll\u00edt\u00e1sokra is. Ker\u00e1mi\u00e1i eljutottak Mo.-ra, Ausztri\u00e1ba, Nemto., Hollandi\u00e1ba, Izraelbe, az Egyes\u00fclt \u00c1llamokba. Mv.-en ki\u00e1ll\u00edt\u00e1sa volt (1997, 1999.-ben sz\u00fclet\u00e9s\u00e9nek 90. \u00e9vfordul\u00f3ja alkalm\u00e1b\u00f3l. B\u00f3nis Johanna eml\u00e9kbesz\u00e9d\u00e9vel). <br \/><strong>Irod.:<\/strong> Bartis Ferenc: Sz\u00e1z \u00e9ve sz\u00fcletett P. J. keramikus (N\u00fa., M\u00fazsa, 897. sz., 2009. aug. 22.); [Nekrol\u00f3g] (V. Z., 1983. febr. 23.); B\u00f3nis Johanna: P. J.-r\u0151l (N\u00e9p\u00fajs\u00e1g, M\u00fazsa, 409. sz., 1999. szept. 4.); Moln\u00e1r; ifj. Papp J\u00f3zsef: \u00ab Ismeretlen\u00a0\u00ab ismer\u0151s (N\u00fa., M\u00fazsa, 313. sz., 1997. okt. 10); N\u00fa., (1999. szept.3.); N\u00fa (2003. j\u00fan. 26)<\/br><\/p>\n","protected":false},"excerpt":{"rendered":"<p>Mv., 1909. \u2020 Mv., 1983. febr. 21.: ker\u00e1mikus, szobr\u00e1sz, sportol\u00f3. \u2013 Apja nagyernyei sz\u00fclet\u00e9s\u0171 szab\u00f3mester, anyja brass\u00f3 keresked\u0151 le\u00e1nya. T\u00edz gyermek\u00fck sz\u00fcletett. \u2013 Asztalos inas Mv.-en (10 \u00e9ves kor\u00e1t\u00f3l), az els\u0151 akit az Ipari Kamara beiktatott szobr\u00e1szinasnak. Fafarag\u00e1sai d\u00edsz\u00edtik a sinaiai Peles kast\u00e9ly termeit, n\u00e9pi szeceszi\u00f3s motivumaival d\u00edsz\u00edtette Bern\u00e1dy polg\u00e1rmester egykori b\u00fatorait. A h\u00e1bor\u00fa ut\u00e1n [&hellip;]<\/p>\n","protected":false},"featured_media":0,"comment_status":"open","ping_status":"closed","template":"","meta":[],"product_brand":[],"product_cat":[137],"product_tag":[],"class_list":{"0":"post-17638","1":"product","2":"type-product","3":"status-publish","5":"product_cat-maros-megyei-eletrajzi-lexikon","7":"first","8":"instock","9":"shipping-taxable","10":"product-type-simple"},"_links":{"self":[{"href":"https:\/\/uj.adatbank.ro\/lexikon\/wp-json\/wp\/v2\/product\/17638","targetHints":{"allow":["GET"]}}],"collection":[{"href":"https:\/\/uj.adatbank.ro\/lexikon\/wp-json\/wp\/v2\/product"}],"about":[{"href":"https:\/\/uj.adatbank.ro\/lexikon\/wp-json\/wp\/v2\/types\/product"}],"replies":[{"embeddable":true,"href":"https:\/\/uj.adatbank.ro\/lexikon\/wp-json\/wp\/v2\/comments?post=17638"}],"wp:attachment":[{"href":"https:\/\/uj.adatbank.ro\/lexikon\/wp-json\/wp\/v2\/media?parent=17638"}],"wp:term":[{"taxonomy":"product_brand","embeddable":true,"href":"https:\/\/uj.adatbank.ro\/lexikon\/wp-json\/wp\/v2\/product_brand?post=17638"},{"taxonomy":"product_cat","embeddable":true,"href":"https:\/\/uj.adatbank.ro\/lexikon\/wp-json\/wp\/v2\/product_cat?post=17638"},{"taxonomy":"product_tag","embeddable":true,"href":"https:\/\/uj.adatbank.ro\/lexikon\/wp-json\/wp\/v2\/product_tag?post=17638"}],"curies":[{"name":"wp","href":"https:\/\/api.w.org\/{rel}","templated":true}]}}

PAPP József

<p>Mv., 1909. † Mv., 1983. febr. 21.: kerámikus, szobrász, sportoló. – Apja nagyernyei születésű szabómester, anyja brassó kereskedő leánya. Tíz gyermekük született. – Asztalos inas Mv.-en (10 éves korától), az első akit az Ipari Kamara beiktatott szobrászinasnak. Fafaragásai díszítik a sinaiai Peles kastély termeit, népi szecesziós motivumaival díszítette Bernády polgármester egykori bútorait. A háború után az Alkotó Szövetség tagja, több állami megrendelést is kapott. Közel 60 éves művészi pályafutása alatt festett, szobrászkodott agyagban, gipszben, gyertyát öntött, fémet domborított, bútort faragott, később betegsége arra kényszerítette hogy áttérjen a kerámiára (1992–). Erdély de azon belül a Maros mente magyaros motívumai váltakoznak műveiben élénk színekben. Országos tárlatai mellett köztéri alkotásai is vannak, munkái eljutottak moszkvai és varsói kiállításokra is. Kerámiái eljutottak Mo.-ra, Ausztriába, Nemto., Hollandiába, Izraelbe, az Egyesült Államokba. Mv.-en kiállítása volt (1997, 1999.-ben születésének 90. évfordulója alkalmából. Bónis Johanna emlékbeszédével). <br /><strong>Irod.:</strong> Bartis Ferenc: Száz éve született P. J. keramikus (Nú., Múzsa, 897. sz., 2009. aug. 22.); [Nekrológ] (V. Z., 1983. febr. 23.); Bónis Johanna: P. J.-ről (Népújság, Múzsa, 409. sz., 1999. szept. 4.); Molnár; ifj. Papp József: « Ismeretlen « ismerős (Nú., Múzsa, 313. sz., 1997. okt. 10); Nú., (1999. szept.3.); Nú (2003. jún. 26)</br></p>

<p>Mv., 1909. † Mv., 1983. febr. 21.: kerámikus, szobrász, sportoló. – Apja nagyernyei születésű szabómester, anyja brassó kereskedő leánya. Tíz gyermekük született. – Asztalos inas Mv.-en (10 éves korától), az első akit az Ipari Kamara beiktatott szobrászinasnak. Fafaragásai díszítik a sinaiai Peles kastély termeit, népi szecesziós motivumaival díszítette Bernády polgármester egykori bútorait. A háború után [&hellip;]</p>
