{"id":17639,"date":"2025-07-16T10:22:29","date_gmt":"2025-07-16T08:22:29","guid":{"rendered":"https:\/\/uj.adatbank.ro\/lexikon\/termek\/papp-jozsef-%c2%a7\/"},"modified":"2025-07-16T10:22:29","modified_gmt":"2025-07-16T08:22:29","slug":"papp-jozsef-%c2%a7","status":"publish","type":"product","link":"https:\/\/uj.adatbank.ro\/lexikon\/termek\/papp-jozsef-%c2%a7\/","title":{"rendered":"PAPP J\u00f3zsef, \u00a7"},"content":{"rendered":"<p>Mv., 1935. aug. 14., \u2020 Mv., 1994. nov. 15.: gy\u00f3gyszer\u00e9sz, egyetemi el\u0151ad\u00f3tan\u00e1r. \u2013 Feles\u00e9ge: Trombit\u00e1s Melinda, gy\u00f3gyszer\u00e9sz (Mv., 1936. j\u00fan. 12.\u2013). \u2013 K\u00f6z\u00e9piskol\u00e1t sz\u00fcl\u0151v\u00e1ros\u00e1ban a Bolyai Lic.-ban v\u00e9gzett (1952); egyetemi tanulm\u00e1nyait a kv.-i BTE matematika-fizika szak\u00e1n kezdte, majd a MOGYI GYK-\u00e1n folytatta, ahol oklevelet szerzett (1957). Gy\u00f3gyszert\u00e1rban dolgozott D\u00e9v\u00e1n, Vajdahunyadon, Gernyeszegen a T\u00fcd\u0151 Prevent\u00f3riumban dolgozott\u00a0(1959\u2013); a Hank\u00f3 Zolt\u00e1n vezette MOGYI GYK-nak Galenika Tansz\u00e9k\u00e9n gyakornok (1959. okt. 1\u2013); laborat\u00f3riumi f\u0151n\u00f6k (1961. okt.\u2013), tan\u00e1rseg\u00e9d (1967. okt. 1.\u2013), adjunktus (1983. okt. 1.\u2013), egyetemi el\u0151ad\u00f3tan\u00e1r (1990\u2013); megb\u00edzottk\u00e9nt r\u00f6vid ideig d\u00e9k\u00e1n is volt (1990\u2013), majd tansz\u00e9kvezet\u0151k\u00e9nt ir\u00e1ny\u00edtotta a szakdiszciplin\u00e1kat. A gy\u00f3gyszer\u00e9szeti tudom\u00e1nyok doktora Buk.-ben (Studiul unor interac\u0163iuni dintre medicamente \u00een substan\u0163e macromolaculare c., 1972); f\u0151gy\u00f3gyszer\u00e9sz (1980). A feladata volt a gy\u00f3gyzer\u00e9szek tov\u00e1bbk\u00e9pz\u0151, posztgradu\u00e1lis k\u00e9pz\u00e9s\u00e9nek vezet\u00e9se. L\u00e9trehozta M-Land n\u00e9ven gy\u00f3gyterm\u00e9keket forgalmaz\u00f3 v\u00e1llalat\u00e1t, amely mv.-i m\u0171hely\u00e9nek ir\u00e1ny\u00edt\u00f3ja \u00e9s vezet\u0151je volt (1990 ut\u00e1n). A Rom\u00e1n Gy\u00f3gyszer\u00e9sz T\u00e1rsas\u00e1g \u00e9s a nemzetk\u00f6zi Molekur\u00e1lis-Biol\u00f3gia T\u00e1rsas\u00e1g tagja. T\u00f6bb mint 60 szakdolgozata jelent meg rom\u00e1n, m., angol, francia nyelven bel- \u00e9s k\u00fclf\u00f6ldi szakfoly\u00f3iratokban k\u00f6l\u00f6mb\u00f6z\u0151 gy\u00f3gyszerk\u00e9sz\u00edtm\u00e9nyek el\u0151\u00e1ll\u00edt\u00e1s\u00e1r\u00f3l, a hat\u00f3anyagok k\u00f6zti k\u00f6lcs\u00f6nhat\u00e1sr\u00f3l, a makr\u00f3molekul\u00e1k viselked\u00e9s\u00e9r\u0151l. T\u00f6bb dolgozat\u00e1val nemzetk\u00f6zi kongresszusokon is szerepelt (Madrid, B\u00e1zel, P\u00e1rizs, Pr\u00e1ga).Az amerikai k\u00f6zpont\u00fa Nemzetk\u00f6zi Szupramolekul\u00e1ris T\u00e1rsas\u00e1g tagja (1977) Kutat\u00e1si eredm\u00e9nyeit 4 \u00faj\u00edt\u00e1sban (1980, 1987) \u00e9s 5 tal\u00e1lm\u00e1nyban \u00e9rt\u00e9kes\u00edtette. \u2013 <strong>F. m.:<\/strong> <strong>t\u00e1rssz.:<\/strong> R\u00f6ntgentani jegyzetek. 2- 6 k\u00f6t. (Mv., 1950.); Farmacopeea Rom\u00e2n\u0103. (Buc., 1965, 1976, 1993); Func\u0163ia de transpor serumal al serumalbuminei (Cs\u00f6g\u00f6r I. S.-sel; Buk., 1972; oroszul 1975); \u00cendrum\u0103tor pentru lucr\u0103ri practice de tehnic\u0103 farmaceutic\u0103 1\u20133. k\u00f6t. (Ger\u00e9d-Csegedi Jol\u00e1n-, Maria Rogo\u015fcaval; Mv., 1979\u201381; 4. k\u00f6t., Mv., 1981; szerz\u0151t\u00e1rsak: Adriana Popovici, Csegedi Jol\u00e1n, Maria Rogo\u015fca, Veronica Pop); Gy\u00f3gyszertechnol\u00f3gia. 1\u20134. k\u00f6t. (\u00c1d\u00e1m Lajos-, Popovici Adrianaval; Buk., 1982\u20131984); Reologia formelor farmaceutice (szerz\u0151t\u00e1rsak: Popovici Adriana, T\u0151k\u00e9s B\u00e9la, Gabriela Suciu; Mv., 1985). <br \/><strong>Irod.:<\/strong> Facultatea de Farmacie; Genersich; P\u00e9ter; P\u00e9ter H. M.; [Nekrol\u00f3g] (N\u00fa., 1994. nov. 17.); P\u00e9ter; P\u00e9ter H. M.; P\u00e9ter H. M.; 2013; RMIL; Todea\u2013F\u00fcl\u00f6p\u2013Avram; NagyL.<\/br><\/p>\n","protected":false},"excerpt":{"rendered":"<p>Mv., 1935. aug. 14., \u2020 Mv., 1994. nov. 15.: gy\u00f3gyszer\u00e9sz, egyetemi el\u0151ad\u00f3tan\u00e1r. \u2013 Feles\u00e9ge: Trombit\u00e1s Melinda, gy\u00f3gyszer\u00e9sz (Mv., 1936. j\u00fan. 12.\u2013). \u2013 K\u00f6z\u00e9piskol\u00e1t sz\u00fcl\u0151v\u00e1ros\u00e1ban a Bolyai Lic.-ban v\u00e9gzett (1952); egyetemi tanulm\u00e1nyait a kv.-i BTE matematika-fizika szak\u00e1n kezdte, majd a MOGYI GYK-\u00e1n folytatta, ahol oklevelet szerzett (1957). Gy\u00f3gyszert\u00e1rban dolgozott D\u00e9v\u00e1n, Vajdahunyadon, Gernyeszegen a T\u00fcd\u0151 Prevent\u00f3riumban dolgozott\u00a0(1959\u2013); [&hellip;]<\/p>\n","protected":false},"featured_media":0,"comment_status":"open","ping_status":"closed","template":"","meta":[],"product_brand":[],"product_cat":[137],"product_tag":[],"class_list":{"0":"post-17639","1":"product","2":"type-product","3":"status-publish","5":"product_cat-maros-megyei-eletrajzi-lexikon","7":"first","8":"instock","9":"shipping-taxable","10":"product-type-simple"},"_links":{"self":[{"href":"https:\/\/uj.adatbank.ro\/lexikon\/wp-json\/wp\/v2\/product\/17639","targetHints":{"allow":["GET"]}}],"collection":[{"href":"https:\/\/uj.adatbank.ro\/lexikon\/wp-json\/wp\/v2\/product"}],"about":[{"href":"https:\/\/uj.adatbank.ro\/lexikon\/wp-json\/wp\/v2\/types\/product"}],"replies":[{"embeddable":true,"href":"https:\/\/uj.adatbank.ro\/lexikon\/wp-json\/wp\/v2\/comments?post=17639"}],"wp:attachment":[{"href":"https:\/\/uj.adatbank.ro\/lexikon\/wp-json\/wp\/v2\/media?parent=17639"}],"wp:term":[{"taxonomy":"product_brand","embeddable":true,"href":"https:\/\/uj.adatbank.ro\/lexikon\/wp-json\/wp\/v2\/product_brand?post=17639"},{"taxonomy":"product_cat","embeddable":true,"href":"https:\/\/uj.adatbank.ro\/lexikon\/wp-json\/wp\/v2\/product_cat?post=17639"},{"taxonomy":"product_tag","embeddable":true,"href":"https:\/\/uj.adatbank.ro\/lexikon\/wp-json\/wp\/v2\/product_tag?post=17639"}],"curies":[{"name":"wp","href":"https:\/\/api.w.org\/{rel}","templated":true}]}}