{"id":1764,"date":"2025-06-28T11:52:24","date_gmt":"2025-06-28T09:52:24","guid":{"rendered":"https:\/\/uj.adatbank.ro\/lexikon\/termek\/al-george-vasile-%c2%a7-al-george-vazul-v-a-g\/"},"modified":"2025-06-28T11:52:24","modified_gmt":"2025-06-28T09:52:24","slug":"al-george-vasile-%c2%a7-al-george-vazul-v-a-g","status":"publish","type":"product","link":"https:\/\/uj.adatbank.ro\/lexikon\/termek\/al-george-vasile-%c2%a7-al-george-vazul-v-a-g\/","title":{"rendered":"AL-GEORGE Vasile, \u00a7 Al-George Vazul, V.A.G."},"content":{"rendered":"<p>Ol\u00e1hszentgy\u00f6rgy,\u00a01895. febr. 24.,\u2020 Buk., 1960. m\u00e1rc.18.: k\u00f6lt\u0151, \u00fajs\u00e1g\u00edr\u00f3, ford\u00edt\u00f3, jog\u00e1sz, katonatiszt. \u2013 Sz\u00fcl\u0151faluj\u00e1ban, Nasz\u00f3don, Bal\u00e1zsfalv\u00e1n v\u00e9gezte iskol\u00e1it (1905\u201311), majd Boto\u015faniban altisztklpz\u0151 iskola tanul\u00f3ja, Buk.-ben jogot hallgatott \u00e9s sziniakad\u00e9mi\u00e1t v\u00e9gzett. \u00d6nk\u00e9ntesk\u00e9nt r\u00e9szt vett az I. vh.-ban. Tisztvisel\u0151 Buk.-ben az Oktat\u00e1si \u00e9s a Munka\u00fcgyi \u00e9s T\u00e1rsadalombiztos\u00edt\u00e1si Miniszt\u00e9riumban. Kv.-ra k\u00f6lt\u00f6z\u00f6tt, szerkesztette a Glasul libert\u0103\u0163ii, Voin\u0163a c. lapokat. Mv.-en hivatalnok, a T\u00e1rsadalomb\u00edztos\u00edt\u00e1si P\u00e9nzt\u00e1r aligazgat\u00f3ja (1920\u2013), a Mure\u015ful c. lap kiad\u00f3ja (1922); felel\u0151s szerk.-je \u00e9s igazgat\u00f3ja az Astra c. hetilapnak (1926\u201329) \u00e9s Progres \u015fi cultur\u0103 c. foly\u00f3irat munkat\u00e1rsa, v\u00e1rosi tan\u00e1csos (1929). Els\u0151 k\u00f6ltem\u00e9nyeit Sz\u00e1szv\u00e1rosban a Foaia intersant\u0103-ban \u00e9s Nasz\u00f3don a Muza Some\u015fan\u0103 c. lapokban k\u00f6z\u00f6lte. T\u00f6bb lap munkat\u00e1rsa volt: Cos\u00e2nzeana (Buk.), Luceaf\u0103rul (Bp.), Flac\u0103ra (Buk.), Glasul libera\u0163ii (Kv.), G\u00e2ndirea, Familia (Nagyv\u00e1rad), Ramuri (Craiova), Mure\u015ful, Astra, Societate de M\u00e2ine, Voin\u0163a; rom\u00e1nra ford\u00edtotta Ady, Babits, Pet\u0151fi \u00e9s Sz\u00e9p Ern\u0151 verseit, J\u00f3kai n\u00e9h\u00e1ny reg\u00e9ny\u00e9t, Longfellow, Majakovszkij k\u00f6ltem\u00e9nyeit. \u2013 <strong>F. m.:<\/strong> P\u0103m\u00e2nt: Poezii (Cluj, 1922); <strong>antol\u00f3g.:<\/strong> \u00daj rom\u00e1n k\u00f6lt\u0151k antol\u00f3gi\u00e1ja (Nagyv\u00e1rad, 1922); <strong>ford.:<\/strong> J\u00f3kai M\u00f3r: \u00cengerul v\u0103rs\u0103rii de s\u00e2nge (<strong><strong>Ford.:<\/strong><\/strong> V: A: G.; Buc., 1916). <br \/><strong>Irod.:<\/strong> Cosma; DGLR; Domokos 1966; DSR; Guly\u00e1s; Id\u0151t\u00e1r 3; Lovinescu, Eugen: Istoria literaturii rom\u00e2ne contemporan\u0103 (Buc., s.a.); \u00d6kr\u00f6s; Osv\u00e1th; Tanco; VIL (1930)<\/br><\/p>\n","protected":false},"excerpt":{"rendered":"<p>Ol\u00e1hszentgy\u00f6rgy,\u00a01895. febr. 24.,\u2020 Buk., 1960. m\u00e1rc.18.: k\u00f6lt\u0151, \u00fajs\u00e1g\u00edr\u00f3, ford\u00edt\u00f3, jog\u00e1sz, katonatiszt. \u2013 Sz\u00fcl\u0151faluj\u00e1ban, Nasz\u00f3don, Bal\u00e1zsfalv\u00e1n v\u00e9gezte iskol\u00e1it (1905\u201311), majd Boto\u015faniban altisztklpz\u0151 iskola tanul\u00f3ja, Buk.-ben jogot hallgatott \u00e9s sziniakad\u00e9mi\u00e1t v\u00e9gzett. \u00d6nk\u00e9ntesk\u00e9nt r\u00e9szt vett az I. vh.-ban. Tisztvisel\u0151 Buk.-ben az Oktat\u00e1si \u00e9s a Munka\u00fcgyi \u00e9s T\u00e1rsadalombiztos\u00edt\u00e1si Miniszt\u00e9riumban. Kv.-ra k\u00f6lt\u00f6z\u00f6tt, szerkesztette a Glasul libert\u0103\u0163ii, Voin\u0163a c. lapokat. Mv.-en [&hellip;]<\/p>\n","protected":false},"featured_media":0,"comment_status":"open","ping_status":"closed","template":"","meta":[],"product_brand":[],"product_cat":[137],"product_tag":[],"class_list":{"0":"post-1764","1":"product","2":"type-product","3":"status-publish","5":"product_cat-maros-megyei-eletrajzi-lexikon","7":"first","8":"instock","9":"shipping-taxable","10":"product-type-simple"},"_links":{"self":[{"href":"https:\/\/uj.adatbank.ro\/lexikon\/wp-json\/wp\/v2\/product\/1764","targetHints":{"allow":["GET"]}}],"collection":[{"href":"https:\/\/uj.adatbank.ro\/lexikon\/wp-json\/wp\/v2\/product"}],"about":[{"href":"https:\/\/uj.adatbank.ro\/lexikon\/wp-json\/wp\/v2\/types\/product"}],"replies":[{"embeddable":true,"href":"https:\/\/uj.adatbank.ro\/lexikon\/wp-json\/wp\/v2\/comments?post=1764"}],"wp:attachment":[{"href":"https:\/\/uj.adatbank.ro\/lexikon\/wp-json\/wp\/v2\/media?parent=1764"}],"wp:term":[{"taxonomy":"product_brand","embeddable":true,"href":"https:\/\/uj.adatbank.ro\/lexikon\/wp-json\/wp\/v2\/product_brand?post=1764"},{"taxonomy":"product_cat","embeddable":true,"href":"https:\/\/uj.adatbank.ro\/lexikon\/wp-json\/wp\/v2\/product_cat?post=1764"},{"taxonomy":"product_tag","embeddable":true,"href":"https:\/\/uj.adatbank.ro\/lexikon\/wp-json\/wp\/v2\/product_tag?post=1764"}],"curies":[{"name":"wp","href":"https:\/\/api.w.org\/{rel}","templated":true}]}}