{"id":17640,"date":"2025-07-16T10:22:30","date_gmt":"2025-07-16T08:22:30","guid":{"rendered":"https:\/\/uj.adatbank.ro\/lexikon\/termek\/papp-jozsef-id\/"},"modified":"2025-07-16T10:22:30","modified_gmt":"2025-07-16T08:22:30","slug":"papp-jozsef-id","status":"publish","type":"product","link":"https:\/\/uj.adatbank.ro\/lexikon\/termek\/papp-jozsef-id\/","title":{"rendered":"PAPP J\u00f3zsef, id."},"content":{"rendered":"<p>Mv., 1909., \u2020 Mv., 1983. febr. 21.: k\u00e9pz\u0151m\u0171v\u00e9sz. \u2013- <strong>F. ki\u00e1ll.:<\/strong> Mv. a Kult\u00farpalota II. em. ipari ki\u00e1ll. \u00e9s v\u00e1s\u00e1ron ker\u00e1mi\u00e1kkal jelentkezett (1936. szept. 5), szobrait, d\u00edszt\u00e1rgyait arany\u00e9remmel t\u00fcntett\u00e9k ki; Mv. (1999. szept. 1.) <br \/><strong>Irod.:<\/strong>[Nekrol\u00f3g] (V. Z., 1983. febr. 23.); B\u00f3nis Johanna: P. J.-r\u0151l (N\u00e9p\u00fajs\u00e1g, M\u00fazsa, 409. sz., 1999. szept. 4.)<\/br><\/p>\n","protected":false},"excerpt":{"rendered":"<p>Mv., 1909., \u2020 Mv., 1983. febr. 21.: k\u00e9pz\u0151m\u0171v\u00e9sz. \u2013- F. ki\u00e1ll.: Mv. a Kult\u00farpalota II. em. ipari ki\u00e1ll. \u00e9s v\u00e1s\u00e1ron ker\u00e1mi\u00e1kkal jelentkezett (1936. szept. 5), szobrait, d\u00edszt\u00e1rgyait arany\u00e9remmel t\u00fcntett\u00e9k ki; Mv. (1999. szept. 1.) Irod.:[Nekrol\u00f3g] (V. Z., 1983. febr. 23.); B\u00f3nis Johanna: P. J.-r\u0151l (N\u00e9p\u00fajs\u00e1g, M\u00fazsa, 409. sz., 1999. szept. 4.)<\/p>\n","protected":false},"featured_media":0,"comment_status":"open","ping_status":"closed","template":"","meta":[],"product_brand":[],"product_cat":[137],"product_tag":[],"class_list":{"0":"post-17640","1":"product","2":"type-product","3":"status-publish","5":"product_cat-maros-megyei-eletrajzi-lexikon","7":"first","8":"instock","9":"shipping-taxable","10":"product-type-simple"},"_links":{"self":[{"href":"https:\/\/uj.adatbank.ro\/lexikon\/wp-json\/wp\/v2\/product\/17640","targetHints":{"allow":["GET"]}}],"collection":[{"href":"https:\/\/uj.adatbank.ro\/lexikon\/wp-json\/wp\/v2\/product"}],"about":[{"href":"https:\/\/uj.adatbank.ro\/lexikon\/wp-json\/wp\/v2\/types\/product"}],"replies":[{"embeddable":true,"href":"https:\/\/uj.adatbank.ro\/lexikon\/wp-json\/wp\/v2\/comments?post=17640"}],"wp:attachment":[{"href":"https:\/\/uj.adatbank.ro\/lexikon\/wp-json\/wp\/v2\/media?parent=17640"}],"wp:term":[{"taxonomy":"product_brand","embeddable":true,"href":"https:\/\/uj.adatbank.ro\/lexikon\/wp-json\/wp\/v2\/product_brand?post=17640"},{"taxonomy":"product_cat","embeddable":true,"href":"https:\/\/uj.adatbank.ro\/lexikon\/wp-json\/wp\/v2\/product_cat?post=17640"},{"taxonomy":"product_tag","embeddable":true,"href":"https:\/\/uj.adatbank.ro\/lexikon\/wp-json\/wp\/v2\/product_tag?post=17640"}],"curies":[{"name":"wp","href":"https:\/\/api.w.org\/{rel}","templated":true}]}}