{"id":17662,"date":"2025-07-16T10:23:18","date_gmt":"2025-07-16T08:23:18","guid":{"rendered":"https:\/\/uj.adatbank.ro\/lexikon\/termek\/papp-sandor-alexandru\/"},"modified":"2025-07-16T10:23:18","modified_gmt":"2025-07-16T08:23:18","slug":"papp-sandor-alexandru","status":"publish","type":"product","link":"https:\/\/uj.adatbank.ro\/lexikon\/termek\/papp-sandor-alexandru\/","title":{"rendered":"PAPP S\u00e1ndor, Alexandru"},"content":{"rendered":"<p>? \u2020\u00a0?: sporttan\u00e1r. \u2013 A MOGYI Testnevel\u00e9si \u00e9s Sport katedr\u00e1j\u00e1nak lektora volt a kezdetekkor (1949\u201356). <br \/><strong>Irod.:<\/strong> Facultatea de Farmacie<\/br><\/p>\n","protected":false},"excerpt":{"rendered":"<p>? \u2020\u00a0?: sporttan\u00e1r. \u2013 A MOGYI Testnevel\u00e9si \u00e9s Sport katedr\u00e1j\u00e1nak lektora volt a kezdetekkor (1949\u201356). Irod.: Facultatea de Farmacie<\/p>\n","protected":false},"featured_media":0,"comment_status":"open","ping_status":"closed","template":"","meta":[],"product_brand":[],"product_cat":[137],"product_tag":[],"class_list":{"0":"post-17662","1":"product","2":"type-product","3":"status-publish","5":"product_cat-maros-megyei-eletrajzi-lexikon","7":"first","8":"instock","9":"shipping-taxable","10":"product-type-simple"},"_links":{"self":[{"href":"https:\/\/uj.adatbank.ro\/lexikon\/wp-json\/wp\/v2\/product\/17662","targetHints":{"allow":["GET"]}}],"collection":[{"href":"https:\/\/uj.adatbank.ro\/lexikon\/wp-json\/wp\/v2\/product"}],"about":[{"href":"https:\/\/uj.adatbank.ro\/lexikon\/wp-json\/wp\/v2\/types\/product"}],"replies":[{"embeddable":true,"href":"https:\/\/uj.adatbank.ro\/lexikon\/wp-json\/wp\/v2\/comments?post=17662"}],"wp:attachment":[{"href":"https:\/\/uj.adatbank.ro\/lexikon\/wp-json\/wp\/v2\/media?parent=17662"}],"wp:term":[{"taxonomy":"product_brand","embeddable":true,"href":"https:\/\/uj.adatbank.ro\/lexikon\/wp-json\/wp\/v2\/product_brand?post=17662"},{"taxonomy":"product_cat","embeddable":true,"href":"https:\/\/uj.adatbank.ro\/lexikon\/wp-json\/wp\/v2\/product_cat?post=17662"},{"taxonomy":"product_tag","embeddable":true,"href":"https:\/\/uj.adatbank.ro\/lexikon\/wp-json\/wp\/v2\/product_tag?post=17662"}],"curies":[{"name":"wp","href":"https:\/\/api.w.org\/{rel}","templated":true}]}}