{"id":17667,"date":"2025-07-16T10:23:31","date_gmt":"2025-07-16T08:23:31","guid":{"rendered":"https:\/\/uj.adatbank.ro\/lexikon\/termek\/papp-zsigmond-2\/"},"modified":"2025-07-16T10:23:31","modified_gmt":"2025-07-16T08:23:31","slug":"papp-zsigmond-2","status":"publish","type":"product","link":"https:\/\/uj.adatbank.ro\/lexikon\/termek\/papp-zsigmond-2\/","title":{"rendered":"PAPP Zsigmond"},"content":{"rendered":"<p>? \u2020\u00a0?: keresked\u0151. \u2013 F\u0171szer \u00e9s vaskeresked\u0151 Mv.-en. \u0150 \u00e9p\u00edtette a ma B\u00e1nyai palota n\u00e9ven ismert impoz\u00e1ns k\u00e9temeletes, kereskedelmi egys\u00e9geket is m\u0171k\u00f6dtet\u0151 palot\u00e1t (1898, a Bolyai u. \u00e9s F\u0151t\u00e9r sark\u00e1n, 45. sz.), Tervez\u0151je Nagy Gy\u0151z\u0151 \u00e9p\u00edt\u00e9szm\u00e9rn\u0151k, kivitelez\u0151je So\u00f3s P\u00e1l \u00e9p\u00edt\u00e9sz. Eladta B\u00e1nyai G\u00e9za m\u00e9sz\u00e1rosnak (1918). Napjainkban a f\u00f6ldszinten vend\u00e9gl\u0151, az emeleten a Concordia sz\u00e1lloda m\u0171k\u00f6dik (2003\u2013). <br \/><strong>Irod.:<\/strong> Keresztes Gyula, A f\u0151t\u00e9ri h\u00e1zak (N\u00fa., 1991. \u00e1pr. 20.); Man: Tg.M. 1., 2.; Mv. m\u0171v. v\u00e1r.; Mv.-Bal\u00e1s; Mv.-i \u00f6rm\u00e9nyek; T\u00eergu Mure\u015f<\/br><\/p>\n","protected":false},"excerpt":{"rendered":"<p>? \u2020\u00a0?: keresked\u0151. \u2013 F\u0171szer \u00e9s vaskeresked\u0151 Mv.-en. \u0150 \u00e9p\u00edtette a ma B\u00e1nyai palota n\u00e9ven ismert impoz\u00e1ns k\u00e9temeletes, kereskedelmi egys\u00e9geket is m\u0171k\u00f6dtet\u0151 palot\u00e1t (1898, a Bolyai u. \u00e9s F\u0151t\u00e9r sark\u00e1n, 45. sz.), Tervez\u0151je Nagy Gy\u0151z\u0151 \u00e9p\u00edt\u00e9szm\u00e9rn\u0151k, kivitelez\u0151je So\u00f3s P\u00e1l \u00e9p\u00edt\u00e9sz. Eladta B\u00e1nyai G\u00e9za m\u00e9sz\u00e1rosnak (1918). Napjainkban a f\u00f6ldszinten vend\u00e9gl\u0151, az emeleten a Concordia sz\u00e1lloda m\u0171k\u00f6dik [&hellip;]<\/p>\n","protected":false},"featured_media":0,"comment_status":"open","ping_status":"closed","template":"","meta":[],"product_brand":[],"product_cat":[137],"product_tag":[],"class_list":{"0":"post-17667","1":"product","2":"type-product","3":"status-publish","5":"product_cat-maros-megyei-eletrajzi-lexikon","7":"first","8":"instock","9":"shipping-taxable","10":"product-type-simple"},"_links":{"self":[{"href":"https:\/\/uj.adatbank.ro\/lexikon\/wp-json\/wp\/v2\/product\/17667","targetHints":{"allow":["GET"]}}],"collection":[{"href":"https:\/\/uj.adatbank.ro\/lexikon\/wp-json\/wp\/v2\/product"}],"about":[{"href":"https:\/\/uj.adatbank.ro\/lexikon\/wp-json\/wp\/v2\/types\/product"}],"replies":[{"embeddable":true,"href":"https:\/\/uj.adatbank.ro\/lexikon\/wp-json\/wp\/v2\/comments?post=17667"}],"wp:attachment":[{"href":"https:\/\/uj.adatbank.ro\/lexikon\/wp-json\/wp\/v2\/media?parent=17667"}],"wp:term":[{"taxonomy":"product_brand","embeddable":true,"href":"https:\/\/uj.adatbank.ro\/lexikon\/wp-json\/wp\/v2\/product_brand?post=17667"},{"taxonomy":"product_cat","embeddable":true,"href":"https:\/\/uj.adatbank.ro\/lexikon\/wp-json\/wp\/v2\/product_cat?post=17667"},{"taxonomy":"product_tag","embeddable":true,"href":"https:\/\/uj.adatbank.ro\/lexikon\/wp-json\/wp\/v2\/product_tag?post=17667"}],"curies":[{"name":"wp","href":"https:\/\/api.w.org\/{rel}","templated":true}]}}