{"id":17679,"date":"2025-07-16T10:23:54","date_gmt":"2025-07-16T08:23:54","guid":{"rendered":"https:\/\/uj.adatbank.ro\/lexikon\/termek\/parizek-francisc\/"},"modified":"2025-07-16T10:23:54","modified_gmt":"2025-07-16T08:23:54","slug":"parizek-francisc","status":"publish","type":"product","link":"https:\/\/uj.adatbank.ro\/lexikon\/termek\/parizek-francisc\/","title":{"rendered":"PARIZEK Francisc"},"content":{"rendered":"<p>? \u2020\u00a0?: fest\u0151m\u0171v\u00e9sz, restaur\u00e1tor, rend\u0151rtiszt.\u2013 A Kult\u00farpalot\u00e1ban a helyi m\u0171v\u00e9szek t\u00e9li t\u00e1rlat\u00e1n szerepelt m\u0171veivel. A v\u00e1rosi k\u00e9pt\u00e1r k\u00e9peit restaur\u00e1lta a megnyit\u00e1s el\u0151tt (1925). A lakoss\u00e1gnyilv\u00e1ntar\u00e1si oszt\u00e1ly f\u0151n\u00f6ke Mv.-en a polg\u00e1rmesteri hivatalban. A rend\u0151rs\u00e9g lak\u00f3ss\u00e1gnyilv\u00e1ntart\u00e1si hivatal\u00e1nak vezet\u0151je (1927), majd brass\u00f3i rend\u0151rf\u0151n\u00f6knek nevezt\u00e9k ki. \u2013 <strong>t\u00e1rssz.:<\/strong> Ghila Iulius: Almanahul ora\u015fului mun. Tg. Mure\u015f 1924.<br \/><strong>Irod.:<\/strong> F\u00fcl\u00f6p\u2013Ferencz; Id\u0151t\u00e1r<\/br><\/p>\n","protected":false},"excerpt":{"rendered":"<p>? \u2020\u00a0?: fest\u0151m\u0171v\u00e9sz, restaur\u00e1tor, rend\u0151rtiszt.\u2013 A Kult\u00farpalot\u00e1ban a helyi m\u0171v\u00e9szek t\u00e9li t\u00e1rlat\u00e1n szerepelt m\u0171veivel. A v\u00e1rosi k\u00e9pt\u00e1r k\u00e9peit restaur\u00e1lta a megnyit\u00e1s el\u0151tt (1925). A lakoss\u00e1gnyilv\u00e1ntar\u00e1si oszt\u00e1ly f\u0151n\u00f6ke Mv.-en a polg\u00e1rmesteri hivatalban. A rend\u0151rs\u00e9g lak\u00f3ss\u00e1gnyilv\u00e1ntart\u00e1si hivatal\u00e1nak vezet\u0151je (1927), majd brass\u00f3i rend\u0151rf\u0151n\u00f6knek nevezt\u00e9k ki. \u2013 t\u00e1rssz.: Ghila Iulius: Almanahul ora\u015fului mun. Tg. Mure\u015f 1924.Irod.: F\u00fcl\u00f6p\u2013Ferencz; Id\u0151t\u00e1r<\/p>\n","protected":false},"featured_media":0,"comment_status":"open","ping_status":"closed","template":"","meta":[],"product_brand":[],"product_cat":[137],"product_tag":[],"class_list":{"0":"post-17679","1":"product","2":"type-product","3":"status-publish","5":"product_cat-maros-megyei-eletrajzi-lexikon","7":"first","8":"instock","9":"shipping-taxable","10":"product-type-simple"},"_links":{"self":[{"href":"https:\/\/uj.adatbank.ro\/lexikon\/wp-json\/wp\/v2\/product\/17679","targetHints":{"allow":["GET"]}}],"collection":[{"href":"https:\/\/uj.adatbank.ro\/lexikon\/wp-json\/wp\/v2\/product"}],"about":[{"href":"https:\/\/uj.adatbank.ro\/lexikon\/wp-json\/wp\/v2\/types\/product"}],"replies":[{"embeddable":true,"href":"https:\/\/uj.adatbank.ro\/lexikon\/wp-json\/wp\/v2\/comments?post=17679"}],"wp:attachment":[{"href":"https:\/\/uj.adatbank.ro\/lexikon\/wp-json\/wp\/v2\/media?parent=17679"}],"wp:term":[{"taxonomy":"product_brand","embeddable":true,"href":"https:\/\/uj.adatbank.ro\/lexikon\/wp-json\/wp\/v2\/product_brand?post=17679"},{"taxonomy":"product_cat","embeddable":true,"href":"https:\/\/uj.adatbank.ro\/lexikon\/wp-json\/wp\/v2\/product_cat?post=17679"},{"taxonomy":"product_tag","embeddable":true,"href":"https:\/\/uj.adatbank.ro\/lexikon\/wp-json\/wp\/v2\/product_tag?post=17679"}],"curies":[{"name":"wp","href":"https:\/\/api.w.org\/{rel}","templated":true}]}}

<p>? † ?: festőművész, restaurátor, rendőrtiszt.– A Kultúrpalotában a helyi művészek téli tárlatán szerepelt műveivel. A városi képtár képeit restaurálta a megnyitás előtt (1925). A lakosságnyilvántarási osztály főnöke Mv.-en a polgármesteri hivatalban. A rendőrség lakósságnyilvántartási hivatalának vezetője (1927), majd brassói rendőrfőnöknek nevezték ki. – <strong>társsz.:</strong> Ghila Iulius: Almanahul oraşului mun. Tg. Mureş 1924.<br /><strong>Irod.:</strong> Fülöp–Ferencz; Időtár</br></p>

<p>? † ?: festőművész, restaurátor, rendőrtiszt.– A Kultúrpalotában a helyi művészek téli tárlatán szerepelt műveivel. A városi képtár képeit restaurálta a megnyitás előtt (1925). A lakosságnyilvántarási osztály főnöke Mv.-en a polgármesteri hivatalban. A rendőrség lakósságnyilvántartási hivatalának vezetője (1927), majd brassói rendőrfőnöknek nevezték ki. – társsz.: Ghila Iulius: Almanahul oraşului mun. Tg. Mureş 1924.Irod.: Fülöp–Ferencz; Időtár</p>
