{"id":17680,"date":"2025-07-16T10:23:58","date_gmt":"2025-07-16T08:23:58","guid":{"rendered":"https:\/\/uj.adatbank.ro\/lexikon\/termek\/partos-istvan\/"},"modified":"2025-07-16T10:23:58","modified_gmt":"2025-07-16T08:23:58","slug":"partos-istvan","status":"publish","type":"product","link":"https:\/\/uj.adatbank.ro\/lexikon\/termek\/partos-istvan\/","title":{"rendered":"P\u00c1RTOS Istv\u00e1n"},"content":{"rendered":"<p>? \u2020\u00a0?:heged\u0171m\u0171v\u00e9sz.- Mv.-en. fell\u00e9pett a kamarazenekar tagjaival a Kult\u00farpalot\u00e1ban (1917. m\u00e1rc. 27) \u2013\u00a0Irod: Csepreghy A.- Cs.H<\/br><\/p>\n","protected":false},"excerpt":{"rendered":"<p>? \u2020\u00a0?:heged\u0171m\u0171v\u00e9sz.- Mv.-en. fell\u00e9pett a kamarazenekar tagjaival a Kult\u00farpalot\u00e1ban (1917. m\u00e1rc. 27) \u2013\u00a0Irod: Csepreghy A.- Cs.H<\/p>\n","protected":false},"featured_media":0,"comment_status":"open","ping_status":"closed","template":"","meta":[],"product_brand":[],"product_cat":[137],"product_tag":[],"class_list":{"0":"post-17680","1":"product","2":"type-product","3":"status-publish","5":"product_cat-maros-megyei-eletrajzi-lexikon","7":"first","8":"instock","9":"shipping-taxable","10":"product-type-simple"},"_links":{"self":[{"href":"https:\/\/uj.adatbank.ro\/lexikon\/wp-json\/wp\/v2\/product\/17680","targetHints":{"allow":["GET"]}}],"collection":[{"href":"https:\/\/uj.adatbank.ro\/lexikon\/wp-json\/wp\/v2\/product"}],"about":[{"href":"https:\/\/uj.adatbank.ro\/lexikon\/wp-json\/wp\/v2\/types\/product"}],"replies":[{"embeddable":true,"href":"https:\/\/uj.adatbank.ro\/lexikon\/wp-json\/wp\/v2\/comments?post=17680"}],"wp:attachment":[{"href":"https:\/\/uj.adatbank.ro\/lexikon\/wp-json\/wp\/v2\/media?parent=17680"}],"wp:term":[{"taxonomy":"product_brand","embeddable":true,"href":"https:\/\/uj.adatbank.ro\/lexikon\/wp-json\/wp\/v2\/product_brand?post=17680"},{"taxonomy":"product_cat","embeddable":true,"href":"https:\/\/uj.adatbank.ro\/lexikon\/wp-json\/wp\/v2\/product_cat?post=17680"},{"taxonomy":"product_tag","embeddable":true,"href":"https:\/\/uj.adatbank.ro\/lexikon\/wp-json\/wp\/v2\/product_tag?post=17680"}],"curies":[{"name":"wp","href":"https:\/\/api.w.org\/{rel}","templated":true}]}}