{"id":17682,"date":"2025-07-16T10:24:02","date_gmt":"2025-07-16T08:24:02","guid":{"rendered":"https:\/\/uj.adatbank.ro\/lexikon\/termek\/pasca-petru-%c2%a7\/"},"modified":"2025-07-16T10:24:02","modified_gmt":"2025-07-16T08:24:02","slug":"pasca-petru-%c2%a7","status":"publish","type":"product","link":"https:\/\/uj.adatbank.ro\/lexikon\/termek\/pasca-petru-%c2%a7\/","title":{"rendered":"PA\u015eCA, Petru, \u00a7"},"content":{"rendered":"<p>Magyarv\u00f6lgye, 1938. aug. 18., \u2020 Teke\u00fajfalu, 2007. j\u00fal.: tan\u00e1r. \u2013 Elemi iskol\u00e1ban Kisnyulason, tan\u00edt\u00f3k\u00e9pz\u0151ben Sz\u00e1szr\u00e9genben tanult (1952\u201356). Katonas\u00e1g ut\u00e1n Kozmatelk\u00e9n (Maros) tan\u00edtott, \u00e9s p\u00e1rhuzamosan Teke\u00fajfaluban kult\u00farigazgat\u00f3 lett (1960\u201362), majd csak Teke\u00fajfaluban rom\u00e1ntan\u00e1r, \u00e9s mag\u00e1n\u00faton elv\u00e9gezte Kv. \u2013on a BBTE Filol\u00f3gia Kar\u00e1n a rom\u00e1n nyelv \u00e9s irodalom szakot (1973. j\u00fal.), k\u00f6zben iskolaigazgat\u00f3 is volt (1967\u201380; 1984- 89). Ebben a funkci\u00f3ban moderniz\u00e1lta \u00e9s megfelel\u0151en felszerelte a teke\u00fajfalui iskol\u00e1t laborat\u00f3riumokkal, m\u0171hellyel, szeml\u00e9ltet\u0151 anyagokkal, vizet vezettettett be az iskol\u00e1ba, mosd\u00f3t l\u00e9tes\u00edtett stb. A tan\u00fcgyi fokozati vizsg\u00e1kat is letette: II. fokozat (1982), I. fokozat (1987). T\u00f6bb pedag\u00f3giai \u00e9s m\u00f3dszertani tanulm\u00e1nyt \u00e9s dolgozatot \u00edrt, \u00e9s mutatott be a m\u00f3dszertani k\u00f6r\u00f6k\u00f6n. Gazdag kult\u00farmunk\u00e1t v\u00e9gzett: t\u00e1nccsoportot vezetett, amellyel t\u00f6bb megyei \u00e9s orsz\u00e1gos versenyt nyert. Fotballcsapatot vezetett a faluban. Sokoldal\u00fa \u00e9s eredm\u00e9nyes munk\u00e1j\u00e1t Kit\u00fcntetett tan\u00e1r (\u201eProfesor eviden\u0163iat\u201d) \u00e9s \u00c9rdem fokozattal (\u201eGrada\u0163ia de merit\u201d) \u00e9rt\u00e9kelt\u00e9k. <br \/><strong>Irod.:<\/strong> Dasc\u0103li mure\u015feni, 3.<\/br><\/p>\n","protected":false},"excerpt":{"rendered":"<p>Magyarv\u00f6lgye, 1938. aug. 18., \u2020 Teke\u00fajfalu, 2007. j\u00fal.: tan\u00e1r. \u2013 Elemi iskol\u00e1ban Kisnyulason, tan\u00edt\u00f3k\u00e9pz\u0151ben Sz\u00e1szr\u00e9genben tanult (1952\u201356). Katonas\u00e1g ut\u00e1n Kozmatelk\u00e9n (Maros) tan\u00edtott, \u00e9s p\u00e1rhuzamosan Teke\u00fajfaluban kult\u00farigazgat\u00f3 lett (1960\u201362), majd csak Teke\u00fajfaluban rom\u00e1ntan\u00e1r, \u00e9s mag\u00e1n\u00faton elv\u00e9gezte Kv. \u2013on a BBTE Filol\u00f3gia Kar\u00e1n a rom\u00e1n nyelv \u00e9s irodalom szakot (1973. j\u00fal.), k\u00f6zben iskolaigazgat\u00f3 is volt (1967\u201380; 1984- [&hellip;]<\/p>\n","protected":false},"featured_media":0,"comment_status":"open","ping_status":"closed","template":"","meta":[],"product_brand":[],"product_cat":[137],"product_tag":[],"class_list":{"0":"post-17682","1":"product","2":"type-product","3":"status-publish","5":"product_cat-maros-megyei-eletrajzi-lexikon","7":"first","8":"instock","9":"shipping-taxable","10":"product-type-simple"},"_links":{"self":[{"href":"https:\/\/uj.adatbank.ro\/lexikon\/wp-json\/wp\/v2\/product\/17682","targetHints":{"allow":["GET"]}}],"collection":[{"href":"https:\/\/uj.adatbank.ro\/lexikon\/wp-json\/wp\/v2\/product"}],"about":[{"href":"https:\/\/uj.adatbank.ro\/lexikon\/wp-json\/wp\/v2\/types\/product"}],"replies":[{"embeddable":true,"href":"https:\/\/uj.adatbank.ro\/lexikon\/wp-json\/wp\/v2\/comments?post=17682"}],"wp:attachment":[{"href":"https:\/\/uj.adatbank.ro\/lexikon\/wp-json\/wp\/v2\/media?parent=17682"}],"wp:term":[{"taxonomy":"product_brand","embeddable":true,"href":"https:\/\/uj.adatbank.ro\/lexikon\/wp-json\/wp\/v2\/product_brand?post=17682"},{"taxonomy":"product_cat","embeddable":true,"href":"https:\/\/uj.adatbank.ro\/lexikon\/wp-json\/wp\/v2\/product_cat?post=17682"},{"taxonomy":"product_tag","embeddable":true,"href":"https:\/\/uj.adatbank.ro\/lexikon\/wp-json\/wp\/v2\/product_tag?post=17682"}],"curies":[{"name":"wp","href":"https:\/\/api.w.org\/{rel}","templated":true}]}}

PAŞCA, Petru, §

<p>Magyarvölgye, 1938. aug. 18., † Tekeújfalu, 2007. júl.: tanár. – Elemi iskolában Kisnyulason, tanítóképzőben Szászrégenben tanult (1952–56). Katonaság után Kozmatelkén (Maros) tanított, és párhuzamosan Tekeújfaluban kultúrigazgató lett (1960–62), majd csak Tekeújfaluban romántanár, és magánúton elvégezte Kv. –on a BBTE Filológia Karán a román nyelv és irodalom szakot (1973. júl.), közben iskolaigazgató is volt (1967–80; 1984- 89). Ebben a funkcióban modernizálta és megfelelően felszerelte a tekeújfalui iskolát laboratóriumokkal, műhellyel, szemléltető anyagokkal, vizet vezettettett be az iskolába, mosdót létesített stb. A tanügyi fokozati vizsgákat is letette: II. fokozat (1982), I. fokozat (1987). Több pedagógiai és módszertani tanulmányt és dolgozatot írt, és mutatott be a módszertani körökön. Gazdag kultúrmunkát végzett: tánccsoportot vezetett, amellyel több megyei és országos versenyt nyert. Fotballcsapatot vezetett a faluban. Sokoldalú és eredményes munkáját Kitüntetett tanár („Profesor evidenţiat”) és Érdem fokozattal („Gradaţia de merit”) értékelték. <br /><strong>Irod.:</strong> Dascăli mureşeni, 3.</br></p>

<p>Magyarvölgye, 1938. aug. 18., † Tekeújfalu, 2007. júl.: tanár. – Elemi iskolában Kisnyulason, tanítóképzőben Szászrégenben tanult (1952–56). Katonaság után Kozmatelkén (Maros) tanított, és párhuzamosan Tekeújfaluban kultúrigazgató lett (1960–62), majd csak Tekeújfaluban romántanár, és magánúton elvégezte Kv. –on a BBTE Filológia Karán a román nyelv és irodalom szakot (1973. júl.), közben iskolaigazgató is volt (1967–80; 1984- [&hellip;]</p>
