{"id":17686,"date":"2025-07-16T10:24:11","date_gmt":"2025-07-16T08:24:11","guid":{"rendered":"https:\/\/uj.adatbank.ro\/lexikon\/termek\/pascu-laurentiu\/"},"modified":"2025-07-16T10:24:11","modified_gmt":"2025-07-16T08:24:11","slug":"pascu-laurentiu","status":"publish","type":"product","link":"https:\/\/uj.adatbank.ro\/lexikon\/termek\/pascu-laurentiu\/","title":{"rendered":"PASCU, Lauren\u0163iu"},"content":{"rendered":"<p>Als\u00f3orb\u00f3, 1867. m\u00e1rc. 27., \u2020 B\u00e1zna, 1920. aug. 18., A hegyi templom temet\u0151j\u00e9ben az olt\u00e1r mell\u00e9 temett\u00e9k el.: g. kat. pap, k\u00e1pl\u00e1n, esperes, \u00e9rseks\u00e9gi titk\u00e1r. \u2013 Bal\u00e1zsfalv\u00e1n v\u00e9gezte a k\u00f6z\u00e9piskol\u00e1t (1887) \u00e9s a teol\u00f3gi\u00e1t (1891). Papp\u00e1 szentelt\u00e9k (1896. dec. 27.). P\u00e1ly\u00e1j\u00e1t \u00e9rseki titk\u00e1rk\u00e9nt kezdte (1891. j\u00fal. 22.\u201397. dec. 31.), azut\u00e1n Kv.-on k\u00e1pl\u00e1n, majd pl\u00e9b\u00e1nos, alesperes (1900. szept. 18.\u201308), v\u00e9g\u00fcl hal\u00e1l\u00e1ig esperes Dics\u0151szentm\u00e1rtonban (1908 \u2013 1920). A Kisk\u00fck\u00fcll\u0151 ment\u00e9n 26 par\u00f3kia tartozott ir\u00e1ny\u00edt\u00e1sa al\u00e1. Akt\u00edv tagja volt a dics\u0151i ASTRA-nak (1901\u2013), t\u00f6bb egyes\u00fcletnek, egyh\u00e1zi \u00e9s vil\u00e1gi szervezetnek. Fontos szerepe volt a nagy egyes\u00fcl\u00e9s el\u0151k\u00e9sz\u00edt\u00e9s\u00e9ben, megv\u00e1lasztott\u00e1k a Rom\u00e1n Nemzeti Biz. eln\u00f6k\u00e9v\u00e9, majd a bal\u00e1zsfalvi gy\u0171l\u00e9s hivatalos k\u00fcld\u00f6tte is volt (1918. dec.1.). Az egyes\u00fcl\u00e9s ut\u00e1n jelent\u0151s szerepe volt a rom\u00e1n adminisztr\u00e1ci\u00f3 bevezet\u00e9s\u00e9ben. Szolg\u00e1lata ideje alatt jelent\u0151s m\u00e9rt\u00e9kben megn\u0151tt a g. kat. vall\u00e1s\u00faak sz\u00e1ma (838-r\u00f3l \u2013 1538 ra, 1900- 1937 k\u00f6z\u00f6tt). <br \/><strong>Irod.:<\/strong> Bosoanc\u0103; Marea unire dela 1 dec. 1918 (Buc., 1943); \u0218ematism; T\u00e2rn\u0103veni, cult.- ist.; Todea 2013<\/br><\/p>\n","protected":false},"excerpt":{"rendered":"<p>Als\u00f3orb\u00f3, 1867. m\u00e1rc. 27., \u2020 B\u00e1zna, 1920. aug. 18., A hegyi templom temet\u0151j\u00e9ben az olt\u00e1r mell\u00e9 temett\u00e9k el.: g. kat. pap, k\u00e1pl\u00e1n, esperes, \u00e9rseks\u00e9gi titk\u00e1r. \u2013 Bal\u00e1zsfalv\u00e1n v\u00e9gezte a k\u00f6z\u00e9piskol\u00e1t (1887) \u00e9s a teol\u00f3gi\u00e1t (1891). Papp\u00e1 szentelt\u00e9k (1896. dec. 27.). P\u00e1ly\u00e1j\u00e1t \u00e9rseki titk\u00e1rk\u00e9nt kezdte (1891. j\u00fal. 22.\u201397. dec. 31.), azut\u00e1n Kv.-on k\u00e1pl\u00e1n, majd pl\u00e9b\u00e1nos, alesperes [&hellip;]<\/p>\n","protected":false},"featured_media":0,"comment_status":"open","ping_status":"closed","template":"","meta":[],"product_brand":[],"product_cat":[137],"product_tag":[],"class_list":{"0":"post-17686","1":"product","2":"type-product","3":"status-publish","5":"product_cat-maros-megyei-eletrajzi-lexikon","7":"first","8":"instock","9":"shipping-taxable","10":"product-type-simple"},"_links":{"self":[{"href":"https:\/\/uj.adatbank.ro\/lexikon\/wp-json\/wp\/v2\/product\/17686","targetHints":{"allow":["GET"]}}],"collection":[{"href":"https:\/\/uj.adatbank.ro\/lexikon\/wp-json\/wp\/v2\/product"}],"about":[{"href":"https:\/\/uj.adatbank.ro\/lexikon\/wp-json\/wp\/v2\/types\/product"}],"replies":[{"embeddable":true,"href":"https:\/\/uj.adatbank.ro\/lexikon\/wp-json\/wp\/v2\/comments?post=17686"}],"wp:attachment":[{"href":"https:\/\/uj.adatbank.ro\/lexikon\/wp-json\/wp\/v2\/media?parent=17686"}],"wp:term":[{"taxonomy":"product_brand","embeddable":true,"href":"https:\/\/uj.adatbank.ro\/lexikon\/wp-json\/wp\/v2\/product_brand?post=17686"},{"taxonomy":"product_cat","embeddable":true,"href":"https:\/\/uj.adatbank.ro\/lexikon\/wp-json\/wp\/v2\/product_cat?post=17686"},{"taxonomy":"product_tag","embeddable":true,"href":"https:\/\/uj.adatbank.ro\/lexikon\/wp-json\/wp\/v2\/product_tag?post=17686"}],"curies":[{"name":"wp","href":"https:\/\/api.w.org\/{rel}","templated":true}]}}

PASCU, Laurenţiu

<p>Alsóorbó, 1867. márc. 27., † Bázna, 1920. aug. 18., A hegyi templom temetőjében az oltár mellé temették el.: g. kat. pap, káplán, esperes, érsekségi titkár. – Balázsfalván végezte a középiskolát (1887) és a teológiát (1891). Pappá szentelték (1896. dec. 27.). Pályáját érseki titkárként kezdte (1891. júl. 22.–97. dec. 31.), azután Kv.-on káplán, majd plébános, alesperes (1900. szept. 18.–08), végül haláláig esperes Dicsőszentmártonban (1908 – 1920). A Kisküküllő mentén 26 parókia tartozott irányítása alá. Aktív tagja volt a dicsői ASTRA-nak (1901–), több egyesületnek, egyházi és világi szervezetnek. Fontos szerepe volt a nagy egyesülés előkészítésében, megválasztották a Román Nemzeti Biz. elnökévé, majd a balázsfalvi gyűlés hivatalos küldötte is volt (1918. dec.1.). Az egyesülés után jelentős szerepe volt a román adminisztráció bevezetésében. Szolgálata ideje alatt jelentős mértékben megnőtt a g. kat. vallásúak száma (838-ról – 1538 ra, 1900- 1937 között). <br /><strong>Irod.:</strong> Bosoancă; Marea unire dela 1 dec. 1918 (Buc., 1943); Șematism; Târnăveni, cult.- ist.; Todea 2013</br></p>

<p>Alsóorbó, 1867. márc. 27., † Bázna, 1920. aug. 18., A hegyi templom temetőjében az oltár mellé temették el.: g. kat. pap, káplán, esperes, érsekségi titkár. – Balázsfalván végezte a középiskolát (1887) és a teológiát (1891). Pappá szentelték (1896. dec. 27.). Pályáját érseki titkárként kezdte (1891. júl. 22.–97. dec. 31.), azután Kv.-on káplán, majd plébános, alesperes [&hellip;]</p>
